{"id":9396,"date":"2026-04-15T15:22:59","date_gmt":"2026-04-15T11:22:59","guid":{"rendered":"https:\/\/groupecaille.com\/?page_id=9396"},"modified":"2026-04-15T15:22:59","modified_gmt":"2026-04-15T11:22:59","slug":"15avr26-magasiniere-hf-jules-caille-auto-saint-pierre","status":"publish","type":"page","link":"https:\/\/groupecaille.com\/index.php\/15avr26-magasiniere-hf-jules-caille-auto-saint-pierre\/","title":{"rendered":"15Avr26-MAGASINIERE\u00a0 HF &#8211; JULES CAILLE AUTO SAINT-PIERRE"},"content":{"rendered":"<p>[et_pb_section fb_built=\u00a0\u00bb1&Prime; _builder_version=\u00a0\u00bb4.16&Prime; _module_preset=\u00a0\u00bbdefault\u00a0\u00bb min_height=\u00a0\u00bb947.4px\u00a0\u00bb da_disable_devices=\u00a0\u00bboff|off|off\u00a0\u00bb global_colors_info=\u00a0\u00bb{}\u00a0\u00bb theme_builder_area=\u00a0\u00bbpost_content\u00a0\u00bb da_is_popup=\u00a0\u00bboff\u00a0\u00bb da_exit_intent=\u00a0\u00bboff\u00a0\u00bb da_has_close=\u00a0\u00bbon\u00a0\u00bb da_alt_close=\u00a0\u00bboff\u00a0\u00bb da_dark_close=\u00a0\u00bboff\u00a0\u00bb da_not_modal=\u00a0\u00bbon\u00a0\u00bb da_is_singular=\u00a0\u00bboff\u00a0\u00bb da_with_loader=\u00a0\u00bboff\u00a0\u00bb da_has_shadow=\u00a0\u00bbon\u00a0\u00bb][et_pb_row _builder_version=\u00a0\u00bb4.16&Prime; _module_preset=\u00a0\u00bbdefault\u00a0\u00bb background_color=\u00a0\u00bb#a4326b\u00a0\u00bb global_colors_info=\u00a0\u00bb{}\u00a0\u00bb theme_builder_area=\u00a0\u00bbpost_content\u00a0\u00bb][et_pb_column type=\u00a0\u00bb4_4&Prime; _builder_version=\u00a0\u00bb4.16&Prime; _module_preset=\u00a0\u00bbdefault\u00a0\u00bb global_colors_info=\u00a0\u00bb{}\u00a0\u00bb theme_builder_area=\u00a0\u00bbpost_content\u00a0\u00bb][et_pb_text _builder_version=\u00a0\u00bb4.20.2&Prime; _module_preset=\u00a0\u00bbdefault\u00a0\u00bb header_font=\u00a0\u00bb|||on|||||\u00a0\u00bb header_text_align=\u00a0\u00bbcenter\u00a0\u00bb header_text_color=\u00a0\u00bb#ffffff\u00a0\u00bb header_2_text_align=\u00a0\u00bbcenter\u00a0\u00bb header_2_text_color=\u00a0\u00bb#FFFFFF\u00a0\u00bb header_2_font_size=\u00a0\u00bb24px\u00a0\u00bb hover_enabled=\u00a0\u00bb0&Prime; global_colors_info=\u00a0\u00bb{}\u00a0\u00bb theme_builder_area=\u00a0\u00bbpost_content\u00a0\u00bb sticky_enabled=\u00a0\u00bb0&Prime;]<\/p>\n<div class=\"page\" title=\"Page 1\">\n<div class=\"section\">\n<div class=\"layoutArea\">\n<div class=\"column\">\n<h2><span>MAGASINIER.E\u00a0 H<\/span><b>\/F<br \/><\/b><strong>JULES CAILLE AUTO SAINT-PIERRE<\/strong><\/h2>\n<\/div>\n<\/div>\n<\/div>\n<\/div>\n<p>[\/et_pb_text][\/et_pb_column][\/et_pb_row][et_pb_row column_structure=\u00a0\u00bb1_2,1_2&Prime; _builder_version=\u00a0\u00bb4.20.2&Prime; _module_preset=\u00a0\u00bbdefault\u00a0\u00bb global_colors_info=\u00a0\u00bb{}\u00a0\u00bb theme_builder_area=\u00a0\u00bbpost_content\u00a0\u00bb][et_pb_column type=\u00a0\u00bb1_2&Prime; _builder_version=\u00a0\u00bb4.20.2&Prime; _module_preset=\u00a0\u00bbdefault\u00a0\u00bb global_colors_info=\u00a0\u00bb{}\u00a0\u00bb theme_builder_area=\u00a0\u00bbpost_content\u00a0\u00bb][\/et_pb_column][et_pb_column type=\u00a0\u00bb1_2&Prime; _builder_version=\u00a0\u00bb4.20.2&Prime; _module_preset=\u00a0\u00bbdefault\u00a0\u00bb global_colors_info=\u00a0\u00bb{}\u00a0\u00bb theme_builder_area=\u00a0\u00bbpost_content\u00a0\u00bb][et_pb_image src=\u00a0\u00bbhttps:\/\/groupecaille.com\/wp-content\/uploads\/2022\/06\/Logo-Caille-Groupe-def_1.png\u00a0\u00bb title_text=\u00a0\u00bbLogo-Caille-Groupe-def_1&Prime; align=\u00a0\u00bbright\u00a0\u00bb _builder_version=\u00a0\u00bb4.20.2&Prime; _module_preset=\u00a0\u00bbdefault\u00a0\u00bb width=\u00a0\u00bb40%\u00a0\u00bb global_colors_info=\u00a0\u00bb{}\u00a0\u00bb theme_builder_area=\u00a0\u00bbpost_content\u00a0\u00bb][\/et_pb_image][\/et_pb_column][\/et_pb_row][et_pb_row _builder_version=\u00a0\u00bb4.20.2&Prime; _module_preset=\u00a0\u00bbdefault\u00a0\u00bb global_colors_info=\u00a0\u00bb{}\u00a0\u00bb theme_builder_area=\u00a0\u00bbpost_content\u00a0\u00bb][et_pb_column type=\u00a0\u00bb4_4&Prime; _builder_version=\u00a0\u00bb4.16&Prime; _module_preset=\u00a0\u00bbdefault\u00a0\u00bb global_colors_info=\u00a0\u00bb{}\u00a0\u00bb theme_builder_area=\u00a0\u00bbpost_content\u00a0\u00bb][et_pb_text _builder_version=\u00a0\u00bb4.20.2&Prime; _module_preset=\u00a0\u00bbdefault\u00a0\u00bb background_enable_image=\u00a0\u00bboff\u00a0\u00bb background_size=\u00a0\u00bbcustom\u00a0\u00bb background_image_width=\u00a0\u00bb15%\u00a0\u00bb background_position=\u00a0\u00bbtop_right\u00a0\u00bb min_height=\u00a0\u00bb509.8px\u00a0\u00bb custom_margin=\u00a0\u00bb||0px||false|false\u00a0\u00bb custom_padding=\u00a0\u00bb38px||0px||false|false\u00a0\u00bb hover_enabled=\u00a0\u00bb0&Prime; global_colors_info=\u00a0\u00bb{}\u00a0\u00bb theme_builder_area=\u00a0\u00bbpost_content\u00a0\u00bb sticky_enabled=\u00a0\u00bb0&Prime;]<\/p>\n<p class=\"p1\"><span class=\"s1\">REJOIGNEZ UN GROUPE LEADER<\/span><\/p>\n<p class=\"p1\"><span class=\"s1\">A LA REUNION<\/span><\/p>\n<p class=\"p2\"><span class=\"s2\">Groupe Caill\u00e9 recrute pour Jules Caill\u00e9 Auto Saint-pierre !<\/span><\/p>\n<p class=\"p3\"><span class=\"s2\"><\/span><\/p>\n<p class=\"p1\"><span class=\"s2\"><b>La branche automobile du Groupe Caill\u00e9 recrute un.e Magasinier.e<\/b>\u00a0pour son activit\u00e9 Pi\u00e8ces de Rechange et Accessoires, au sein de la concession Peugeot Sainte-Pierre.<\/span><\/p>\n<p class=\"p1\"><span class=\"s2\">Au c\u0153ur de l\u2019activit\u00e9 logistique et commerciale, vous \u00e9voluerez dans un environnement structur\u00e9, orient\u00e9 qualit\u00e9 de service et satisfaction client.<\/span><\/p>\n<p class=\"p1\"><span class=\"s2\"><b>Vos missions<\/b><\/span><\/p>\n<p class=\"p3\"><span class=\"s2\"><\/span><\/p>\n<p class=\"p1\"><span class=\"s2\"><b>Activit\u00e9s techniques :<\/b><\/span><\/p>\n<p class=\"p3\"><span class=\"s2\"><\/span><\/p>\n<ul class=\"ul1\">\n<li class=\"li1\"><span class=\"s2\">R\u00e9ceptionner les produits : identification, comptage et v\u00e9rification des marchandises,<\/span><\/li>\n<li class=\"li1\"><span class=\"s2\">R\u00e9aliser les contr\u00f4les qualitatifs et signaler les anomalies,<\/span><\/li>\n<li class=\"li1\"><span class=\"s2\">Assurer le stockage des produits\u00a0(manutention, enregistrement des r\u00e9f\u00e9rences),<\/span><\/li>\n<li class=\"li1\"><span class=\"s2\">Pr\u00e9parer et contr\u00f4ler les commandes,<\/span><\/li>\n<li class=\"li1\"><span class=\"s2\">Effectuer le colisage et organiser les exp\u00e9ditions (messagerie),<\/span><\/li>\n<\/ul>\n<p class=\"p3\"><span class=\"s2\"><b><\/b><\/span><\/p>\n<p class=\"p1\"><span class=\"s2\"><b>Activit\u00e9s de gestion et d\u2019organisation :<\/b><\/span><\/p>\n<p class=\"p3\"><span class=\"s2\"><\/span><\/p>\n<ul class=\"ul1\">\n<li class=\"li1\"><span class=\"s2\">Suivre les stocks et rep\u00e9rer les anomalies,<\/span><\/li>\n<li class=\"li1\"><span class=\"s2\">Participer aux inventaires,<\/span><\/li>\n<li class=\"li1\"><span class=\"s2\">\u00c9tablir les documents internes,<\/span><\/li>\n<li class=\"li1\"><span class=\"s2\">Appliquer les proc\u00e9dures qualit\u00e9 en vigueur,<\/span><\/li>\n<li class=\"li1\"><span class=\"s2\">Assurer la livraison de pi\u00e8ces de rechange et accessoires,<\/span><\/li>\n<li class=\"li1\"><span class=\"s2\">Participer \u00e0 la vente et au conseil client si besoin,<\/span><\/li>\n<\/ul>\n<p class=\"p3\"><span class=\"s2\"><b><\/b><\/span><\/p>\n<p class=\"p1\"><span class=\"s2\"><b>Profil<\/b><\/span><\/p>\n<p class=\"p3\"><span class=\"s2\"><\/span><\/p>\n<p class=\"p3\"><span class=\"s2\"><b><\/b><\/span><\/p>\n<p class=\"p3\"><span class=\"s2\"><b><\/b><\/span><\/p>\n<p class=\"p1\"><span class=\"s2\"><b>Le profil que nous recherchons :<\/b><\/span><\/p>\n<ul class=\"ul1\">\n<li class=\"li1\"><span class=\"s2\">Formation <b>CAP \u00e0 Bac Pro Magasinier<\/b>\u00a0ou \u00e9quivalent,<\/span><\/li>\n<li class=\"li1\"><span class=\"s2\">Une connaissance des pi\u00e8ces de rechange automobiles est appr\u00e9ci\u00e9e,<\/span><\/li>\n<li class=\"li1\"><span class=\"s2\">Rigueur, organisation et sens du service client sont essentiels.<\/span><\/li>\n<\/ul>\n<p class=\"p3\"><span class=\"s2\"><b><\/b><\/span><\/p>\n<p class=\"p1\"><span class=\"s2\"><b>Pourquoi nous rejoindre ?<\/b><\/span><\/p>\n<p class=\"p3\"><span class=\"s2\"><\/span><\/p>\n<p class=\"p1\"><span class=\"s2\">Int\u00e9grer <b>le Groupe Caill\u00e9<\/b>, c\u2019est rejoindre\u00a0<b>un acteur majeur de l\u2019\u00e9conomie r\u00e9unionnaise<\/b>, solidement ancr\u00e9 dans des secteurs vari\u00e9s :\u00a0<b>l\u2019automobile<\/b>,\u00a0<b>la grande distribution<\/b>, et\u00a0<b>la restauration<\/b>.<\/span><\/p>\n<p class=\"p3\"><span class=\"s2\"><\/span><\/p>\n<p class=\"p1\"><span class=\"s2\">Un groupe reconnu pour son dynamisme, ses valeurs humaines et sa volont\u00e9 d\u2019offrir \u00e0 chacun un environnement de travail stimulant et \u00e9volutif.<\/span><\/p>\n<p class=\"p3\"><span class=\"s2\"><\/span><\/p>\n<p class=\"p1\"><span class=\"s2\">Le Groupe Caill\u00e9 est un employeur garantissant l\u2019\u00e9galit\u00e9 des chances et valorisant la diversit\u00e9 au sein de ses \u00e9quipes.<\/span><\/p>\n<p>[\/et_pb_text][\/et_pb_column][\/et_pb_row][et_pb_row _builder_version=\u00a0\u00bb4.16&Prime; _module_preset=\u00a0\u00bbdefault\u00a0\u00bb global_colors_info=\u00a0\u00bb{}\u00a0\u00bb theme_builder_area=\u00a0\u00bbpost_content\u00a0\u00bb][et_pb_column type=\u00a0\u00bb4_4&Prime; _builder_version=\u00a0\u00bb4.16&Prime; _module_preset=\u00a0\u00bbdefault\u00a0\u00bb global_colors_info=\u00a0\u00bb{}\u00a0\u00bb theme_builder_area=\u00a0\u00bbpost_content\u00a0\u00bb][et_pb_button button_url=\u00a0\u00bbmailto:job-ref-9p6z614t98@emploi.beetween.com\u00a0\u00bb button_text=\u00a0\u00bbPOSTULEZ ICI\u00a0\u00bb _builder_version=\u00a0\u00bb4.20.2&Prime; _module_preset=\u00a0\u00bbdefault\u00a0\u00bb custom_button=\u00a0\u00bbon\u00a0\u00bb button_text_color=\u00a0\u00bb#ffffff\u00a0\u00bb button_bg_color=\u00a0\u00bb#a4326b\u00a0\u00bb button_border_width=\u00a0\u00bb0px\u00a0\u00bb button_icon=\u00a0\u00bb&#x6c;||divi||400&Prime; button_icon_placement=\u00a0\u00bbleft\u00a0\u00bb hover_enabled=\u00a0\u00bb0&Prime; global_colors_info=\u00a0\u00bb{}\u00a0\u00bb theme_builder_area=\u00a0\u00bbpost_content\u00a0\u00bb sticky_enabled=\u00a0\u00bb0&Prime;][\/et_pb_button][\/et_pb_column][\/et_pb_row][et_pb_row _builder_version=\u00a0\u00bb4.16&Prime; _module_preset=\u00a0\u00bbdefault\u00a0\u00bb global_colors_info=\u00a0\u00bb{}\u00a0\u00bb theme_builder_area=\u00a0\u00bbpost_content\u00a0\u00bb][et_pb_column type=\u00a0\u00bb4_4&Prime; _builder_version=\u00a0\u00bb4.16&Prime; _module_preset=\u00a0\u00bbdefault\u00a0\u00bb global_colors_info=\u00a0\u00bb{}\u00a0\u00bb theme_builder_area=\u00a0\u00bbpost_content\u00a0\u00bb][et_pb_button button_url=\u00a0\u00bb@ET-DC@eyJkeW5hbWljIjp0cnVlLCJjb250ZW50IjoicG9zdF9saW5rX3VybF9wYWdlIiwic2V0dGluZ3MiOnsicG9zdF9pZCI6IjExMTkifX0=@\u00a0\u00bb button_text=\u00a0\u00bbRETOUR AUX OFFRES\u00a0\u00bb _builder_version=\u00a0\u00bb4.16&Prime; _dynamic_attributes=\u00a0\u00bbbutton_url\u00a0\u00bb _module_preset=\u00a0\u00bbdefault\u00a0\u00bb custom_button=\u00a0\u00bbon\u00a0\u00bb button_text_color=\u00a0\u00bb#ffffff\u00a0\u00bb button_bg_color=\u00a0\u00bb#a4326b\u00a0\u00bb button_border_width=\u00a0\u00bb0px\u00a0\u00bb button_icon=\u00a0\u00bb&#x34;||divi||400&Prime; button_icon_placement=\u00a0\u00bbleft\u00a0\u00bb global_colors_info=\u00a0\u00bb{}\u00a0\u00bb theme_builder_area=\u00a0\u00bbpost_content\u00a0\u00bb][\/et_pb_button][\/et_pb_column][\/et_pb_row][\/et_pb_section]<\/p>\n","protected":false},"excerpt":{"rendered":"<p>MAGASINIER.E\u00a0 H\/FJULES CAILLE AUTO SAINT-PIERRE REJOIGNEZ UN GROUPE LEADER A LA REUNION Groupe Caill\u00e9 recrute pour Jules Caill\u00e9 Auto Saint-pierre ! La branche automobile du Groupe Caill\u00e9 recrute un.e Magasinier.e\u00a0pour son activit\u00e9 Pi\u00e8ces de Rechange et Accessoires, au sein de la concession Peugeot Sainte-Pierre. Au c\u0153ur de l\u2019activit\u00e9 logistique et commerciale, vous \u00e9voluerez dans un [&hellip;]<\/p>\n","protected":false},"author":21,"featured_media":0,"parent":0,"menu_order":0,"comment_status":"closed","ping_status":"closed","template":"","meta":{"_et_pb_use_builder":"on","_et_pb_old_content":"","_et_gb_content_width":""},"_links":{"self":[{"href":"https:\/\/groupecaille.com\/index.php\/wp-json\/wp\/v2\/pages\/9396"}],"collection":[{"href":"https:\/\/groupecaille.com\/index.php\/wp-json\/wp\/v2\/pages"}],"about":[{"href":"https:\/\/groupecaille.com\/index.php\/wp-json\/wp\/v2\/types\/page"}],"author":[{"embeddable":true,"href":"https:\/\/groupecaille.com\/index.php\/wp-json\/wp\/v2\/users\/21"}],"replies":[{"embeddable":true,"href":"https:\/\/groupecaille.com\/index.php\/wp-json\/wp\/v2\/comments?post=9396"}],"version-history":[{"count":2,"href":"https:\/\/groupecaille.com\/index.php\/wp-json\/wp\/v2\/pages\/9396\/revisions"}],"predecessor-version":[{"id":9399,"href":"https:\/\/groupecaille.com\/index.php\/wp-json\/wp\/v2\/pages\/9396\/revisions\/9399"}],"wp:attachment":[{"href":"https:\/\/groupecaille.com\/index.php\/wp-json\/wp\/v2\/media?parent=9396"}],"curies":[{"name":"wp","href":"https:\/\/api.w.org\/{rel}","templated":true}]}}