{"id":9286,"date":"2026-03-17T09:01:27","date_gmt":"2026-03-17T05:01:27","guid":{"rendered":"https:\/\/groupecaille.com\/?page_id=9286"},"modified":"2026-03-17T09:01:35","modified_gmt":"2026-03-17T05:01:35","slug":"17-mar-mecanicien-ne-automobile-cdd-peugeot-sainte-clotilde","status":"publish","type":"page","link":"https:\/\/groupecaille.com\/index.php\/17-mar-mecanicien-ne-automobile-cdd-peugeot-sainte-clotilde\/","title":{"rendered":"17 Mar &#8211; <strong>MECANICIEN.NE AUTOMOBILE (CDD)\u00a0 &#8211; PEUGEOT SAINTE CLOTILDE<\/strong>"},"content":{"rendered":"<p>[et_pb_section fb_built=\u00a0\u00bb1&Prime; _builder_version=\u00a0\u00bb4.16&Prime; _module_preset=\u00a0\u00bbdefault\u00a0\u00bb min_height=\u00a0\u00bb947.4px\u00a0\u00bb da_disable_devices=\u00a0\u00bboff|off|off\u00a0\u00bb global_colors_info=\u00a0\u00bb{}\u00a0\u00bb theme_builder_area=\u00a0\u00bbpost_content\u00a0\u00bb da_is_popup=\u00a0\u00bboff\u00a0\u00bb da_exit_intent=\u00a0\u00bboff\u00a0\u00bb da_has_close=\u00a0\u00bbon\u00a0\u00bb da_alt_close=\u00a0\u00bboff\u00a0\u00bb da_dark_close=\u00a0\u00bboff\u00a0\u00bb da_not_modal=\u00a0\u00bbon\u00a0\u00bb da_is_singular=\u00a0\u00bboff\u00a0\u00bb da_with_loader=\u00a0\u00bboff\u00a0\u00bb da_has_shadow=\u00a0\u00bbon\u00a0\u00bb][et_pb_row _builder_version=\u00a0\u00bb4.16&Prime; _module_preset=\u00a0\u00bbdefault\u00a0\u00bb background_color=\u00a0\u00bb#a4326b\u00a0\u00bb global_colors_info=\u00a0\u00bb{}\u00a0\u00bb theme_builder_area=\u00a0\u00bbpost_content\u00a0\u00bb][et_pb_column type=\u00a0\u00bb4_4&Prime; _builder_version=\u00a0\u00bb4.16&Prime; _module_preset=\u00a0\u00bbdefault\u00a0\u00bb global_colors_info=\u00a0\u00bb{}\u00a0\u00bb theme_builder_area=\u00a0\u00bbpost_content\u00a0\u00bb][et_pb_text _builder_version=\u00a0\u00bb4.20.2&Prime; _module_preset=\u00a0\u00bbdefault\u00a0\u00bb header_font=\u00a0\u00bb|||on|||||\u00a0\u00bb header_text_align=\u00a0\u00bbcenter\u00a0\u00bb header_text_color=\u00a0\u00bb#ffffff\u00a0\u00bb header_2_text_align=\u00a0\u00bbcenter\u00a0\u00bb header_2_text_color=\u00a0\u00bb#FFFFFF\u00a0\u00bb header_2_font_size=\u00a0\u00bb24px\u00a0\u00bb hover_enabled=\u00a0\u00bb0&Prime; global_colors_info=\u00a0\u00bb{}\u00a0\u00bb theme_builder_area=\u00a0\u00bbpost_content\u00a0\u00bb sticky_enabled=\u00a0\u00bb0&Prime;]<\/p>\n<div class=\"page\" title=\"Page 1\">\n<div class=\"section\">\n<div class=\"layoutArea\">\n<div class=\"column\">\n<h2><b>MECANICIEN.NE AUTOMOBILE (CDD)<br \/><\/b>PEUGEOT SAINTE-CLOTILDE<\/h2>\n<\/div>\n<\/div>\n<\/div>\n<\/div>\n<p>[\/et_pb_text][\/et_pb_column][\/et_pb_row][et_pb_row _builder_version=\u00a0\u00bb4.20.2&Prime; _module_preset=\u00a0\u00bbdefault\u00a0\u00bb global_colors_info=\u00a0\u00bb{}\u00a0\u00bb theme_builder_area=\u00a0\u00bbpost_content\u00a0\u00bb][et_pb_column type=\u00a0\u00bb4_4&Prime; _builder_version=\u00a0\u00bb4.16&Prime; _module_preset=\u00a0\u00bbdefault\u00a0\u00bb global_colors_info=\u00a0\u00bb{}\u00a0\u00bb theme_builder_area=\u00a0\u00bbpost_content\u00a0\u00bb][et_pb_text _builder_version=\u00a0\u00bb4.20.2&Prime; _module_preset=\u00a0\u00bbdefault\u00a0\u00bb background_enable_image=\u00a0\u00bboff\u00a0\u00bb background_size=\u00a0\u00bbcustom\u00a0\u00bb background_image_width=\u00a0\u00bb15%\u00a0\u00bb background_position=\u00a0\u00bbtop_right\u00a0\u00bb min_height=\u00a0\u00bb509.8px\u00a0\u00bb custom_margin=\u00a0\u00bb||0px||false|false\u00a0\u00bb custom_padding=\u00a0\u00bb38px||0px||false|false\u00a0\u00bb hover_enabled=\u00a0\u00bb0&Prime; global_colors_info=\u00a0\u00bb{}\u00a0\u00bb theme_builder_area=\u00a0\u00bbpost_content\u00a0\u00bb sticky_enabled=\u00a0\u00bb0&Prime;]<\/p>\n<div class=\"elementToProof\">\n<div class=\"elementToProof\">\n<div class=\"elementToProof\">\n<div class=\"elementToProof\">\n<div class=\"elementToProof\">\n<div class=\"elementToProof\">\n<div class=\"elementToProof\">La branche automobile du Groupe Caill\u00e9 recrute un(e) M\u00e9cancien(nne) <span>(en CDD) <\/span>pour la concession Jules Caill\u00e9 Auto Saint Pierre.<\/div>\n<div class=\"elementToProof\">Sur l\u2019\u00eele de La R\u00e9union, nous assurons la maintenance de 13 marques automobiles\u00a0: Peugeot, Opel, DS, etc.<\/div>\n<div class=\"elementToProof\">La qualit\u00e9 de nos interventions et la satisfaction de nos clients sont au c\u0153ur de notre engagement.<\/div>\n<div class=\"elementToProof\">C\u2019est dans cet esprit que nous recherchons un(e) m\u00e9canicien(nne) passionn\u00e9(e), rigoureux(se) et autonome, capable de garantir un service technique pr\u00e9cis et fiable.<\/div>\n<div class=\"elementToProof\"><b>Votre mission principale ?<\/b><\/div>\n<div class=\"elementToProof\">Vous r\u00e9aliserez toutes interventions m\u00e9caniques simples ou complexes sur les v\u00e9hicules qui vous seront confi\u00e9s par nos clients, telles que\u00a0:<\/div>\n<ul data-editing-info=\"{&quot;applyListStyleFromLevel&quot;:true}\">\n<li>\n<div role=\"presentation\" class=\"elementToProof\">Les op\u00e9rations de maintenance pr\u00e9ventive et corrective sur tous types de v\u00e9hicules,<\/div>\n<\/li>\n<li>\n<div role=\"presentation\" class=\"elementToProof\">Diagnostic de pannes de premier niveau<\/div>\n<\/li>\n<li>\n<div role=\"presentation\" class=\"elementToProof\">Contr\u00f4le, r\u00e9paration ou remplacement des \u00e9l\u00e9ments m\u00e9caniques et \u00e9lectroniques : moteur, liaison au sol, freinage, etc.,<\/div>\n<\/li>\n<li>\n<div role=\"presentation\" class=\"elementToProof\">La pose d\u2019accessoires et \u00e9quipements sp\u00e9cifiques,<\/div>\n<\/li>\n<\/ul>\n<div class=\"elementToProof\">Et ce, dans le plus strict respect des normes r\u00e9glementaires et des standards constructeurs.<\/div>\n<div class=\"elementToProof\"><b>Le profil que nous recherchons :<\/b><\/div>\n<div class=\"elementToProof\">Dipl\u00f4m\u00e9(e) d\u2019un\u00a0Bac Pro Maintenance Automobile\u00a0(avec mention compl\u00e9mentaire \u00e9lectricit\u00e9\/\u00e9lectronique) ou d\u2019un BTS MAVA, vous disposez d\u2019une premi\u00e8re exp\u00e9rience r\u00e9ussie d\u2019au moins 2 ans en atelier ou en concession.<\/div>\n<div class=\"elementToProof\">Mais ce sont surtout vos qualit\u00e9s personnelles qui feront la diff\u00e9rence :<\/div>\n<ul data-editing-info=\"{&quot;applyListStyleFromLevel&quot;:true}\">\n<li>\n<div role=\"presentation\" class=\"elementToProof\">Vous \u00eates passionn\u00e9(e) d\u2019automobile, avec un vrai sens de l\u2019analyse,<\/div>\n<\/li>\n<li>\n<div role=\"presentation\" class=\"elementToProof\">Habile, pr\u00e9cis(e)\u00a0et rigoureux(se)\u00a0dans vos interventions,<\/div>\n<\/li>\n<li>\n<div role=\"presentation\" class=\"elementToProof\">Attach\u00e9(e) \u00e0 la satisfaction client\u00a0et soucieux(se) de livrer un travail de qualit\u00e9.<\/div>\n<\/li>\n<\/ul>\n<div class=\"elementToProof\"><b>Pourquoi nous rejoindre ?<\/b><\/div>\n<div class=\"elementToProof\">Int\u00e9grer le Groupe Caill\u00e9, c\u2019est rejoindre un acteur majeur de l\u2019\u00e9conomie r\u00e9unionnaise, solidement ancr\u00e9 dans des secteurs vari\u00e9s : l\u2019automobile, la grande distribution, et la restauration.<br \/>Un groupe reconnu pour son dynamisme, ses valeurs humaines et sa volont\u00e9 d\u2019offrir \u00e0 chacun un environnement de travail stimulant et \u00e9volutif.<\/div>\n<div class=\"elementToProof\">Le Groupe Caill\u00e9 est un employeur garantissant l\u2019\u00e9galit\u00e9 des chances et valorisant la diversit\u00e9 au sein de ses \u00e9quipes.<\/div>\n<div class=\"elementToProof\"><span>Ce que nous vous offrons :<\/span><\/div>\n<ul>\n<li>\n<div role=\"presentation\" class=\"elementToProof\">Un package d\u2019avantages collectifs complet\u00a0: des\u00a0titres-restaurant, int\u00e9ressement, etc.<\/div>\n<\/li>\n<li>\n<div role=\"presentation\" class=\"elementToProof\">Une\u00a0r\u00e9mun\u00e9ration variable\u00a0qui valorisera vos performances<\/div>\n<\/li>\n<li>\n<div role=\"presentation\" class=\"elementToProof\">Un environnement professionnel\u00a0stimulant\u00a0et\u00a0s\u00e9curis\u00e9<\/div>\n<\/li>\n<\/ul>\n<div class=\"elementToProof\"><b>\u00a0<\/b><\/div>\n<div class=\"elementToProof\"><b>Adresse de recrutement : <a href=\"mailto:job-ref-kzfvn5kbuh@emploi.beetween.com\">job-ref-kzfvn5kbuh@emploi.beetween.com<\/a><\/b><\/div>\n<\/div>\n<\/div>\n<\/div>\n<\/div>\n<\/div>\n<\/div>\n<p>[\/et_pb_text][\/et_pb_column][\/et_pb_row][et_pb_row _builder_version=\u00a0\u00bb4.16&Prime; _module_preset=\u00a0\u00bbdefault\u00a0\u00bb global_colors_info=\u00a0\u00bb{}\u00a0\u00bb theme_builder_area=\u00a0\u00bbpost_content\u00a0\u00bb][et_pb_column type=\u00a0\u00bb4_4&Prime; _builder_version=\u00a0\u00bb4.16&Prime; _module_preset=\u00a0\u00bbdefault\u00a0\u00bb global_colors_info=\u00a0\u00bb{}\u00a0\u00bb theme_builder_area=\u00a0\u00bbpost_content\u00a0\u00bb][et_pb_button button_url=\u00a0\u00bbmailto:job-ref-kzfvn5kbuh@emploi.beetween.com\u00a0\u00bb button_text=\u00a0\u00bbPOSTULEZ ICI\u00a0\u00bb _builder_version=\u00a0\u00bb4.20.2&Prime; _module_preset=\u00a0\u00bbdefault\u00a0\u00bb custom_button=\u00a0\u00bbon\u00a0\u00bb button_text_color=\u00a0\u00bb#ffffff\u00a0\u00bb button_bg_color=\u00a0\u00bb#a4326b\u00a0\u00bb button_border_width=\u00a0\u00bb0px\u00a0\u00bb button_icon=\u00a0\u00bb&#x6c;||divi||400&Prime; button_icon_placement=\u00a0\u00bbleft\u00a0\u00bb hover_enabled=\u00a0\u00bb0&Prime; global_colors_info=\u00a0\u00bb{}\u00a0\u00bb theme_builder_area=\u00a0\u00bbpost_content\u00a0\u00bb sticky_enabled=\u00a0\u00bb0&Prime;][\/et_pb_button][\/et_pb_column][\/et_pb_row][et_pb_row _builder_version=\u00a0\u00bb4.16&Prime; _module_preset=\u00a0\u00bbdefault\u00a0\u00bb global_colors_info=\u00a0\u00bb{}\u00a0\u00bb theme_builder_area=\u00a0\u00bbpost_content\u00a0\u00bb][et_pb_column type=\u00a0\u00bb4_4&Prime; _builder_version=\u00a0\u00bb4.16&Prime; _module_preset=\u00a0\u00bbdefault\u00a0\u00bb global_colors_info=\u00a0\u00bb{}\u00a0\u00bb theme_builder_area=\u00a0\u00bbpost_content\u00a0\u00bb][et_pb_button button_url=\u00a0\u00bb@ET-DC@eyJkeW5hbWljIjp0cnVlLCJjb250ZW50IjoicG9zdF9saW5rX3VybF9wYWdlIiwic2V0dGluZ3MiOnsicG9zdF9pZCI6IjExMTkifX0=@\u00a0\u00bb button_text=\u00a0\u00bbRETOUR AUX OFFRES\u00a0\u00bb _builder_version=\u00a0\u00bb4.16&Prime; _dynamic_attributes=\u00a0\u00bbbutton_url\u00a0\u00bb _module_preset=\u00a0\u00bbdefault\u00a0\u00bb custom_button=\u00a0\u00bbon\u00a0\u00bb button_text_color=\u00a0\u00bb#ffffff\u00a0\u00bb button_bg_color=\u00a0\u00bb#a4326b\u00a0\u00bb button_border_width=\u00a0\u00bb0px\u00a0\u00bb button_icon=\u00a0\u00bb&#x34;||divi||400&Prime; button_icon_placement=\u00a0\u00bbleft\u00a0\u00bb global_colors_info=\u00a0\u00bb{}\u00a0\u00bb theme_builder_area=\u00a0\u00bbpost_content\u00a0\u00bb][\/et_pb_button][\/et_pb_column][\/et_pb_row][\/et_pb_section]<\/p>\n","protected":false},"excerpt":{"rendered":"<p>MECANICIEN.NE AUTOMOBILE (CDD)PEUGEOT SAINTE-CLOTILDE La branche automobile du Groupe Caill\u00e9 recrute un(e) M\u00e9cancien(nne) (en CDD) pour la concession Jules Caill\u00e9 Auto Saint Pierre. Sur l\u2019\u00eele de La R\u00e9union, nous assurons la maintenance de 13 marques automobiles\u00a0: Peugeot, Opel, DS, etc. La qualit\u00e9 de nos interventions et la satisfaction de nos clients sont au c\u0153ur de [&hellip;]<\/p>\n","protected":false},"author":21,"featured_media":0,"parent":0,"menu_order":0,"comment_status":"closed","ping_status":"closed","template":"page-template-blank.php","meta":{"_et_pb_use_builder":"on","_et_pb_old_content":"","_et_gb_content_width":""},"_links":{"self":[{"href":"https:\/\/groupecaille.com\/index.php\/wp-json\/wp\/v2\/pages\/9286"}],"collection":[{"href":"https:\/\/groupecaille.com\/index.php\/wp-json\/wp\/v2\/pages"}],"about":[{"href":"https:\/\/groupecaille.com\/index.php\/wp-json\/wp\/v2\/types\/page"}],"author":[{"embeddable":true,"href":"https:\/\/groupecaille.com\/index.php\/wp-json\/wp\/v2\/users\/21"}],"replies":[{"embeddable":true,"href":"https:\/\/groupecaille.com\/index.php\/wp-json\/wp\/v2\/comments?post=9286"}],"version-history":[{"count":2,"href":"https:\/\/groupecaille.com\/index.php\/wp-json\/wp\/v2\/pages\/9286\/revisions"}],"predecessor-version":[{"id":9288,"href":"https:\/\/groupecaille.com\/index.php\/wp-json\/wp\/v2\/pages\/9286\/revisions\/9288"}],"wp:attachment":[{"href":"https:\/\/groupecaille.com\/index.php\/wp-json\/wp\/v2\/media?parent=9286"}],"curies":[{"name":"wp","href":"https:\/\/api.w.org\/{rel}","templated":true}]}}