{"id":9076,"date":"2026-01-05T09:25:32","date_gmt":"2026-01-05T05:25:32","guid":{"rendered":"https:\/\/groupecaille.com\/?page_id=9076"},"modified":"2026-01-05T09:25:51","modified_gmt":"2026-01-05T05:25:51","slug":"05jan-apprenti-employ-commercial-hf-leader-price-bellepierre","status":"publish","type":"page","link":"https:\/\/groupecaille.com\/index.php\/05jan-apprenti-employ-commercial-hf-leader-price-bellepierre\/","title":{"rendered":"05Jan-Apprenti Employ Commercial HF &#8211; Leader Price Bellepierre"},"content":{"rendered":"<p>[et_pb_section fb_built=\u00a0\u00bb1&Prime; _builder_version=\u00a0\u00bb4.16&Prime; _module_preset=\u00a0\u00bbdefault\u00a0\u00bb min_height=\u00a0\u00bb947.4px\u00a0\u00bb da_disable_devices=\u00a0\u00bboff|off|off\u00a0\u00bb global_colors_info=\u00a0\u00bb{}\u00a0\u00bb theme_builder_area=\u00a0\u00bbpost_content\u00a0\u00bb da_is_popup=\u00a0\u00bboff\u00a0\u00bb da_exit_intent=\u00a0\u00bboff\u00a0\u00bb da_has_close=\u00a0\u00bbon\u00a0\u00bb da_alt_close=\u00a0\u00bboff\u00a0\u00bb da_dark_close=\u00a0\u00bboff\u00a0\u00bb da_not_modal=\u00a0\u00bbon\u00a0\u00bb da_is_singular=\u00a0\u00bboff\u00a0\u00bb da_with_loader=\u00a0\u00bboff\u00a0\u00bb da_has_shadow=\u00a0\u00bbon\u00a0\u00bb][et_pb_row _builder_version=\u00a0\u00bb4.16&Prime; _module_preset=\u00a0\u00bbdefault\u00a0\u00bb background_color=\u00a0\u00bb#a4326b\u00a0\u00bb global_colors_info=\u00a0\u00bb{}\u00a0\u00bb theme_builder_area=\u00a0\u00bbpost_content\u00a0\u00bb][et_pb_column type=\u00a0\u00bb4_4&Prime; _builder_version=\u00a0\u00bb4.16&Prime; _module_preset=\u00a0\u00bbdefault\u00a0\u00bb global_colors_info=\u00a0\u00bb{}\u00a0\u00bb theme_builder_area=\u00a0\u00bbpost_content\u00a0\u00bb][et_pb_text _builder_version=\u00a0\u00bb4.20.2&Prime; _module_preset=\u00a0\u00bbdefault\u00a0\u00bb header_font=\u00a0\u00bb|||on|||||\u00a0\u00bb header_text_align=\u00a0\u00bbcenter\u00a0\u00bb header_text_color=\u00a0\u00bb#ffffff\u00a0\u00bb header_2_text_align=\u00a0\u00bbcenter\u00a0\u00bb header_2_text_color=\u00a0\u00bb#FFFFFF\u00a0\u00bb header_2_font_size=\u00a0\u00bb24px\u00a0\u00bb hover_enabled=\u00a0\u00bb0&Prime; global_colors_info=\u00a0\u00bb{}\u00a0\u00bb theme_builder_area=\u00a0\u00bbpost_content\u00a0\u00bb sticky_enabled=\u00a0\u00bb0&Prime;]<\/p>\n<div class=\"page\" title=\"Page 1\">\n<div class=\"section\">\n<div class=\"layoutArea\">\n<div class=\"column\">\n<h2><strong>Apprenti Employ\u00e9 Commercial H\/F<\/strong><\/h2>\n<h2>Leader Price Bellepierre<\/h2>\n<\/div>\n<\/div>\n<\/div>\n<\/div>\n<p>[\/et_pb_text][\/et_pb_column][\/et_pb_row][et_pb_row column_structure=\u00a0\u00bb1_2,1_2&Prime; _builder_version=\u00a0\u00bb4.20.2&Prime; _module_preset=\u00a0\u00bbdefault\u00a0\u00bb custom_padding=\u00a0\u00bb14px||0px||false|false\u00a0\u00bb global_colors_info=\u00a0\u00bb{}\u00a0\u00bb theme_builder_area=\u00a0\u00bbpost_content\u00a0\u00bb][et_pb_column type=\u00a0\u00bb1_2&Prime; _builder_version=\u00a0\u00bb4.20.2&Prime; _module_preset=\u00a0\u00bbdefault\u00a0\u00bb global_colors_info=\u00a0\u00bb{}\u00a0\u00bb theme_builder_area=\u00a0\u00bbpost_content\u00a0\u00bb][\/et_pb_column][et_pb_column type=\u00a0\u00bb1_2&Prime; _builder_version=\u00a0\u00bb4.20.2&Prime; _module_preset=\u00a0\u00bbdefault\u00a0\u00bb global_colors_info=\u00a0\u00bb{}\u00a0\u00bb theme_builder_area=\u00a0\u00bbpost_content\u00a0\u00bb][et_pb_image src=\u00a0\u00bbhttps:\/\/groupecaille.com\/wp-content\/uploads\/2025\/07\/logolp.png\u00a0\u00bb title_text=\u00a0\u00bblogolp\u00a0\u00bb align=\u00a0\u00bbright\u00a0\u00bb _builder_version=\u00a0\u00bb4.20.2&Prime; _module_preset=\u00a0\u00bbdefault\u00a0\u00bb width=\u00a0\u00bb34%\u00a0\u00bb global_colors_info=\u00a0\u00bb{}\u00a0\u00bb theme_builder_area=\u00a0\u00bbpost_content\u00a0\u00bb][\/et_pb_image][\/et_pb_column][\/et_pb_row][et_pb_row _builder_version=\u00a0\u00bb4.20.2&Prime; _module_preset=\u00a0\u00bbdefault\u00a0\u00bb global_colors_info=\u00a0\u00bb{}\u00a0\u00bb theme_builder_area=\u00a0\u00bbpost_content\u00a0\u00bb][et_pb_column type=\u00a0\u00bb4_4&Prime; _builder_version=\u00a0\u00bb4.16&Prime; _module_preset=\u00a0\u00bbdefault\u00a0\u00bb global_colors_info=\u00a0\u00bb{}\u00a0\u00bb theme_builder_area=\u00a0\u00bbpost_content\u00a0\u00bb][et_pb_text _builder_version=\u00a0\u00bb4.20.2&Prime; _module_preset=\u00a0\u00bbdefault\u00a0\u00bb background_enable_image=\u00a0\u00bboff\u00a0\u00bb background_size=\u00a0\u00bbcustom\u00a0\u00bb background_image_width=\u00a0\u00bb15%\u00a0\u00bb background_position=\u00a0\u00bbtop_right\u00a0\u00bb min_height=\u00a0\u00bb509.8px\u00a0\u00bb custom_margin=\u00a0\u00bb||0px||false|false\u00a0\u00bb custom_padding=\u00a0\u00bb38px||0px||false|false\u00a0\u00bb hover_enabled=\u00a0\u00bb0&Prime; global_colors_info=\u00a0\u00bb{}\u00a0\u00bb theme_builder_area=\u00a0\u00bbpost_content\u00a0\u00bb sticky_enabled=\u00a0\u00bb0&Prime;]<\/p>\n<div class=\"elementToProof\">\n<div class=\"elementToProof\">\n<div class=\"elementToProof\">\n<div class=\"elementToProof\">\n<div class=\"elementToProof\">\n<div class=\"elementToProof\">\n<div class=\"elementToProof\">\n<div class=\"elementToProof\">\n<div class=\"elementToProof\">\n<div class=\"elementToProof\">\n<div class=\"elementToProof\">\n<div class=\"elementToProof\">\n<div class=\"elementToProof\">\n<div class=\"elementToProof\">\n<div class=\"elementToProof\">\n<div class=\"elementToProof\">\n<div class=\"elementToProof\">\n<div class=\"elementToProof\">\n<div class=\"x_elementToProof\">\n<div class=\"elementToProof\">\n<div class=\"elementToProof\">\n<div class=\"elementToProof\">\n<div class=\"elementToProof\">\n<div class=\"elementToProof\">\n<div class=\"elementToProof\">REJOIGNEZ UN GROUPE LEADER<br \/>A LA REUNION<\/div>\n<div class=\"elementToProof\">Groupe Caill\u00e9 recrute pour Leader Price Saint Bellepierre<\/div>\n<div class=\"elementToProof\"><\/div>\n<div class=\"elementToProof\">Nous recherchons un Apprenti Employ\u00e9 Commercial H\/F pour soutenir notre \u00e9quipe !<\/div>\n<div class=\"elementToProof\">Vos missions :<\/div>\n<div class=\"elementToProof\">\u00b7\u00a0\u00a0\u00a0\u00a0\u00a0\u00a0 <b>Service client exceptionnel :<\/b>\u00a0Accueillez nos clients avec le sourire, soyez disponible et offrez des conseils personnalis\u00e9s pour une exp\u00e9rience d&rsquo;achat inoubliable.<\/div>\n<div class=\"elementToProof\">\u00b7\u00a0\u00a0\u00a0\u00a0\u00a0\u00a0 <b>Gestion des rayons :<\/b>\u00a0Assurez le remplissage des rayons selon le planogramme et veillez \u00e0 la rotation des produits en v\u00e9rifiant les DLC\/DLV\/DLUO.<\/div>\n<div class=\"elementToProof\">\u00b7\u00a0\u00a0\u00a0\u00a0\u00a0\u00a0 <b>Qualit\u00e9 des produits :<\/b>\u00a0Retirez les produits non conformes, enregistrez les d\u00e9marques et informez votre hi\u00e9rarchie.<\/div>\n<div class=\"elementToProof\">\u00b7\u00a0\u00a0\u00a0\u00a0\u00a0\u00a0 <b>Balisage et \u00e9tiquetage :<\/b>\u00a0Assurez le balisage et l&rsquo;\u00e9tiquetage des produits en rayon, y compris les modifications de prix.<\/div>\n<div class=\"elementToProof\">\u00b7\u00a0\u00a0\u00a0\u00a0\u00a0\u00a0 <b>Propret\u00e9 et organisation :<\/b>\u00a0Maintenez la propret\u00e9 et le bon rangement des surfaces de vente.<\/div>\n<div class=\"elementToProof\">\u00b7\u00a0\u00a0\u00a0\u00a0\u00a0\u00a0 <b>Encaissement :<\/b>\u00a0Effectuez les op\u00e9rations d&rsquo;encaissement en vous assurant de la conformit\u00e9 du fonds de caisse.<\/div>\n<div class=\"elementToProof\">\u00b7\u00a0\u00a0\u00a0\u00a0\u00a0\u00a0 <b>Services compl\u00e9mentaires :<\/b>\u00a0Proposez et renseignez les clients sur les services compl\u00e9mentaires \u00e0 la vente (remises, carte de fid\u00e9lit\u00e9).<\/div>\n<div class=\"elementToProof\"><\/div>\n<div class=\"elementToProof\"><b>Le profil que nous recherchons :\u00a0<\/b><\/div>\n<div class=\"elementToProof\">Nous recherchons une personne rigoureuse, aimable et sachant travailler en \u00e9quipe.<\/div>\n<div class=\"elementToProof\">Des connaissances en hygi\u00e8ne alimentaire, en manipulation de produits et en encaissement, sont un petit plus !<\/div>\n<div class=\"elementToProof\"><b>Pourquoi nous rejoindre ?<\/b><\/div>\n<div class=\"elementToProof\">Int\u00e9grer le Groupe Caill\u00e9, c\u2019est rejoindre un acteur majeur de l\u2019\u00e9conomie r\u00e9unionnaise, solidement ancr\u00e9 dans des secteurs vari\u00e9s : l\u2019automobile, la grande distribution, et la restauration. Un groupe reconnu pour son dynamisme, ses valeurs humaines et sa volont\u00e9 d\u2019offrir \u00e0 chacun un environnement de travail stimulant et \u00e9volutif.<\/div>\n<div class=\"elementToProof\">Le Groupe Caill\u00e9 est un employeur garantissant l\u2019\u00e9galit\u00e9 des chances et valorisant la diversit\u00e9 au sein de ses \u00e9quipes.<\/div>\n<\/div>\n<\/div>\n<\/div>\n<\/div>\n<\/div>\n<\/div>\n<\/div>\n<\/div>\n<\/div>\n<\/div>\n<\/div>\n<\/div>\n<\/div>\n<\/div>\n<\/div>\n<\/div>\n<\/div>\n<\/div>\n<\/div>\n<\/div>\n<\/div>\n<\/div>\n<\/div>\n<\/div>\n<p>[\/et_pb_text][\/et_pb_column][\/et_pb_row][et_pb_row _builder_version=\u00a0\u00bb4.16&Prime; _module_preset=\u00a0\u00bbdefault\u00a0\u00bb global_colors_info=\u00a0\u00bb{}\u00a0\u00bb theme_builder_area=\u00a0\u00bbpost_content\u00a0\u00bb][et_pb_column type=\u00a0\u00bb4_4&Prime; _builder_version=\u00a0\u00bb4.16&Prime; _module_preset=\u00a0\u00bbdefault\u00a0\u00bb global_colors_info=\u00a0\u00bb{}\u00a0\u00bb theme_builder_area=\u00a0\u00bbpost_content\u00a0\u00bb][et_pb_button button_url=\u00a0\u00bbmailto:job-ref-n5am62l36o@emploi.beetween.com\u00a0\u00bb button_text=\u00a0\u00bbPOSTULEZ ICI\u00a0\u00bb _builder_version=\u00a0\u00bb4.20.2&Prime; _module_preset=\u00a0\u00bbdefault\u00a0\u00bb custom_button=\u00a0\u00bbon\u00a0\u00bb button_text_color=\u00a0\u00bb#ffffff\u00a0\u00bb button_bg_color=\u00a0\u00bb#a4326b\u00a0\u00bb button_border_width=\u00a0\u00bb0px\u00a0\u00bb button_icon=\u00a0\u00bb&#x6c;||divi||400&Prime; button_icon_placement=\u00a0\u00bbleft\u00a0\u00bb hover_enabled=\u00a0\u00bb0&Prime; global_colors_info=\u00a0\u00bb{}\u00a0\u00bb theme_builder_area=\u00a0\u00bbpost_content\u00a0\u00bb sticky_enabled=\u00a0\u00bb0&Prime;][\/et_pb_button][\/et_pb_column][\/et_pb_row][et_pb_row _builder_version=\u00a0\u00bb4.16&Prime; _module_preset=\u00a0\u00bbdefault\u00a0\u00bb global_colors_info=\u00a0\u00bb{}\u00a0\u00bb theme_builder_area=\u00a0\u00bbpost_content\u00a0\u00bb][et_pb_column type=\u00a0\u00bb4_4&Prime; _builder_version=\u00a0\u00bb4.16&Prime; _module_preset=\u00a0\u00bbdefault\u00a0\u00bb global_colors_info=\u00a0\u00bb{}\u00a0\u00bb theme_builder_area=\u00a0\u00bbpost_content\u00a0\u00bb][et_pb_button button_url=\u00a0\u00bb@ET-DC@eyJkeW5hbWljIjp0cnVlLCJjb250ZW50IjoicG9zdF9saW5rX3VybF9wYWdlIiwic2V0dGluZ3MiOnsicG9zdF9pZCI6IjExMTkifX0=@\u00a0\u00bb button_text=\u00a0\u00bbRETOUR AUX OFFRES\u00a0\u00bb _builder_version=\u00a0\u00bb4.16&Prime; _dynamic_attributes=\u00a0\u00bbbutton_url\u00a0\u00bb _module_preset=\u00a0\u00bbdefault\u00a0\u00bb custom_button=\u00a0\u00bbon\u00a0\u00bb button_text_color=\u00a0\u00bb#ffffff\u00a0\u00bb button_bg_color=\u00a0\u00bb#a4326b\u00a0\u00bb button_border_width=\u00a0\u00bb0px\u00a0\u00bb button_icon=\u00a0\u00bb&#x34;||divi||400&Prime; button_icon_placement=\u00a0\u00bbleft\u00a0\u00bb global_colors_info=\u00a0\u00bb{}\u00a0\u00bb theme_builder_area=\u00a0\u00bbpost_content\u00a0\u00bb][\/et_pb_button][\/et_pb_column][\/et_pb_row][\/et_pb_section]<\/p>\n","protected":false},"excerpt":{"rendered":"<p>Apprenti Employ\u00e9 Commercial H\/F Leader Price Bellepierre REJOIGNEZ UN GROUPE LEADERA LA REUNION Groupe Caill\u00e9 recrute pour Leader Price Saint Bellepierre Nous recherchons un Apprenti Employ\u00e9 Commercial H\/F pour soutenir notre \u00e9quipe ! Vos missions : \u00b7\u00a0\u00a0\u00a0\u00a0\u00a0\u00a0 Service client exceptionnel :\u00a0Accueillez nos clients avec le sourire, soyez disponible et offrez des conseils personnalis\u00e9s pour une [&hellip;]<\/p>\n","protected":false},"author":21,"featured_media":0,"parent":0,"menu_order":0,"comment_status":"closed","ping_status":"closed","template":"","meta":{"_et_pb_use_builder":"on","_et_pb_old_content":"","_et_gb_content_width":""},"_links":{"self":[{"href":"https:\/\/groupecaille.com\/index.php\/wp-json\/wp\/v2\/pages\/9076"}],"collection":[{"href":"https:\/\/groupecaille.com\/index.php\/wp-json\/wp\/v2\/pages"}],"about":[{"href":"https:\/\/groupecaille.com\/index.php\/wp-json\/wp\/v2\/types\/page"}],"author":[{"embeddable":true,"href":"https:\/\/groupecaille.com\/index.php\/wp-json\/wp\/v2\/users\/21"}],"replies":[{"embeddable":true,"href":"https:\/\/groupecaille.com\/index.php\/wp-json\/wp\/v2\/comments?post=9076"}],"version-history":[{"count":2,"href":"https:\/\/groupecaille.com\/index.php\/wp-json\/wp\/v2\/pages\/9076\/revisions"}],"predecessor-version":[{"id":9079,"href":"https:\/\/groupecaille.com\/index.php\/wp-json\/wp\/v2\/pages\/9076\/revisions\/9079"}],"wp:attachment":[{"href":"https:\/\/groupecaille.com\/index.php\/wp-json\/wp\/v2\/media?parent=9076"}],"curies":[{"name":"wp","href":"https:\/\/api.w.org\/{rel}","templated":true}]}}

<p>[et_pb_section fb_built= »1&Prime; _builder_version= »4.16&Prime; _module_preset= »default » min_height= »947.4px » da_disable_devices= »off|off|off » global_colors_info= »{} » theme_builder_area= »post_content » da_is_popup= »off » da_exit_intent= »off » da_has_close= »on » da_alt_close= »off » da_dark_close= »off » da_not_modal= »on » da_is_singular= »off » da_with_loader= »off » da_has_shadow= »on »][et_pb_row _builder_version= »4.16&Prime; _module_preset= »default » background_color= »#a4326b » global_colors_info= »{} » theme_builder_area= »post_content »][et_pb_column type= »4_4&Prime; _builder_version= »4.16&Prime; _module_preset= »default » global_colors_info= »{} » theme_builder_area= »post_content »][et_pb_text _builder_version= »4.20.2&Prime; _module_preset= »default » header_font= »|||on||||| » header_text_align= »center » header_text_color= »#ffffff » header_2_text_align= »center » header_2_text_color= »#FFFFFF » header_2_font_size= »24px » hover_enabled= »0&Prime; global_colors_info= »{} » theme_builder_area= »post_content » sticky_enabled= »0&Prime;]</p>
<div class="page" title="Page 1">
<div class="section">
<div class="layoutArea">
<div class="column">
<h2><strong>Apprenti Employé Commercial H/F</strong></h2>
<h2>Leader Price Bellepierre</h2>
</div>
</div>
</div>
</div>
<p>[/et_pb_text][/et_pb_column][/et_pb_row][et_pb_row column_structure= »1_2,1_2&Prime; _builder_version= »4.20.2&Prime; _module_preset= »default » custom_padding= »14px||0px||false|false » global_colors_info= »{} » theme_builder_area= »post_content »][et_pb_column type= »1_2&Prime; _builder_version= »4.20.2&Prime; _module_preset= »default » global_colors_info= »{} » theme_builder_area= »post_content »][/et_pb_column][et_pb_column type= »1_2&Prime; _builder_version= »4.20.2&Prime; _module_preset= »default » global_colors_info= »{} » theme_builder_area= »post_content »][et_pb_image src= »https://groupecaille.com/wp-content/uploads/2025/07/logolp.png » title_text= »logolp » align= »right » _builder_version= »4.20.2&Prime; _module_preset= »default » width= »34% » global_colors_info= »{} » theme_builder_area= »post_content »][/et_pb_image][/et_pb_column][/et_pb_row][et_pb_row _builder_version= »4.20.2&Prime; _module_preset= »default » global_colors_info= »{} » theme_builder_area= »post_content »][et_pb_column type= »4_4&Prime; _builder_version= »4.16&Prime; _module_preset= »default » global_colors_info= »{} » theme_builder_area= »post_content »][et_pb_text _builder_version= »4.20.2&Prime; _module_preset= »default » background_enable_image= »off » background_size= »custom » background_image_width= »15% » background_position= »top_right » min_height= »509.8px » custom_margin= »||0px||false|false » custom_padding= »38px||0px||false|false » hover_enabled= »0&Prime; global_colors_info= »{} » theme_builder_area= »post_content » sticky_enabled= »0&Prime;]</p>
<div class="elementToProof">
<div class="elementToProof">
<div class="elementToProof">
<div class="elementToProof">
<div class="elementToProof">
<div class="elementToProof">
<div class="elementToProof">
<div class="elementToProof">
<div class="elementToProof">
<div class="elementToProof">
<div class="elementToProof">
<div class="elementToProof">
<div class="elementToProof">
<div class="elementToProof">
<div class="elementToProof">
<div class="elementToProof">
<div class="elementToProof">
<div class="elementToProof">
<div class="x_elementToProof">
<div class="elementToProof">
<div class="elementToProof">
<div class="elementToProof">
<div class="elementToProof">
<div class="elementToProof">
<div class="elementToProof">REJOIGNEZ UN GROUPE LEADER<br />A LA REUNION</div>
<div class="elementToProof">Groupe Caillé recrute pour Leader Price Saint Bellepierre</div>
<div class="elementToProof"></div>
<div class="elementToProof">Nous recherchons un Apprenti Employé Commercial H/F pour soutenir notre équipe !</div>
<div class="elementToProof">Vos missions :</div>
<div class="elementToProof">·       <b>Service client exceptionnel :</b> Accueillez nos clients avec le sourire, soyez disponible et offrez des conseils personnalisés pour une expérience d&rsquo;achat inoubliable.</div>
<div class="elementToProof">·       <b>Gestion des rayons :</b> Assurez le remplissage des rayons selon le planogramme et veillez à la rotation des produits en vérifiant les DLC/DLV/DLUO.</div>
<div class="elementToProof">·       <b>Qualité des produits :</b> Retirez les produits non conformes, enregistrez les démarques et informez votre hiérarchie.</div>
<div class="elementToProof">·       <b>Balisage et étiquetage :</b> Assurez le balisage et l&rsquo;étiquetage des produits en rayon, y compris les modifications de prix.</div>
<div class="elementToProof">·       <b>Propreté et organisation :</b> Maintenez la propreté et le bon rangement des surfaces de vente.</div>
<div class="elementToProof">·       <b>Encaissement :</b> Effectuez les opérations d&rsquo;encaissement en vous assurant de la conformité du fonds de caisse.</div>
<div class="elementToProof">·       <b>Services complémentaires :</b> Proposez et renseignez les clients sur les services complémentaires à la vente (remises, carte de fidélité).</div>
<div class="elementToProof"></div>
<div class="elementToProof"><b>Le profil que nous recherchons : </b></div>
<div class="elementToProof">Nous recherchons une personne rigoureuse, aimable et sachant travailler en équipe.</div>
<div class="elementToProof">Des connaissances en hygiène alimentaire, en manipulation de produits et en encaissement, sont un petit plus !</div>
<div class="elementToProof"><b>Pourquoi nous rejoindre ?</b></div>
<div class="elementToProof">Intégrer le Groupe Caillé, c’est rejoindre un acteur majeur de l’économie réunionnaise, solidement ancré dans des secteurs variés : l’automobile, la grande distribution, et la restauration. Un groupe reconnu pour son dynamisme, ses valeurs humaines et sa volonté d’offrir à chacun un environnement de travail stimulant et évolutif.</div>
<div class="elementToProof">Le Groupe Caillé est un employeur garantissant l’égalité des chances et valorisant la diversité au sein de ses équipes.</div>
</div>
</div>
</div>
</div>
</div>
</div>
</div>
</div>
</div>
</div>
</div>
</div>
</div>
</div>
</div>
</div>
</div>
</div>
</div>
</div>
</div>
</div>
</div>
</div>
<p>[/et_pb_text][/et_pb_column][/et_pb_row][et_pb_row _builder_version= »4.16&Prime; _module_preset= »default » global_colors_info= »{} » theme_builder_area= »post_content »][et_pb_column type= »4_4&Prime; _builder_version= »4.16&Prime; _module_preset= »default » global_colors_info= »{} » theme_builder_area= »post_content »][et_pb_button button_url= »mailto:job-ref-n5am62l36o@emploi.beetween.com » button_text= »POSTULEZ ICI » _builder_version= »4.20.2&Prime; _module_preset= »default » custom_button= »on » button_text_color= »#ffffff » button_bg_color= »#a4326b » button_border_width= »0px » button_icon= »&#x6c;||divi||400&Prime; button_icon_placement= »left » hover_enabled= »0&Prime; global_colors_info= »{} » theme_builder_area= »post_content » sticky_enabled= »0&Prime;][/et_pb_button][/et_pb_column][/et_pb_row][et_pb_row _builder_version= »4.16&Prime; _module_preset= »default » global_colors_info= »{} » theme_builder_area= »post_content »][et_pb_column type= »4_4&Prime; _builder_version= »4.16&Prime; _module_preset= »default » global_colors_info= »{} » theme_builder_area= »post_content »][et_pb_button button_url= »@ET-DC@eyJkeW5hbWljIjp0cnVlLCJjb250ZW50IjoicG9zdF9saW5rX3VybF9wYWdlIiwic2V0dGluZ3MiOnsicG9zdF9pZCI6IjExMTkifX0=@ » button_text= »RETOUR AUX OFFRES » _builder_version= »4.16&Prime; _dynamic_attributes= »button_url » _module_preset= »default » custom_button= »on » button_text_color= »#ffffff » button_bg_color= »#a4326b » button_border_width= »0px » button_icon= »&#x34;||divi||400&Prime; button_icon_placement= »left » global_colors_info= »{} » theme_builder_area= »post_content »][/et_pb_button][/et_pb_column][/et_pb_row][/et_pb_section]</p>

<p>Apprenti Employé Commercial H/F Leader Price Bellepierre REJOIGNEZ UN GROUPE LEADERA LA REUNION Groupe Caillé recrute pour Leader Price Saint Bellepierre Nous recherchons un Apprenti Employé Commercial H/F pour soutenir notre équipe ! Vos missions : ·       Service client exceptionnel : Accueillez nos clients avec le sourire, soyez disponible et offrez des conseils personnalisés pour une [&hellip;]</p>
