{"id":8819,"date":"2025-08-08T15:16:59","date_gmt":"2025-08-08T11:16:59","guid":{"rendered":"https:\/\/groupecaille.com\/?page_id=8819"},"modified":"2025-08-08T15:17:00","modified_gmt":"2025-08-08T11:17:00","slug":"8aout-adjoint-directeur-de-magasin-hf-leader-price","status":"publish","type":"page","link":"https:\/\/groupecaille.com\/index.php\/8aout-adjoint-directeur-de-magasin-hf-leader-price\/","title":{"rendered":"8Aout-ADJOINT DIRECTEUR DE MAGASIN HF \u2013 LEADER PRICE"},"content":{"rendered":"<p>[et_pb_section fb_built=\u00a0\u00bb1&Prime; _builder_version=\u00a0\u00bb4.16&Prime; _module_preset=\u00a0\u00bbdefault\u00a0\u00bb min_height=\u00a0\u00bb947.4px\u00a0\u00bb da_disable_devices=\u00a0\u00bboff|off|off\u00a0\u00bb global_colors_info=\u00a0\u00bb{}\u00a0\u00bb theme_builder_area=\u00a0\u00bbpost_content\u00a0\u00bb da_is_popup=\u00a0\u00bboff\u00a0\u00bb da_exit_intent=\u00a0\u00bboff\u00a0\u00bb da_has_close=\u00a0\u00bbon\u00a0\u00bb da_alt_close=\u00a0\u00bboff\u00a0\u00bb da_dark_close=\u00a0\u00bboff\u00a0\u00bb da_not_modal=\u00a0\u00bbon\u00a0\u00bb da_is_singular=\u00a0\u00bboff\u00a0\u00bb da_with_loader=\u00a0\u00bboff\u00a0\u00bb da_has_shadow=\u00a0\u00bbon\u00a0\u00bb][et_pb_row _builder_version=\u00a0\u00bb4.16&Prime; _module_preset=\u00a0\u00bbdefault\u00a0\u00bb background_color=\u00a0\u00bb#a4326b\u00a0\u00bb global_colors_info=\u00a0\u00bb{}\u00a0\u00bb theme_builder_area=\u00a0\u00bbpost_content\u00a0\u00bb][et_pb_column type=\u00a0\u00bb4_4&Prime; _builder_version=\u00a0\u00bb4.16&Prime; _module_preset=\u00a0\u00bbdefault\u00a0\u00bb global_colors_info=\u00a0\u00bb{}\u00a0\u00bb theme_builder_area=\u00a0\u00bbpost_content\u00a0\u00bb][et_pb_text _builder_version=\u00a0\u00bb4.20.2&Prime; _module_preset=\u00a0\u00bbdefault\u00a0\u00bb header_font=\u00a0\u00bb|||on|||||\u00a0\u00bb header_text_align=\u00a0\u00bbcenter\u00a0\u00bb header_text_color=\u00a0\u00bb#ffffff\u00a0\u00bb header_2_text_align=\u00a0\u00bbcenter\u00a0\u00bb header_2_text_color=\u00a0\u00bb#FFFFFF\u00a0\u00bb header_2_font_size=\u00a0\u00bb24px\u00a0\u00bb hover_enabled=\u00a0\u00bb0&Prime; global_colors_info=\u00a0\u00bb{}\u00a0\u00bb theme_builder_area=\u00a0\u00bbpost_content\u00a0\u00bb sticky_enabled=\u00a0\u00bb0&Prime;]<\/p>\n<div class=\"page\" title=\"Page 1\">\n<div class=\"section\">\n<div class=\"layoutArea\">\n<div class=\"column\">\n<h2><b>ADJOINT DIRECTEUR DE MAGASIN H\/F\u00a0<\/b><\/h2>\n<h2>LEADER PRICE<\/h2>\n<\/div>\n<\/div>\n<\/div>\n<\/div>\n<p>[\/et_pb_text][\/et_pb_column][\/et_pb_row][et_pb_row _builder_version=\u00a0\u00bb4.20.2&Prime; _module_preset=\u00a0\u00bbdefault\u00a0\u00bb global_colors_info=\u00a0\u00bb{}\u00a0\u00bb theme_builder_area=\u00a0\u00bbpost_content\u00a0\u00bb][et_pb_column type=\u00a0\u00bb4_4&Prime; _builder_version=\u00a0\u00bb4.16&Prime; _module_preset=\u00a0\u00bbdefault\u00a0\u00bb hover_enabled=\u00a0\u00bb0&Prime; global_colors_info=\u00a0\u00bb{}\u00a0\u00bb theme_builder_area=\u00a0\u00bbpost_content\u00a0\u00bb sticky_enabled=\u00a0\u00bb0&Prime;][et_pb_text _builder_version=\u00a0\u00bb4.20.2&Prime; _module_preset=\u00a0\u00bbdefault\u00a0\u00bb background_image=\u00a0\u00bbhttps:\/\/groupecaille.com\/wp-content\/uploads\/2025\/07\/logolp.png\u00a0\u00bb background_size=\u00a0\u00bbcustom\u00a0\u00bb background_image_width=\u00a0\u00bb15%\u00a0\u00bb background_position=\u00a0\u00bbtop_right\u00a0\u00bb min_height=\u00a0\u00bb509.8px\u00a0\u00bb custom_margin=\u00a0\u00bb||0px||false|false\u00a0\u00bb custom_padding=\u00a0\u00bb38px||0px||false|false\u00a0\u00bb hover_enabled=\u00a0\u00bb0&Prime; global_colors_info=\u00a0\u00bb{}\u00a0\u00bb theme_builder_area=\u00a0\u00bbpost_content\u00a0\u00bb sticky_enabled=\u00a0\u00bb0&Prime; title_text=\u00a0\u00bblogolp\u00a0\u00bb]<\/p>\n<div class=\"elementToProof\">\n<div class=\"elementToProof\">\n<div class=\"elementToProof\">\n<div class=\"elementToProof\">\n<div class=\"elementToProof\">\n<div class=\"elementToProof\">\n<div class=\"elementToProof\">\n<div class=\"elementToProof\">\n<div class=\"elementToProof\">\n<p>REJOIGNEZ UN GROUPE LEADER<br \/>A LA REUNION<br \/>Groupe Caill\u00e9 recrute pour Leader Price Saint-Denis !<\/p>\n<p>Nous recherchons un Adjoint au Directeur de Magasin H\/F pour notre magasin de Saint Denis !<br \/>Vous \u00eates passionn\u00e9(e) par le commerce, le management et les d\u00e9fis quotidiens ?<br \/>Vous souhaitez int\u00e9grer une enseigne reconnue o\u00f9 l\u2019humain est au c\u0153ur de la performance ? Alors cette opportunit\u00e9 est faite pour vous !<br \/>Aux c\u00f4t\u00e9s du Directeur, vous \u00eates le v\u00e9ritable chef d\u2019orchestre du point de vente, garant(e) de sa performance commerciale et du bon fonctionnement des \u00e9quipes.<\/p>\n<p>Vos missions :<\/p>\n<p>Management du point de vente :<\/p>\n<p>\u2022 Encadrement d\u2019une \u00e9quipe (organisation, r\u00e9partition et accompagnement dans la r\u00e9alisation des t\u00e2ches avec points de validation quotidiens)<br \/>\u2022 Participation \u00e0 l\u2019int\u00e9gration des nouveaux entrants<br \/>\u2022 Suivi de l\u2019\u00e9quipe dans la r\u00e9alisation de leurs objectifs<br \/>\u2022 Veille \u00e0 l\u2019application des r\u00e8gles de discipline et d\u2019organisation interne, participe le cas \u00e9ch\u00e9ant aux entretiens<br \/>\u2022 Est le relais aupr\u00e8s des \u00e9quipes, tant sur la communication interne qu\u2019externe (Centrale\/Groupe)<\/p>\n<p>Activit\u00e9s relatives \u00e0 l\u2019organisation et \u00e0 la gestion du magasin :<\/p>\n<p>\u2022 Participation avec son directeur au suivi de l\u2019activit\u00e9<br \/>\u2022 Analyse des tableaux de bord d\u2019activit\u00e9 \/ d\u00e9termination d\u2019actions correctives<br \/>\u2022 Assure une polyvalence au quotidien en participant pleinement aux diff\u00e9rentes t\u00e2ches n\u00e9cessaires \u00e0 la bonne exploitation du magasin (accueil, encaissement, commandes, r\u00e9ception, gestion des stocks, mise en rayon et entretien)<br \/>\u2022 Participe efficacement \u00e0 la gestion et \u00e0 l\u2019animation commerciale du point de vente<br \/>\u2022 Veille au bon d\u00e9roulement et au suivi du circuit administratif interne<br \/>\u2022 Assure la bonne gestion des flux financiers (caisses et coffre) et des marchandises (stocks et r\u00e9assort)<\/p>\n<p>Activit\u00e9s relatives au d\u00e9veloppement commercial du point de vente :<\/p>\n<p>\u2022 Participe avec le Directeur de magasin au d\u00e9veloppement de l\u2019activit\u00e9 commerciale du point de vente.<br \/>\u2022 Remplace le Directeur en cas d\u2019absence<\/p>\n<p>Le profil que nous recherchons :<\/p>\n<p>\u2022 Avoir une bonne connaissance du secteur de la grande distribution et des fournisseurs.<br \/>\u2022 Avoir une bonne connaissance des produits, rotation des produits et des techniques de merchandising.<br \/>\u2022 Vous ma\u00eetrisez des techniques de management et d\u2019encadrement d\u2019\u00e9quipe.<br \/>\u2022 Vous \u00eates passionn\u00e9 par le commerce et dot\u00e9 d\u2019une capacit\u00e9 d\u2019analyse et de synth\u00e8se<br \/>\u2022 Vous \u00eates r\u00e9actif(ve)<br \/>\u2022 Vous \u00eates fiable et rigoureux(se)<br \/>\u2022 Vous \u00eates force de proposition et \u00eates capable d\u2019anticiper les besoins<br \/>\u2022 Vous avez de bonnes capacit\u00e9s de travail et de r\u00e9sistance au stress<br \/>\u2022 Vous \u00eates titulaire d\u2019un dipl\u00f4me de formation sup\u00e9rieure type Ecole de commerce ou BTS MUC avec exp\u00e9rience<\/p>\n<p>Le Groupe Caill\u00e9 est un employeur garantissant l\u2019\u00e9galit\u00e9 des chances et valorisant la diversit\u00e9 au sein de ses \u00e9quipes.<\/p>\n<\/div>\n<\/div>\n<\/div>\n<\/div>\n<\/div>\n<\/div>\n<\/div>\n<\/div>\n<\/div>\n<p>[\/et_pb_text][\/et_pb_column][\/et_pb_row][et_pb_row _builder_version=\u00a0\u00bb4.16&Prime; _module_preset=\u00a0\u00bbdefault\u00a0\u00bb global_colors_info=\u00a0\u00bb{}\u00a0\u00bb theme_builder_area=\u00a0\u00bbpost_content\u00a0\u00bb][et_pb_column type=\u00a0\u00bb4_4&Prime; _builder_version=\u00a0\u00bb4.16&Prime; _module_preset=\u00a0\u00bbdefault\u00a0\u00bb global_colors_info=\u00a0\u00bb{}\u00a0\u00bb theme_builder_area=\u00a0\u00bbpost_content\u00a0\u00bb][et_pb_button button_url=\u00a0\u00bbmailto:job-ref-n3nan9g9q3@emploi.beetween.com\u00a0\u00bb button_text=\u00a0\u00bbPOSTULEZ ICI\u00a0\u00bb _builder_version=\u00a0\u00bb4.20.2&Prime; _module_preset=\u00a0\u00bbdefault\u00a0\u00bb custom_button=\u00a0\u00bbon\u00a0\u00bb button_text_color=\u00a0\u00bb#ffffff\u00a0\u00bb button_bg_color=\u00a0\u00bb#a4326b\u00a0\u00bb button_border_width=\u00a0\u00bb0px\u00a0\u00bb button_icon=\u00a0\u00bb&#x6c;||divi||400&Prime; button_icon_placement=\u00a0\u00bbleft\u00a0\u00bb hover_enabled=\u00a0\u00bb0&Prime; global_colors_info=\u00a0\u00bb{}\u00a0\u00bb theme_builder_area=\u00a0\u00bbpost_content\u00a0\u00bb sticky_enabled=\u00a0\u00bb0&Prime;][\/et_pb_button][\/et_pb_column][\/et_pb_row][et_pb_row _builder_version=\u00a0\u00bb4.16&Prime; _module_preset=\u00a0\u00bbdefault\u00a0\u00bb global_colors_info=\u00a0\u00bb{}\u00a0\u00bb theme_builder_area=\u00a0\u00bbpost_content\u00a0\u00bb][et_pb_column type=\u00a0\u00bb4_4&Prime; _builder_version=\u00a0\u00bb4.16&Prime; _module_preset=\u00a0\u00bbdefault\u00a0\u00bb global_colors_info=\u00a0\u00bb{}\u00a0\u00bb theme_builder_area=\u00a0\u00bbpost_content\u00a0\u00bb][et_pb_button button_url=\u00a0\u00bb@ET-DC@eyJkeW5hbWljIjp0cnVlLCJjb250ZW50IjoicG9zdF9saW5rX3VybF9wYWdlIiwic2V0dGluZ3MiOnsicG9zdF9pZCI6IjExMTkifX0=@\u00a0\u00bb button_text=\u00a0\u00bbRETOUR AUX OFFRES\u00a0\u00bb _builder_version=\u00a0\u00bb4.16&Prime; _dynamic_attributes=\u00a0\u00bbbutton_url\u00a0\u00bb _module_preset=\u00a0\u00bbdefault\u00a0\u00bb custom_button=\u00a0\u00bbon\u00a0\u00bb button_text_color=\u00a0\u00bb#ffffff\u00a0\u00bb button_bg_color=\u00a0\u00bb#a4326b\u00a0\u00bb button_border_width=\u00a0\u00bb0px\u00a0\u00bb button_icon=\u00a0\u00bb&#x34;||divi||400&Prime; button_icon_placement=\u00a0\u00bbleft\u00a0\u00bb global_colors_info=\u00a0\u00bb{}\u00a0\u00bb theme_builder_area=\u00a0\u00bbpost_content\u00a0\u00bb][\/et_pb_button][\/et_pb_column][\/et_pb_row][\/et_pb_section]<\/p>\n","protected":false},"excerpt":{"rendered":"<p>ADJOINT DIRECTEUR DE MAGASIN H\/F\u00a0 LEADER PRICE REJOIGNEZ UN GROUPE LEADERA LA REUNIONGroupe Caill\u00e9 recrute pour Leader Price Saint-Denis ! Nous recherchons un Adjoint au Directeur de Magasin H\/F pour notre magasin de Saint Denis !Vous \u00eates passionn\u00e9(e) par le commerce, le management et les d\u00e9fis quotidiens ?Vous souhaitez int\u00e9grer une enseigne reconnue o\u00f9 l\u2019humain [&hellip;]<\/p>\n","protected":false},"author":21,"featured_media":0,"parent":0,"menu_order":0,"comment_status":"closed","ping_status":"closed","template":"","meta":{"_et_pb_use_builder":"on","_et_pb_old_content":"","_et_gb_content_width":""},"_links":{"self":[{"href":"https:\/\/groupecaille.com\/index.php\/wp-json\/wp\/v2\/pages\/8819"}],"collection":[{"href":"https:\/\/groupecaille.com\/index.php\/wp-json\/wp\/v2\/pages"}],"about":[{"href":"https:\/\/groupecaille.com\/index.php\/wp-json\/wp\/v2\/types\/page"}],"author":[{"embeddable":true,"href":"https:\/\/groupecaille.com\/index.php\/wp-json\/wp\/v2\/users\/21"}],"replies":[{"embeddable":true,"href":"https:\/\/groupecaille.com\/index.php\/wp-json\/wp\/v2\/comments?post=8819"}],"version-history":[{"count":2,"href":"https:\/\/groupecaille.com\/index.php\/wp-json\/wp\/v2\/pages\/8819\/revisions"}],"predecessor-version":[{"id":8821,"href":"https:\/\/groupecaille.com\/index.php\/wp-json\/wp\/v2\/pages\/8819\/revisions\/8821"}],"wp:attachment":[{"href":"https:\/\/groupecaille.com\/index.php\/wp-json\/wp\/v2\/media?parent=8819"}],"curies":[{"name":"wp","href":"https:\/\/api.w.org\/{rel}","templated":true}]}}

<p>[et_pb_section fb_built= »1&Prime; _builder_version= »4.16&Prime; _module_preset= »default » min_height= »947.4px » da_disable_devices= »off|off|off » global_colors_info= »{} » theme_builder_area= »post_content » da_is_popup= »off » da_exit_intent= »off » da_has_close= »on » da_alt_close= »off » da_dark_close= »off » da_not_modal= »on » da_is_singular= »off » da_with_loader= »off » da_has_shadow= »on »][et_pb_row _builder_version= »4.16&Prime; _module_preset= »default » background_color= »#a4326b » global_colors_info= »{} » theme_builder_area= »post_content »][et_pb_column type= »4_4&Prime; _builder_version= »4.16&Prime; _module_preset= »default » global_colors_info= »{} » theme_builder_area= »post_content »][et_pb_text _builder_version= »4.20.2&Prime; _module_preset= »default » header_font= »|||on||||| » header_text_align= »center » header_text_color= »#ffffff » header_2_text_align= »center » header_2_text_color= »#FFFFFF » header_2_font_size= »24px » hover_enabled= »0&Prime; global_colors_info= »{} » theme_builder_area= »post_content » sticky_enabled= »0&Prime;]</p>
<div class="page" title="Page 1">
<div class="section">
<div class="layoutArea">
<div class="column">
<h2><b>ADJOINT DIRECTEUR DE MAGASIN H/F </b></h2>
<h2>LEADER PRICE</h2>
</div>
</div>
</div>
</div>
<p>[/et_pb_text][/et_pb_column][/et_pb_row][et_pb_row _builder_version= »4.20.2&Prime; _module_preset= »default » global_colors_info= »{} » theme_builder_area= »post_content »][et_pb_column type= »4_4&Prime; _builder_version= »4.16&Prime; _module_preset= »default » hover_enabled= »0&Prime; global_colors_info= »{} » theme_builder_area= »post_content » sticky_enabled= »0&Prime;][et_pb_text _builder_version= »4.20.2&Prime; _module_preset= »default » background_image= »https://groupecaille.com/wp-content/uploads/2025/07/logolp.png » background_size= »custom » background_image_width= »15% » background_position= »top_right » min_height= »509.8px » custom_margin= »||0px||false|false » custom_padding= »38px||0px||false|false » hover_enabled= »0&Prime; global_colors_info= »{} » theme_builder_area= »post_content » sticky_enabled= »0&Prime; title_text= »logolp »]</p>
<div class="elementToProof">
<div class="elementToProof">
<div class="elementToProof">
<div class="elementToProof">
<div class="elementToProof">
<div class="elementToProof">
<div class="elementToProof">
<div class="elementToProof">
<div class="elementToProof">
<p>REJOIGNEZ UN GROUPE LEADER<br />A LA REUNION<br />Groupe Caillé recrute pour Leader Price Saint-Denis !</p>
<p>Nous recherchons un Adjoint au Directeur de Magasin H/F pour notre magasin de Saint Denis !<br />Vous êtes passionné(e) par le commerce, le management et les défis quotidiens ?<br />Vous souhaitez intégrer une enseigne reconnue où l’humain est au cœur de la performance ? Alors cette opportunité est faite pour vous !<br />Aux côtés du Directeur, vous êtes le véritable chef d’orchestre du point de vente, garant(e) de sa performance commerciale et du bon fonctionnement des équipes.</p>
<p>Vos missions :</p>
<p>Management du point de vente :</p>
<p>• Encadrement d’une équipe (organisation, répartition et accompagnement dans la réalisation des tâches avec points de validation quotidiens)<br />• Participation à l’intégration des nouveaux entrants<br />• Suivi de l’équipe dans la réalisation de leurs objectifs<br />• Veille à l’application des règles de discipline et d’organisation interne, participe le cas échéant aux entretiens<br />• Est le relais auprès des équipes, tant sur la communication interne qu’externe (Centrale/Groupe)</p>
<p>Activités relatives à l’organisation et à la gestion du magasin :</p>
<p>• Participation avec son directeur au suivi de l’activité<br />• Analyse des tableaux de bord d’activité / détermination d’actions correctives<br />• Assure une polyvalence au quotidien en participant pleinement aux différentes tâches nécessaires à la bonne exploitation du magasin (accueil, encaissement, commandes, réception, gestion des stocks, mise en rayon et entretien)<br />• Participe efficacement à la gestion et à l’animation commerciale du point de vente<br />• Veille au bon déroulement et au suivi du circuit administratif interne<br />• Assure la bonne gestion des flux financiers (caisses et coffre) et des marchandises (stocks et réassort)</p>
<p>Activités relatives au développement commercial du point de vente :</p>
<p>• Participe avec le Directeur de magasin au développement de l’activité commerciale du point de vente.<br />• Remplace le Directeur en cas d’absence</p>
<p>Le profil que nous recherchons :</p>
<p>• Avoir une bonne connaissance du secteur de la grande distribution et des fournisseurs.<br />• Avoir une bonne connaissance des produits, rotation des produits et des techniques de merchandising.<br />• Vous maîtrisez des techniques de management et d’encadrement d’équipe.<br />• Vous êtes passionné par le commerce et doté d’une capacité d’analyse et de synthèse<br />• Vous êtes réactif(ve)<br />• Vous êtes fiable et rigoureux(se)<br />• Vous êtes force de proposition et êtes capable d’anticiper les besoins<br />• Vous avez de bonnes capacités de travail et de résistance au stress<br />• Vous êtes titulaire d’un diplôme de formation supérieure type Ecole de commerce ou BTS MUC avec expérience</p>
<p>Le Groupe Caillé est un employeur garantissant l’égalité des chances et valorisant la diversité au sein de ses équipes.</p>
</div>
</div>
</div>
</div>
</div>
</div>
</div>
</div>
</div>
<p>[/et_pb_text][/et_pb_column][/et_pb_row][et_pb_row _builder_version= »4.16&Prime; _module_preset= »default » global_colors_info= »{} » theme_builder_area= »post_content »][et_pb_column type= »4_4&Prime; _builder_version= »4.16&Prime; _module_preset= »default » global_colors_info= »{} » theme_builder_area= »post_content »][et_pb_button button_url= »mailto:job-ref-n3nan9g9q3@emploi.beetween.com » button_text= »POSTULEZ ICI » _builder_version= »4.20.2&Prime; _module_preset= »default » custom_button= »on » button_text_color= »#ffffff » button_bg_color= »#a4326b » button_border_width= »0px » button_icon= »&#x6c;||divi||400&Prime; button_icon_placement= »left » hover_enabled= »0&Prime; global_colors_info= »{} » theme_builder_area= »post_content » sticky_enabled= »0&Prime;][/et_pb_button][/et_pb_column][/et_pb_row][et_pb_row _builder_version= »4.16&Prime; _module_preset= »default » global_colors_info= »{} » theme_builder_area= »post_content »][et_pb_column type= »4_4&Prime; _builder_version= »4.16&Prime; _module_preset= »default » global_colors_info= »{} » theme_builder_area= »post_content »][et_pb_button button_url= »@ET-DC@eyJkeW5hbWljIjp0cnVlLCJjb250ZW50IjoicG9zdF9saW5rX3VybF9wYWdlIiwic2V0dGluZ3MiOnsicG9zdF9pZCI6IjExMTkifX0=@ » button_text= »RETOUR AUX OFFRES » _builder_version= »4.16&Prime; _dynamic_attributes= »button_url » _module_preset= »default » custom_button= »on » button_text_color= »#ffffff » button_bg_color= »#a4326b » button_border_width= »0px » button_icon= »&#x34;||divi||400&Prime; button_icon_placement= »left » global_colors_info= »{} » theme_builder_area= »post_content »][/et_pb_button][/et_pb_column][/et_pb_row][/et_pb_section]</p>

<p>ADJOINT DIRECTEUR DE MAGASIN H/F  LEADER PRICE REJOIGNEZ UN GROUPE LEADERA LA REUNIONGroupe Caillé recrute pour Leader Price Saint-Denis ! Nous recherchons un Adjoint au Directeur de Magasin H/F pour notre magasin de Saint Denis !Vous êtes passionné(e) par le commerce, le management et les défis quotidiens ?Vous souhaitez intégrer une enseigne reconnue où l’humain [&hellip;]</p>
