{"id":8770,"date":"2025-07-23T08:40:24","date_gmt":"2025-07-23T04:40:24","guid":{"rendered":"https:\/\/groupecaille.com\/?page_id=8770"},"modified":"2025-07-23T08:40:49","modified_gmt":"2025-07-23T04:40:49","slug":"23juillet-chef-apres-vente-hf-jaguar-land-rover","status":"publish","type":"page","link":"https:\/\/groupecaille.com\/index.php\/23juillet-chef-apres-vente-hf-jaguar-land-rover\/","title":{"rendered":"23Juillet-CHEF APRES-VENTE HF\u00a0 &#8211; JAGUAR LAND ROVER"},"content":{"rendered":"<p>[et_pb_section fb_built=\u00a0\u00bb1&Prime; _builder_version=\u00a0\u00bb4.16&Prime; _module_preset=\u00a0\u00bbdefault\u00a0\u00bb min_height=\u00a0\u00bb947.4px\u00a0\u00bb da_disable_devices=\u00a0\u00bboff|off|off\u00a0\u00bb global_colors_info=\u00a0\u00bb{}\u00a0\u00bb theme_builder_area=\u00a0\u00bbpost_content\u00a0\u00bb da_is_popup=\u00a0\u00bboff\u00a0\u00bb da_exit_intent=\u00a0\u00bboff\u00a0\u00bb da_has_close=\u00a0\u00bbon\u00a0\u00bb da_alt_close=\u00a0\u00bboff\u00a0\u00bb da_dark_close=\u00a0\u00bboff\u00a0\u00bb da_not_modal=\u00a0\u00bbon\u00a0\u00bb da_is_singular=\u00a0\u00bboff\u00a0\u00bb da_with_loader=\u00a0\u00bboff\u00a0\u00bb da_has_shadow=\u00a0\u00bbon\u00a0\u00bb][et_pb_row _builder_version=\u00a0\u00bb4.16&Prime; _module_preset=\u00a0\u00bbdefault\u00a0\u00bb background_color=\u00a0\u00bb#a4326b\u00a0\u00bb global_colors_info=\u00a0\u00bb{}\u00a0\u00bb theme_builder_area=\u00a0\u00bbpost_content\u00a0\u00bb][et_pb_column type=\u00a0\u00bb4_4&Prime; _builder_version=\u00a0\u00bb4.16&Prime; _module_preset=\u00a0\u00bbdefault\u00a0\u00bb global_colors_info=\u00a0\u00bb{}\u00a0\u00bb theme_builder_area=\u00a0\u00bbpost_content\u00a0\u00bb][et_pb_text _builder_version=\u00a0\u00bb4.20.2&Prime; _module_preset=\u00a0\u00bbdefault\u00a0\u00bb header_font=\u00a0\u00bb|||on|||||\u00a0\u00bb header_text_align=\u00a0\u00bbcenter\u00a0\u00bb header_text_color=\u00a0\u00bb#ffffff\u00a0\u00bb header_2_text_align=\u00a0\u00bbcenter\u00a0\u00bb header_2_text_color=\u00a0\u00bb#FFFFFF\u00a0\u00bb header_2_font_size=\u00a0\u00bb24px\u00a0\u00bb hover_enabled=\u00a0\u00bb0&Prime; global_colors_info=\u00a0\u00bb{}\u00a0\u00bb theme_builder_area=\u00a0\u00bbpost_content\u00a0\u00bb sticky_enabled=\u00a0\u00bb0&Prime;]<\/p>\n<div class=\"page\" title=\"Page 1\">\n<div class=\"section\">\n<div class=\"layoutArea\">\n<div class=\"column\">\n<h2><b>CHEF APRES-VENTE H\/F\u00a0 <\/b><\/h2>\n<h2>\u00a0JAGUAR LAND ROVER<\/h2>\n<\/div>\n<\/div>\n<\/div>\n<\/div>\n<p>[\/et_pb_text][\/et_pb_column][\/et_pb_row][et_pb_row _builder_version=\u00a0\u00bb4.16&Prime; _module_preset=\u00a0\u00bbdefault\u00a0\u00bb global_colors_info=\u00a0\u00bb{}\u00a0\u00bb theme_builder_area=\u00a0\u00bbpost_content\u00a0\u00bb][et_pb_column type=\u00a0\u00bb4_4&Prime; _builder_version=\u00a0\u00bb4.16&Prime; _module_preset=\u00a0\u00bbdefault\u00a0\u00bb global_colors_info=\u00a0\u00bb{}\u00a0\u00bb theme_builder_area=\u00a0\u00bbpost_content\u00a0\u00bb][et_pb_text _builder_version=\u00a0\u00bb4.20.2&Prime; _module_preset=\u00a0\u00bbdefault\u00a0\u00bb min_height=\u00a0\u00bb509.8px\u00a0\u00bb hover_enabled=\u00a0\u00bb0&Prime; global_colors_info=\u00a0\u00bb{}\u00a0\u00bb theme_builder_area=\u00a0\u00bbpost_content\u00a0\u00bb sticky_enabled=\u00a0\u00bb0&Prime;]<\/p>\n<div class=\"elementToProof\">\n<div class=\"elementToProof\">\n<div class=\"elementToProof\">\n<div class=\"elementToProof\">Le Groupe Caill\u00e9 recrute un <b>Chef Apr\u00e8s-Vente H\/F<\/b>\u00a0pour sa marque <b>Jaguar Land Rover<\/b>.<\/div>\n<div class=\"elementToProof\">Chez <b>Jaguar Land Rover<\/b>, l\u2019excellence se prolonge bien apr\u00e8s la livraison, dans l\u2019exp\u00e9rience que nous offrons \u00e0 nos clients.<\/div>\n<div class=\"elementToProof\">C\u2019est pourquoi nous recherchons <b>un Chef Apr\u00e8s-Vente<\/b> <b>H\/F<\/b> capable d\u2019incarner pleinement l\u2019univers du luxe \u00e0 travers un <b>service personnalis\u00e9 et irr\u00e9prochable <\/b>de chaque instant.<\/div>\n<div class=\"elementToProof\">\u00a0<\/div>\n<div class=\"elementToProof\"><b>Votre mission principale ?<\/b><br \/>Au-del\u00e0 des responsabilit\u00e9s classiques d\u2019un.e Chef.fe Apr\u00e8s-Vente (gestion de l\u2019atelier, management des \u00e9quipes et des indicateurs de performance, gestion des litiges clients, etc.), vous serez <b>le garant d\u2019un service haut de gamme<\/b>, pens\u00e9 pour que chaque client se sente <b>unique<\/b>, <b>\u00e9cout\u00e9<\/b>\u00a0et <b>pris en charge avec soin<\/b>.<\/div>\n<div class=\"elementToProof\">\u00a0<\/div>\n<div class=\"elementToProof\"><b>Le profil que nous recherchons :<\/b><\/div>\n<div class=\"elementToProof\">Au-del\u00e0 de votre expertise technique et de votre exp\u00e9rience dans le secteur automobile, nous serons particuli\u00e8rement attentifs \u00e0 vos <b>comp\u00e9tences comportementales<\/b>\u00a0:<\/div>\n<ul data-editing-info=\"{&quot;applyListStyleFromLevel&quot;:true}\">\n<li>\n<div role=\"presentation\" class=\"elementToProof\">Votre <b>leadership naturel<\/b>\u00a0et votre capacit\u00e9 \u00e0 f\u00e9d\u00e9rer une \u00e9quipe autour d\u2019objectifs communs,<\/div>\n<\/li>\n<li>\n<div role=\"presentation\">Votre <b>aisance relationnelle<\/b>\u00a0et votre go\u00fbt pour le contact client,<\/div>\n<\/li>\n<li>\n<div role=\"presentation\">Votre <b>sens du service<\/b>, votre <b>empathie<\/b>\u00a0et votre <b>\u00e9coute active<\/b>.<\/div>\n<\/li>\n<\/ul>\n<ul>\n<li>\n<div role=\"presentation\" class=\"elementToProof\"><\/div>\n<\/li>\n<\/ul>\n<div class=\"elementToProof\"><b>Pourquoi nous rejoindre ?<\/b><\/div>\n<div class=\"elementToProof\">Int\u00e9grer <b>le Groupe Caill\u00e9<\/b>, c\u2019est rejoindre <b>un acteur majeur de l\u2019\u00e9conomie r\u00e9unionnaise<\/b>, solidement ancr\u00e9 dans des secteurs vari\u00e9s : <b>l\u2019automobile<\/b>, <b>la grande distribution<\/b>, et <b>la restauration<\/b>.<br \/>Un groupe reconnu pour son dynamisme, ses valeurs humaines et sa volont\u00e9 d\u2019offrir \u00e0 chacun un environnement de travail stimulant et \u00e9volutif.<\/div>\n<div class=\"elementToProof\">Le Groupe Caill\u00e9 est un employeur garantissant l\u2019\u00e9galit\u00e9 des chances et valorisant la diversit\u00e9 au sein de ses \u00e9quipes.<\/div>\n<\/div>\n<\/div>\n<\/div>\n<p>[\/et_pb_text][\/et_pb_column][\/et_pb_row][et_pb_row _builder_version=\u00a0\u00bb4.16&Prime; _module_preset=\u00a0\u00bbdefault\u00a0\u00bb global_colors_info=\u00a0\u00bb{}\u00a0\u00bb theme_builder_area=\u00a0\u00bbpost_content\u00a0\u00bb][et_pb_column type=\u00a0\u00bb4_4&Prime; _builder_version=\u00a0\u00bb4.16&Prime; _module_preset=\u00a0\u00bbdefault\u00a0\u00bb global_colors_info=\u00a0\u00bb{}\u00a0\u00bb theme_builder_area=\u00a0\u00bbpost_content\u00a0\u00bb][et_pb_button button_url=\u00a0\u00bbmailto:job-ref-a71udw0tnp@emploi.beetween.com\u00a0\u00bb button_text=\u00a0\u00bbPOSTULEZ ICI\u00a0\u00bb _builder_version=\u00a0\u00bb4.20.2&Prime; _module_preset=\u00a0\u00bbdefault\u00a0\u00bb custom_button=\u00a0\u00bbon\u00a0\u00bb button_text_color=\u00a0\u00bb#ffffff\u00a0\u00bb button_bg_color=\u00a0\u00bb#a4326b\u00a0\u00bb button_border_width=\u00a0\u00bb0px\u00a0\u00bb button_icon=\u00a0\u00bb&#x6c;||divi||400&Prime; button_icon_placement=\u00a0\u00bbleft\u00a0\u00bb hover_enabled=\u00a0\u00bb0&Prime; global_colors_info=\u00a0\u00bb{}\u00a0\u00bb theme_builder_area=\u00a0\u00bbpost_content\u00a0\u00bb sticky_enabled=\u00a0\u00bb0&Prime;][\/et_pb_button][\/et_pb_column][\/et_pb_row][et_pb_row _builder_version=\u00a0\u00bb4.16&Prime; _module_preset=\u00a0\u00bbdefault\u00a0\u00bb global_colors_info=\u00a0\u00bb{}\u00a0\u00bb theme_builder_area=\u00a0\u00bbpost_content\u00a0\u00bb][et_pb_column type=\u00a0\u00bb4_4&Prime; _builder_version=\u00a0\u00bb4.16&Prime; _module_preset=\u00a0\u00bbdefault\u00a0\u00bb global_colors_info=\u00a0\u00bb{}\u00a0\u00bb theme_builder_area=\u00a0\u00bbpost_content\u00a0\u00bb][et_pb_button button_url=\u00a0\u00bb@ET-DC@eyJkeW5hbWljIjp0cnVlLCJjb250ZW50IjoicG9zdF9saW5rX3VybF9wYWdlIiwic2V0dGluZ3MiOnsicG9zdF9pZCI6IjExMTkifX0=@\u00a0\u00bb button_text=\u00a0\u00bbRETOUR AUX OFFRES\u00a0\u00bb _builder_version=\u00a0\u00bb4.16&Prime; _dynamic_attributes=\u00a0\u00bbbutton_url\u00a0\u00bb _module_preset=\u00a0\u00bbdefault\u00a0\u00bb custom_button=\u00a0\u00bbon\u00a0\u00bb button_text_color=\u00a0\u00bb#ffffff\u00a0\u00bb button_bg_color=\u00a0\u00bb#a4326b\u00a0\u00bb button_border_width=\u00a0\u00bb0px\u00a0\u00bb button_icon=\u00a0\u00bb&#x34;||divi||400&Prime; button_icon_placement=\u00a0\u00bbleft\u00a0\u00bb global_colors_info=\u00a0\u00bb{}\u00a0\u00bb theme_builder_area=\u00a0\u00bbpost_content\u00a0\u00bb][\/et_pb_button][\/et_pb_column][\/et_pb_row][\/et_pb_section]<\/p>\n","protected":false},"excerpt":{"rendered":"<p>CHEF APRES-VENTE H\/F\u00a0 \u00a0JAGUAR LAND ROVER Le Groupe Caill\u00e9 recrute un Chef Apr\u00e8s-Vente H\/F\u00a0pour sa marque Jaguar Land Rover. Chez Jaguar Land Rover, l\u2019excellence se prolonge bien apr\u00e8s la livraison, dans l\u2019exp\u00e9rience que nous offrons \u00e0 nos clients. C\u2019est pourquoi nous recherchons un Chef Apr\u00e8s-Vente H\/F capable d\u2019incarner pleinement l\u2019univers du luxe \u00e0 travers un [&hellip;]<\/p>\n","protected":false},"author":21,"featured_media":0,"parent":0,"menu_order":0,"comment_status":"closed","ping_status":"closed","template":"","meta":{"_et_pb_use_builder":"on","_et_pb_old_content":"","_et_gb_content_width":""},"_links":{"self":[{"href":"https:\/\/groupecaille.com\/index.php\/wp-json\/wp\/v2\/pages\/8770"}],"collection":[{"href":"https:\/\/groupecaille.com\/index.php\/wp-json\/wp\/v2\/pages"}],"about":[{"href":"https:\/\/groupecaille.com\/index.php\/wp-json\/wp\/v2\/types\/page"}],"author":[{"embeddable":true,"href":"https:\/\/groupecaille.com\/index.php\/wp-json\/wp\/v2\/users\/21"}],"replies":[{"embeddable":true,"href":"https:\/\/groupecaille.com\/index.php\/wp-json\/wp\/v2\/comments?post=8770"}],"version-history":[{"count":2,"href":"https:\/\/groupecaille.com\/index.php\/wp-json\/wp\/v2\/pages\/8770\/revisions"}],"predecessor-version":[{"id":8772,"href":"https:\/\/groupecaille.com\/index.php\/wp-json\/wp\/v2\/pages\/8770\/revisions\/8772"}],"wp:attachment":[{"href":"https:\/\/groupecaille.com\/index.php\/wp-json\/wp\/v2\/media?parent=8770"}],"curies":[{"name":"wp","href":"https:\/\/api.w.org\/{rel}","templated":true}]}}