{"id":8730,"date":"2025-07-07T15:18:24","date_gmt":"2025-07-07T11:18:24","guid":{"rendered":"https:\/\/groupecaille.com\/?page_id=8730"},"modified":"2025-07-07T15:18:24","modified_gmt":"2025-07-07T11:18:24","slug":"07juil-comptable-import-export-h-f-logicare","status":"publish","type":"page","link":"https:\/\/groupecaille.com\/index.php\/07juil-comptable-import-export-h-f-logicare\/","title":{"rendered":"07juil &#8211; COMPTABLE IMPORT &#8211; EXPORT H\/F\u00a0 &#8211; LOGICARE"},"content":{"rendered":"<p>[et_pb_section fb_built=\u00a0\u00bb1&Prime; _builder_version=\u00a0\u00bb4.16&Prime; _module_preset=\u00a0\u00bbdefault\u00a0\u00bb min_height=\u00a0\u00bb947.4px\u00a0\u00bb da_disable_devices=\u00a0\u00bboff|off|off\u00a0\u00bb global_colors_info=\u00a0\u00bb{}\u00a0\u00bb theme_builder_area=\u00a0\u00bbpost_content\u00a0\u00bb da_is_popup=\u00a0\u00bboff\u00a0\u00bb da_exit_intent=\u00a0\u00bboff\u00a0\u00bb da_has_close=\u00a0\u00bbon\u00a0\u00bb da_alt_close=\u00a0\u00bboff\u00a0\u00bb da_dark_close=\u00a0\u00bboff\u00a0\u00bb da_not_modal=\u00a0\u00bbon\u00a0\u00bb da_is_singular=\u00a0\u00bboff\u00a0\u00bb da_with_loader=\u00a0\u00bboff\u00a0\u00bb da_has_shadow=\u00a0\u00bbon\u00a0\u00bb][et_pb_row _builder_version=\u00a0\u00bb4.16&Prime; _module_preset=\u00a0\u00bbdefault\u00a0\u00bb background_color=\u00a0\u00bb#a4326b\u00a0\u00bb global_colors_info=\u00a0\u00bb{}\u00a0\u00bb theme_builder_area=\u00a0\u00bbpost_content\u00a0\u00bb][et_pb_column type=\u00a0\u00bb4_4&Prime; _builder_version=\u00a0\u00bb4.16&Prime; _module_preset=\u00a0\u00bbdefault\u00a0\u00bb global_colors_info=\u00a0\u00bb{}\u00a0\u00bb theme_builder_area=\u00a0\u00bbpost_content\u00a0\u00bb][et_pb_text _builder_version=\u00a0\u00bb4.20.2&Prime; _module_preset=\u00a0\u00bbdefault\u00a0\u00bb header_font=\u00a0\u00bb|||on|||||\u00a0\u00bb header_text_align=\u00a0\u00bbcenter\u00a0\u00bb header_text_color=\u00a0\u00bb#ffffff\u00a0\u00bb header_2_text_align=\u00a0\u00bbcenter\u00a0\u00bb header_2_text_color=\u00a0\u00bb#FFFFFF\u00a0\u00bb header_2_font_size=\u00a0\u00bb24px\u00a0\u00bb hover_enabled=\u00a0\u00bb0&Prime; global_colors_info=\u00a0\u00bb{}\u00a0\u00bb theme_builder_area=\u00a0\u00bbpost_content\u00a0\u00bb sticky_enabled=\u00a0\u00bb0&Prime;]<\/p>\n<div class=\"page\" title=\"Page 1\">\n<div class=\"section\">\n<div class=\"layoutArea\">\n<div class=\"column\">\n<h2><b>COMPTABLE IMPORT &#8211; EXPORT (H\/F)<\/b><\/h2>\n<h2><strong> LOGICARE<\/strong><\/h2>\n<\/div>\n<\/div>\n<\/div>\n<\/div>\n<p>[\/et_pb_text][\/et_pb_column][\/et_pb_row][et_pb_row _builder_version=\u00a0\u00bb4.16&Prime; _module_preset=\u00a0\u00bbdefault\u00a0\u00bb global_colors_info=\u00a0\u00bb{}\u00a0\u00bb theme_builder_area=\u00a0\u00bbpost_content\u00a0\u00bb][et_pb_column type=\u00a0\u00bb4_4&Prime; _builder_version=\u00a0\u00bb4.16&Prime; _module_preset=\u00a0\u00bbdefault\u00a0\u00bb global_colors_info=\u00a0\u00bb{}\u00a0\u00bb theme_builder_area=\u00a0\u00bbpost_content\u00a0\u00bb][et_pb_text _builder_version=\u00a0\u00bb4.20.2&Prime; _module_preset=\u00a0\u00bbdefault\u00a0\u00bb min_height=\u00a0\u00bb509.8px\u00a0\u00bb hover_enabled=\u00a0\u00bb0&Prime; global_colors_info=\u00a0\u00bb{}\u00a0\u00bb theme_builder_area=\u00a0\u00bbpost_content\u00a0\u00bb sticky_enabled=\u00a0\u00bb0&Prime;]<\/p>\n<p style=\"font-weight: 400;\">REJOIGNEZ UN GROUPE LEADER<br \/>A LA REUNION<br \/>Groupe Caill\u00e9 recrute pour LEADER PRICE SAINT-GILLES<\/p>\n<p style=\"font-weight: 400;\">Nous recherchons un Employ\u00e9 Comptable (H\/F) pour assurer la gestion comptable et logistique de notre service import\/export multi-soci\u00e9t\u00e9s.<\/p>\n<p style=\"font-weight: 400;\">Vos missions :<\/p>\n<p>En v\u00e9ritable pilier du service, vous interviendrez sur un large \u00e9ventail de t\u00e2ches cl\u00e9s :<\/p>\n<ul>\n<li role=\"presentation\"><strong>Gestion documentaire<\/strong> : r\u00e9cup\u00e9ration, classement et archivage des dossiers import\/export<\/li>\n<li role=\"presentation\"><strong>Communication fournisseurs et transitaires<\/strong> : \u00e9changes r\u00e9guliers pour assurer un suivi fluide des op\u00e9rations<\/li>\n<li role=\"presentation\"><strong>Montage des dossiers de revient<\/strong> : V\u00e9hicules Neufs &amp; Pi\u00e8ces de Rechange<\/li>\n<li role=\"presentation\"><strong>Contr\u00f4le de conformit\u00e9<\/strong> : v\u00e9rification des donn\u00e9es, factures de frais, \u00e9critures comptables avant saisie<\/li>\n<li role=\"presentation\"><strong>Suivi des comptes fournisseurs<\/strong> : rapprochements, enregistrements de paiements, contr\u00f4le des bar\u00e8mes tarifaires<\/li>\n<li role=\"presentation\"><strong>Analyse des stocks<\/strong> : suivi des achats\/ventes, stock sous douane et provisions<\/li>\n<li role=\"presentation\"><strong>Support export<\/strong> : montage et suivi des dossiers \u00e0 l\u2019export<\/li>\n<li role=\"presentation\"><strong>Polyvalence<\/strong> : collaboration active au sein du service, avec une vue d\u2019ensemble sur les flux comptables et logistiques<\/li>\n<\/ul>\n<p><strong>Le profil que nous recherchons :<\/strong><\/p>\n<ul>\n<li style=\"font-weight: 400;\"><span>Formation<\/span>\u00a0: Bac+2 en comptabilit\u00e9, gestion ou exp\u00e9rience \u00e9quivalente<\/li>\n<li>\n<div role=\"presentation\"><span>Comp\u00e9tences informatiques<\/span>\u00a0: excellente ma\u00eetrise des outils bureautiques ; la connaissance du logiciel comptable <span>CODA<\/span>\u00a0est un <span>atout<\/span><\/div>\n<\/li>\n<li>\n<div role=\"presentation\">Rigoureux.se, discret.e<\/div>\n<\/li>\n<li>\n<div role=\"presentation\"><span>Ponctuel.le et motiv\u00e9.e<\/span><\/div>\n<\/li>\n<\/ul>\n<p style=\"font-weight: 400;\">Des connaissances en hygi\u00e8ne alimentaire, en manipulation de produits et en encaissement, sont un petit plus !<\/p>\n<p style=\"font-weight: 400;\">Le Groupe Caill\u00e9 est un employeur garantissant l&rsquo;\u00e9galit\u00e9 des chances et valorisant la diversit\u00e9 au sein de ses \u00e9quipes.<\/p>\n<p><span>Adresse de recrutement : <a href=\"mailto:job-ref-ml63tk5w4b@emploi.beetween.com\">job-ref-ml63tk5w4b@emploi.beetween.com<\/a>\u00a0<\/span><\/p>\n<p>[\/et_pb_text][\/et_pb_column][\/et_pb_row][et_pb_row _builder_version=\u00a0\u00bb4.16&Prime; _module_preset=\u00a0\u00bbdefault\u00a0\u00bb global_colors_info=\u00a0\u00bb{}\u00a0\u00bb theme_builder_area=\u00a0\u00bbpost_content\u00a0\u00bb][et_pb_column type=\u00a0\u00bb4_4&Prime; _builder_version=\u00a0\u00bb4.16&Prime; _module_preset=\u00a0\u00bbdefault\u00a0\u00bb global_colors_info=\u00a0\u00bb{}\u00a0\u00bb theme_builder_area=\u00a0\u00bbpost_content\u00a0\u00bb][et_pb_button button_url=\u00a0\u00bb@ET-DC@eyJkeW5hbWljIjp0cnVlLCJjb250ZW50IjoicG9zdF9saW5rX3VybF9wYWdlIiwic2V0dGluZ3MiOnsicG9zdF9pZCI6IjExMTkifX0=@\u00a0\u00bb button_text=\u00a0\u00bbRETOUR AUX OFFRES\u00a0\u00bb _builder_version=\u00a0\u00bb4.16&Prime; _dynamic_attributes=\u00a0\u00bbbutton_url\u00a0\u00bb _module_preset=\u00a0\u00bbdefault\u00a0\u00bb custom_button=\u00a0\u00bbon\u00a0\u00bb button_text_color=\u00a0\u00bb#ffffff\u00a0\u00bb button_bg_color=\u00a0\u00bb#a4326b\u00a0\u00bb button_border_width=\u00a0\u00bb0px\u00a0\u00bb button_icon=\u00a0\u00bb&#x34;||divi||400&Prime; button_icon_placement=\u00a0\u00bbleft\u00a0\u00bb global_colors_info=\u00a0\u00bb{}\u00a0\u00bb theme_builder_area=\u00a0\u00bbpost_content\u00a0\u00bb][\/et_pb_button][\/et_pb_column][\/et_pb_row][\/et_pb_section]<\/p>\n","protected":false},"excerpt":{"rendered":"<p>COMPTABLE IMPORT &#8211; EXPORT (H\/F) LOGICARE REJOIGNEZ UN GROUPE LEADERA LA REUNIONGroupe Caill\u00e9 recrute pour LEADER PRICE SAINT-GILLES Nous recherchons un Employ\u00e9 Comptable (H\/F) pour assurer la gestion comptable et logistique de notre service import\/export multi-soci\u00e9t\u00e9s. Vos missions : En v\u00e9ritable pilier du service, vous interviendrez sur un large \u00e9ventail de t\u00e2ches cl\u00e9s : Gestion [&hellip;]<\/p>\n","protected":false},"author":21,"featured_media":0,"parent":0,"menu_order":0,"comment_status":"closed","ping_status":"closed","template":"page-template-blank.php","meta":{"_et_pb_use_builder":"on","_et_pb_old_content":"","_et_gb_content_width":""},"_links":{"self":[{"href":"https:\/\/groupecaille.com\/index.php\/wp-json\/wp\/v2\/pages\/8730"}],"collection":[{"href":"https:\/\/groupecaille.com\/index.php\/wp-json\/wp\/v2\/pages"}],"about":[{"href":"https:\/\/groupecaille.com\/index.php\/wp-json\/wp\/v2\/types\/page"}],"author":[{"embeddable":true,"href":"https:\/\/groupecaille.com\/index.php\/wp-json\/wp\/v2\/users\/21"}],"replies":[{"embeddable":true,"href":"https:\/\/groupecaille.com\/index.php\/wp-json\/wp\/v2\/comments?post=8730"}],"version-history":[{"count":2,"href":"https:\/\/groupecaille.com\/index.php\/wp-json\/wp\/v2\/pages\/8730\/revisions"}],"predecessor-version":[{"id":8732,"href":"https:\/\/groupecaille.com\/index.php\/wp-json\/wp\/v2\/pages\/8730\/revisions\/8732"}],"wp:attachment":[{"href":"https:\/\/groupecaille.com\/index.php\/wp-json\/wp\/v2\/media?parent=8730"}],"curies":[{"name":"wp","href":"https:\/\/api.w.org\/{rel}","templated":true}]}}