{"id":8584,"date":"2025-04-18T14:42:15","date_gmt":"2025-04-18T10:42:15","guid":{"rendered":"https:\/\/groupecaille.com\/?page_id=8584"},"modified":"2025-04-18T14:42:15","modified_gmt":"2025-04-18T10:42:15","slug":"18avril-operateur-service-rapide-hf-midas-saint-pierre","status":"publish","type":"page","link":"https:\/\/groupecaille.com\/index.php\/18avril-operateur-service-rapide-hf-midas-saint-pierre\/","title":{"rendered":"18Avril-OPERATEUR SERVICE RAPIDE HF &#8211; MIDAS SAINT PIERRE"},"content":{"rendered":"[et_pb_section fb_built=\u00a0\u00bb1&Prime; _builder_version=\u00a0\u00bb4.16&Prime; _module_preset=\u00a0\u00bbdefault\u00a0\u00bb min_height=\u00a0\u00bb947.4px\u00a0\u00bb da_disable_devices=\u00a0\u00bboff|off|off\u00a0\u00bb global_colors_info=\u00a0\u00bb{}\u00a0\u00bb theme_builder_area=\u00a0\u00bbpost_content\u00a0\u00bb da_is_popup=\u00a0\u00bboff\u00a0\u00bb da_exit_intent=\u00a0\u00bboff\u00a0\u00bb da_has_close=\u00a0\u00bbon\u00a0\u00bb da_alt_close=\u00a0\u00bboff\u00a0\u00bb da_dark_close=\u00a0\u00bboff\u00a0\u00bb da_not_modal=\u00a0\u00bbon\u00a0\u00bb da_is_singular=\u00a0\u00bboff\u00a0\u00bb da_with_loader=\u00a0\u00bboff\u00a0\u00bb da_has_shadow=\u00a0\u00bbon\u00a0\u00bb][et_pb_row _builder_version=\u00a0\u00bb4.16&Prime; _module_preset=\u00a0\u00bbdefault\u00a0\u00bb background_color=\u00a0\u00bb#a4326b\u00a0\u00bb global_colors_info=\u00a0\u00bb{}\u00a0\u00bb theme_builder_area=\u00a0\u00bbpost_content\u00a0\u00bb][et_pb_column type=\u00a0\u00bb4_4&Prime; _builder_version=\u00a0\u00bb4.16&Prime; _module_preset=\u00a0\u00bbdefault\u00a0\u00bb global_colors_info=\u00a0\u00bb{}\u00a0\u00bb theme_builder_area=\u00a0\u00bbpost_content\u00a0\u00bb][et_pb_text _builder_version=\u00a0\u00bb4.20.2&Prime; _module_preset=\u00a0\u00bbdefault\u00a0\u00bb header_font=\u00a0\u00bb|||on|||||\u00a0\u00bb header_text_align=\u00a0\u00bbcenter\u00a0\u00bb header_text_color=\u00a0\u00bb#ffffff\u00a0\u00bb header_2_text_align=\u00a0\u00bbcenter\u00a0\u00bb header_2_text_color=\u00a0\u00bb#FFFFFF\u00a0\u00bb header_2_font_size=\u00a0\u00bb24px\u00a0\u00bb hover_enabled=\u00a0\u00bb0&Prime; global_colors_info=\u00a0\u00bb{}\u00a0\u00bb theme_builder_area=\u00a0\u00bbpost_content\u00a0\u00bb sticky_enabled=\u00a0\u00bb0&Prime;]<div class=\"page\" title=\"Page 1\">\n<div class=\"section\">\n<div class=\"layoutArea\">\n<div class=\"column\">\n<h2>OPERATEUR SERVICE RAPIDE H\/F<\/h2>\n<h2><b>MIDAS SAINT PIERRE<\/b><\/h2>\n<\/div>\n<\/div>\n<\/div>\n<\/div>[\/et_pb_text][\/et_pb_column][\/et_pb_row][et_pb_row _builder_version=\u00a0\u00bb4.16&Prime; _module_preset=\u00a0\u00bbdefault\u00a0\u00bb global_colors_info=\u00a0\u00bb{}\u00a0\u00bb theme_builder_area=\u00a0\u00bbpost_content\u00a0\u00bb][et_pb_column type=\u00a0\u00bb4_4&Prime; _builder_version=\u00a0\u00bb4.16&Prime; _module_preset=\u00a0\u00bbdefault\u00a0\u00bb global_colors_info=\u00a0\u00bb{}\u00a0\u00bb theme_builder_area=\u00a0\u00bbpost_content\u00a0\u00bb][et_pb_text _builder_version=\u00a0\u00bb4.20.2&Prime; _module_preset=\u00a0\u00bbdefault\u00a0\u00bb min_height=\u00a0\u00bb509.8px\u00a0\u00bb hover_enabled=\u00a0\u00bb0&Prime; global_colors_info=\u00a0\u00bb{}\u00a0\u00bb theme_builder_area=\u00a0\u00bbpost_content\u00a0\u00bb sticky_enabled=\u00a0\u00bb0&Prime;]<p style=\"font-weight: 400;\"><\/p>\n<div class=\"elementToProof\">\n<div class=\"elementToProof\">\n<div class=\"elementToProof\">\n<div class=\"elementToProof\">\n<div class=\"elementToProof\">\n<div class=\"elementToProof\">\n<div class=\"elementToProof\">\n<div class=\"elementToProof\">\n<div class=\"elementToProof\">\n<div class=\"elementToProof\">\n<div class=\"elementToProof\">\n<div class=\"elementToProof\">\n<div class=\"elementToProof\">\n<div class=\"elementToProof\">\n<div class=\"elementToProof\">\n<div class=\"elementToProof\">\n<div class=\"elementToProof\">\n<div class=\"elementToProof\">\n<div class=\"elementToProof\">\n<div class=\"elementToProof\">\n<div>Nous recherchons un Op\u00e9rateur Service Rapide H\/F passionn\u00e9(e) et motiv\u00e9(e) pour rejoindre notre \u00e9quipe de <span>Saint Pierre<\/span>.<\/div>\n<div><\/div>\n<div>Sous la responsabilit\u00e9 du Responsable de Site, vous serez en charge de la maintenance des v\u00e9hicules et de diverses interventions techniques.<\/div>\n<div><span>\u00a0<\/span><\/div>\n<div><span>Vos missions :<\/span><\/div>\n<ul>\n<li>R\u00e9aliser l\u2019ensemble des interventions de maintenance pr\u00e9ventive et corrective (freinage, liaison au sol, \u00e9chappement, climatisation, pneumatique, embrayage, distribution, etc.).<\/li>\n<li>Poser des accessoires sur v\u00e9hicules pr\u00e9-\u00e9quip\u00e9s.<\/li>\n<li>Agencer et entretenir votre poste de travail et l\u2019outillage.<\/li>\n<li>Appliquer les proc\u00e9dures qualit\u00e9 en vigueur dans l\u2019entreprise.<\/li>\n<li>\u00c9tablir tout document d\u2019atelier utile.<\/li>\n<li>Conseiller la client\u00e8le sur l\u2019utilisation des v\u00e9hicules.<\/li>\n<li>\n<div>Effectuer la vente additionnelle de produits et services<\/div>\n<\/li>\n<\/ul>\n<div><span>\u00a0<\/span><\/div>\n<div><span>Le profil que nous recherchons<\/span><\/div>\n<div><\/div>\n<ul>\n<li>Dipl\u00f4me dans le domaine de la m\u00e9canique ou maintenance des v\u00e9hicules automobiles.<\/li>\n<li>Exp\u00e9rience de 1 \u00e0 2 ans en m\u00e9canique multi-marques.<\/li>\n<li>Bon relationnel client et bonnes capacit\u00e9s de communication.<\/li>\n<li>Rigueur, organisation et esprit d\u2019\u00e9quipe.<\/li>\n<\/ul>\n<div><\/div>\n<div>Le Groupe Caill\u00e9 est un employeur garantissant l\u2019\u00e9galit\u00e9 des chances et valorisant la diversit\u00e9 au sein de ses \u00e9quipes.<\/div>\n<\/div>\n<\/div>\n<\/div>\n<\/div>\n<\/div>\n<\/div>\n<\/div>\n<\/div>\n<\/div>\n<\/div>\n<\/div>\n<\/div>\n<\/div>\n<\/div>\n<\/div>\n<\/div>\n<\/div>\n<\/div>\n<\/div>\n<\/div>\n<p style=\"font-weight: 400;\"><\/p>[\/et_pb_text][\/et_pb_column][\/et_pb_row][et_pb_row _builder_version=\u00a0\u00bb4.16&Prime; _module_preset=\u00a0\u00bbdefault\u00a0\u00bb global_colors_info=\u00a0\u00bb{}\u00a0\u00bb theme_builder_area=\u00a0\u00bbpost_content\u00a0\u00bb][et_pb_column type=\u00a0\u00bb4_4&Prime; _builder_version=\u00a0\u00bb4.16&Prime; _module_preset=\u00a0\u00bbdefault\u00a0\u00bb global_colors_info=\u00a0\u00bb{}\u00a0\u00bb theme_builder_area=\u00a0\u00bbpost_content\u00a0\u00bb][et_pb_text _builder_version=\u00a0\u00bb4.20.2&Prime; _module_preset=\u00a0\u00bbdefault\u00a0\u00bb text_font_size=\u00a0\u00bb17px\u00a0\u00bb hover_enabled=\u00a0\u00bb0&Prime; global_colors_info=\u00a0\u00bb{}\u00a0\u00bb theme_builder_area=\u00a0\u00bbpost_content\u00a0\u00bb sticky_enabled=\u00a0\u00bb0&Prime;]<div class=\"page\" title=\"Page 1\" style=\"text-align: center;\">\n<div class=\"section\">\n<div class=\"layoutArea\">\n<div class=\"column\">\n<h3 style=\"text-align: center;\">Pour toute candidature, merci d\u2019adresser un CV accompagn\u00e9 d\u2019une lettre de motivation \u00e0 l&rsquo;adresse suivante<\/h3>\n<p><span><u><a href=\"mailto:job-ref-ciy94ayfra@emploi.beetween.com\" id=\"OWA6cbca99f-81dc-b21f-a34c-6710606cee67\" class=\"x_OWAAutoLink\">job-ref-ciy94ayfra@emploi.beetween.com<\/a><\/u><\/span><span>\u00a0<\/span><\/p>\n<\/div>\n<\/div>\n<\/div>\n<\/div>[\/et_pb_text][\/et_pb_column][\/et_pb_row][et_pb_row _builder_version=\u00a0\u00bb4.16&Prime; _module_preset=\u00a0\u00bbdefault\u00a0\u00bb global_colors_info=\u00a0\u00bb{}\u00a0\u00bb theme_builder_area=\u00a0\u00bbpost_content\u00a0\u00bb][et_pb_column type=\u00a0\u00bb4_4&Prime; _builder_version=\u00a0\u00bb4.16&Prime; _module_preset=\u00a0\u00bbdefault\u00a0\u00bb global_colors_info=\u00a0\u00bb{}\u00a0\u00bb theme_builder_area=\u00a0\u00bbpost_content\u00a0\u00bb][et_pb_button button_url=\u00a0\u00bb@ET-DC@eyJkeW5hbWljIjp0cnVlLCJjb250ZW50IjoicG9zdF9saW5rX3VybF9wYWdlIiwic2V0dGluZ3MiOnsicG9zdF9pZCI6IjExMTkifX0=@\u00a0\u00bb button_text=\u00a0\u00bbRETOUR AUX OFFRES\u00a0\u00bb _builder_version=\u00a0\u00bb4.16&Prime; _dynamic_attributes=\u00a0\u00bbbutton_url\u00a0\u00bb _module_preset=\u00a0\u00bbdefault\u00a0\u00bb custom_button=\u00a0\u00bbon\u00a0\u00bb button_text_color=\u00a0\u00bb#ffffff\u00a0\u00bb button_bg_color=\u00a0\u00bb#a4326b\u00a0\u00bb button_border_width=\u00a0\u00bb0px\u00a0\u00bb button_icon=\u00a0\u00bb&#x34;||divi||400&Prime; button_icon_placement=\u00a0\u00bbleft\u00a0\u00bb global_colors_info=\u00a0\u00bb{}\u00a0\u00bb theme_builder_area=\u00a0\u00bbpost_content\u00a0\u00bb][\/et_pb_button][\/et_pb_column][\/et_pb_row][\/et_pb_section]","protected":false},"excerpt":{"rendered":"<p>OPERATEUR SERVICE RAPIDE H\/F MIDAS SAINT PIERRE Nous recherchons un Op\u00e9rateur Service Rapide H\/F passionn\u00e9(e) et motiv\u00e9(e) pour rejoindre notre \u00e9quipe de Saint Pierre. Sous la responsabilit\u00e9 du Responsable de Site, vous serez en charge de la maintenance des v\u00e9hicules et de diverses interventions techniques. \u00a0 Vos missions : R\u00e9aliser l\u2019ensemble des interventions de maintenance [&hellip;]<\/p>\n","protected":false},"author":21,"featured_media":0,"parent":0,"menu_order":0,"comment_status":"closed","ping_status":"closed","template":"","meta":{"_et_pb_use_builder":"on","_et_pb_old_content":"","_et_gb_content_width":""},"_links":{"self":[{"href":"https:\/\/groupecaille.com\/index.php\/wp-json\/wp\/v2\/pages\/8584"}],"collection":[{"href":"https:\/\/groupecaille.com\/index.php\/wp-json\/wp\/v2\/pages"}],"about":[{"href":"https:\/\/groupecaille.com\/index.php\/wp-json\/wp\/v2\/types\/page"}],"author":[{"embeddable":true,"href":"https:\/\/groupecaille.com\/index.php\/wp-json\/wp\/v2\/users\/21"}],"replies":[{"embeddable":true,"href":"https:\/\/groupecaille.com\/index.php\/wp-json\/wp\/v2\/comments?post=8584"}],"version-history":[{"count":2,"href":"https:\/\/groupecaille.com\/index.php\/wp-json\/wp\/v2\/pages\/8584\/revisions"}],"predecessor-version":[{"id":8586,"href":"https:\/\/groupecaille.com\/index.php\/wp-json\/wp\/v2\/pages\/8584\/revisions\/8586"}],"wp:attachment":[{"href":"https:\/\/groupecaille.com\/index.php\/wp-json\/wp\/v2\/media?parent=8584"}],"curies":[{"name":"wp","href":"https:\/\/api.w.org\/{rel}","templated":true}]}}

[et_pb_section fb_built= »1&Prime; _builder_version= »4.16&Prime; _module_preset= »default » min_height= »947.4px » da_disable_devices= »off|off|off » global_colors_info= »{} » theme_builder_area= »post_content » da_is_popup= »off » da_exit_intent= »off » da_has_close= »on » da_alt_close= »off » da_dark_close= »off » da_not_modal= »on » da_is_singular= »off » da_with_loader= »off » da_has_shadow= »on »][et_pb_row _builder_version= »4.16&Prime; _module_preset= »default » background_color= »#a4326b » global_colors_info= »{} » theme_builder_area= »post_content »][et_pb_column type= »4_4&Prime; _builder_version= »4.16&Prime; _module_preset= »default » global_colors_info= »{} » theme_builder_area= »post_content »][et_pb_text _builder_version= »4.20.2&Prime; _module_preset= »default » header_font= »|||on||||| » header_text_align= »center » header_text_color= »#ffffff » header_2_text_align= »center » header_2_text_color= »#FFFFFF » header_2_font_size= »24px » hover_enabled= »0&Prime; global_colors_info= »{} » theme_builder_area= »post_content » sticky_enabled= »0&Prime;]<div class="page" title="Page 1">
<div class="section">
<div class="layoutArea">
<div class="column">
<h2>OPERATEUR SERVICE RAPIDE H/F</h2>
<h2><b>MIDAS SAINT PIERRE</b></h2>
</div>
</div>
</div>
</div>[/et_pb_text][/et_pb_column][/et_pb_row][et_pb_row _builder_version= »4.16&Prime; _module_preset= »default » global_colors_info= »{} » theme_builder_area= »post_content »][et_pb_column type= »4_4&Prime; _builder_version= »4.16&Prime; _module_preset= »default » global_colors_info= »{} » theme_builder_area= »post_content »][et_pb_text _builder_version= »4.20.2&Prime; _module_preset= »default » min_height= »509.8px » hover_enabled= »0&Prime; global_colors_info= »{} » theme_builder_area= »post_content » sticky_enabled= »0&Prime;]<p style="font-weight: 400;"></p>
<div class="elementToProof">
<div class="elementToProof">
<div class="elementToProof">
<div class="elementToProof">
<div class="elementToProof">
<div class="elementToProof">
<div class="elementToProof">
<div class="elementToProof">
<div class="elementToProof">
<div class="elementToProof">
<div class="elementToProof">
<div class="elementToProof">
<div class="elementToProof">
<div class="elementToProof">
<div class="elementToProof">
<div class="elementToProof">
<div class="elementToProof">
<div class="elementToProof">
<div class="elementToProof">
<div class="elementToProof">
<div>Nous recherchons un Opérateur Service Rapide H/F passionné(e) et motivé(e) pour rejoindre notre équipe de <span>Saint Pierre</span>.</div>
<div></div>
<div>Sous la responsabilité du Responsable de Site, vous serez en charge de la maintenance des véhicules et de diverses interventions techniques.</div>
<div><span> </span></div>
<div><span>Vos missions :</span></div>
<ul>
<li>Réaliser l’ensemble des interventions de maintenance préventive et corrective (freinage, liaison au sol, échappement, climatisation, pneumatique, embrayage, distribution, etc.).</li>
<li>Poser des accessoires sur véhicules pré-équipés.</li>
<li>Agencer et entretenir votre poste de travail et l’outillage.</li>
<li>Appliquer les procédures qualité en vigueur dans l’entreprise.</li>
<li>Établir tout document d’atelier utile.</li>
<li>Conseiller la clientèle sur l’utilisation des véhicules.</li>
<li>
<div>Effectuer la vente additionnelle de produits et services</div>
</li>
</ul>
<div><span> </span></div>
<div><span>Le profil que nous recherchons</span></div>
<div></div>
<ul>
<li>Diplôme dans le domaine de la mécanique ou maintenance des véhicules automobiles.</li>
<li>Expérience de 1 à 2 ans en mécanique multi-marques.</li>
<li>Bon relationnel client et bonnes capacités de communication.</li>
<li>Rigueur, organisation et esprit d’équipe.</li>
</ul>
<div></div>
<div>Le Groupe Caillé est un employeur garantissant l’égalité des chances et valorisant la diversité au sein de ses équipes.</div>
</div>
</div>
</div>
</div>
</div>
</div>
</div>
</div>
</div>
</div>
</div>
</div>
</div>
</div>
</div>
</div>
</div>
</div>
</div>
</div>
<p style="font-weight: 400;"></p>[/et_pb_text][/et_pb_column][/et_pb_row][et_pb_row _builder_version= »4.16&Prime; _module_preset= »default » global_colors_info= »{} » theme_builder_area= »post_content »][et_pb_column type= »4_4&Prime; _builder_version= »4.16&Prime; _module_preset= »default » global_colors_info= »{} » theme_builder_area= »post_content »][et_pb_text _builder_version= »4.20.2&Prime; _module_preset= »default » text_font_size= »17px » hover_enabled= »0&Prime; global_colors_info= »{} » theme_builder_area= »post_content » sticky_enabled= »0&Prime;]<div class="page" title="Page 1" style="text-align: center;">
<div class="section">
<div class="layoutArea">
<div class="column">
<h3 style="text-align: center;">Pour toute candidature, merci d’adresser un CV accompagné d’une lettre de motivation à l&rsquo;adresse suivante</h3>
<p><span><u><a href="mailto:job-ref-ciy94ayfra@emploi.beetween.com" id="OWA6cbca99f-81dc-b21f-a34c-6710606cee67" class="x_OWAAutoLink">job-ref-ciy94ayfra@emploi.beetween.com</a></u></span><span> </span></p>
</div>
</div>
</div>
</div>[/et_pb_text][/et_pb_column][/et_pb_row][et_pb_row _builder_version= »4.16&Prime; _module_preset= »default » global_colors_info= »{} » theme_builder_area= »post_content »][et_pb_column type= »4_4&Prime; _builder_version= »4.16&Prime; _module_preset= »default » global_colors_info= »{} » theme_builder_area= »post_content »][et_pb_button button_url= »@ET-DC@eyJkeW5hbWljIjp0cnVlLCJjb250ZW50IjoicG9zdF9saW5rX3VybF9wYWdlIiwic2V0dGluZ3MiOnsicG9zdF9pZCI6IjExMTkifX0=@ » button_text= »RETOUR AUX OFFRES » _builder_version= »4.16&Prime; _dynamic_attributes= »button_url » _module_preset= »default » custom_button= »on » button_text_color= »#ffffff » button_bg_color= »#a4326b » button_border_width= »0px » button_icon= »&#x34;||divi||400&Prime; button_icon_placement= »left » global_colors_info= »{} » theme_builder_area= »post_content »][/et_pb_button][/et_pb_column][/et_pb_row][/et_pb_section]

<p>OPERATEUR SERVICE RAPIDE H/F MIDAS SAINT PIERRE Nous recherchons un Opérateur Service Rapide H/F passionné(e) et motivé(e) pour rejoindre notre équipe de Saint Pierre. Sous la responsabilité du Responsable de Site, vous serez en charge de la maintenance des véhicules et de diverses interventions techniques.   Vos missions : Réaliser l’ensemble des interventions de maintenance [&hellip;]</p>
