{"id":8338,"date":"2024-10-28T15:05:09","date_gmt":"2024-10-28T11:05:09","guid":{"rendered":"https:\/\/groupecaille.com\/?page_id=8338"},"modified":"2024-10-28T15:05:15","modified_gmt":"2024-10-28T11:05:15","slug":"apprenti-en-salle-villa-fleurie-bellepierre","status":"publish","type":"page","link":"https:\/\/groupecaille.com\/index.php\/apprenti-en-salle-villa-fleurie-bellepierre\/","title":{"rendered":"APPRENTI EN SALLE VILLA FLEURIE BELLEPIERRE"},"content":{"rendered":"[et_pb_section fb_built=\u00a0\u00bb1&Prime; _builder_version=\u00a0\u00bb4.16&Prime; _module_preset=\u00a0\u00bbdefault\u00a0\u00bb da_disable_devices=\u00a0\u00bboff|off|off\u00a0\u00bb global_colors_info=\u00a0\u00bb{}\u00a0\u00bb theme_builder_area=\u00a0\u00bbpost_content\u00a0\u00bb da_is_popup=\u00a0\u00bboff\u00a0\u00bb da_exit_intent=\u00a0\u00bboff\u00a0\u00bb da_has_close=\u00a0\u00bbon\u00a0\u00bb da_alt_close=\u00a0\u00bboff\u00a0\u00bb da_dark_close=\u00a0\u00bboff\u00a0\u00bb da_not_modal=\u00a0\u00bbon\u00a0\u00bb da_is_singular=\u00a0\u00bboff\u00a0\u00bb da_with_loader=\u00a0\u00bboff\u00a0\u00bb da_has_shadow=\u00a0\u00bbon\u00a0\u00bb][et_pb_row _builder_version=\u00a0\u00bb4.16&Prime; _module_preset=\u00a0\u00bbdefault\u00a0\u00bb background_color=\u00a0\u00bb#a4326b\u00a0\u00bb global_colors_info=\u00a0\u00bb{}\u00a0\u00bb theme_builder_area=\u00a0\u00bbpost_content\u00a0\u00bb][et_pb_column type=\u00a0\u00bb4_4&Prime; _builder_version=\u00a0\u00bb4.16&Prime; _module_preset=\u00a0\u00bbdefault\u00a0\u00bb global_colors_info=\u00a0\u00bb{}\u00a0\u00bb theme_builder_area=\u00a0\u00bbpost_content\u00a0\u00bb][et_pb_text _builder_version=\u00a0\u00bb4.20.2&Prime; _module_preset=\u00a0\u00bbdefault\u00a0\u00bb header_font=\u00a0\u00bb|||on|||||\u00a0\u00bb header_text_align=\u00a0\u00bbcenter\u00a0\u00bb header_text_color=\u00a0\u00bb#ffffff\u00a0\u00bb header_2_text_align=\u00a0\u00bbcenter\u00a0\u00bb header_2_text_color=\u00a0\u00bb#FFFFFF\u00a0\u00bb header_2_font_size=\u00a0\u00bb24px\u00a0\u00bb hover_enabled=\u00a0\u00bb0&Prime; global_colors_info=\u00a0\u00bb{}\u00a0\u00bb theme_builder_area=\u00a0\u00bbpost_content\u00a0\u00bb sticky_enabled=\u00a0\u00bb0&Prime;]<div class=\"page\" title=\"Page 1\">\n<div class=\"section\">\n<div class=\"layoutArea\">\n<div class=\"column\">\n<h2>APPRENTI EN SALLE H\/F<\/h2>\n<h2><strong> VILLA FLEURIE BELLEPIERRE<\/strong><\/h2>\n<\/div>\n<\/div>\n<\/div>\n<\/div>[\/et_pb_text][\/et_pb_column][\/et_pb_row][et_pb_row _builder_version=\u00a0\u00bb4.16&Prime; _module_preset=\u00a0\u00bbdefault\u00a0\u00bb global_colors_info=\u00a0\u00bb{}\u00a0\u00bb theme_builder_area=\u00a0\u00bbpost_content\u00a0\u00bb][et_pb_column type=\u00a0\u00bb4_4&Prime; _builder_version=\u00a0\u00bb4.16&Prime; _module_preset=\u00a0\u00bbdefault\u00a0\u00bb global_colors_info=\u00a0\u00bb{}\u00a0\u00bb theme_builder_area=\u00a0\u00bbpost_content\u00a0\u00bb][et_pb_text _builder_version=\u00a0\u00bb4.20.2&Prime; _module_preset=\u00a0\u00bbdefault\u00a0\u00bb hover_enabled=\u00a0\u00bb0&Prime; global_colors_info=\u00a0\u00bb{}\u00a0\u00bb theme_builder_area=\u00a0\u00bbpost_content\u00a0\u00bb sticky_enabled=\u00a0\u00bb0&Prime;]<p style=\"font-weight: 400;\"><\/p>\n<p class=\"p1\">Vous souhaitez d\u00e9couvrir le monde de la restauration et acqu\u00e9rir une exp\u00e9rience pr\u00e9cieuse en salle ?<\/p>\n<p class=\"p1\">Nous recherchons un(e) Apprenti(e) en Salle motiv\u00e9(e) et dynamique pour rejoindre notre \u00e9quipe.<\/p>\n<p class=\"p1\">Sous la supervision du ma\u00eetre d\u2019h\u00f4tel et\/ou de votre tuteur en entreprise, vous participerez \u00e0 diverses t\u00e2ches essentielles au bon fonctionnement de notre service en salle.<\/p>\n<p class=\"p1\"><b>Vos principales missions :<\/b><\/p>\n<ul class=\"ul1\">\n<li class=\"li1\"><span class=\"s1\"><\/span>Aider au dressage des tables et \u00e0 la mise en place du service\u00a0: Assurez-vous que chaque table soit parfaitement pr\u00e9par\u00e9e pour accueillir nos clients.<\/li>\n<li class=\"li1\"><span class=\"s1\"><\/span>Participer aux travaux de pr\u00e9paration pour le service\u00a0: Contribuez \u00e0 la pr\u00e9paration des \u00e9l\u00e9ments n\u00e9cessaires pour un service fluide et efficace.<\/li>\n<li class=\"li1\"><span class=\"s1\"><\/span>D\u00e9barrasser et ranger la salle de mani\u00e8re efficace\u00a0: Veillez \u00e0 ce que la salle soit toujours propre et accueillante.<\/li>\n<li class=\"li1\"><span class=\"s1\"><\/span>Contribuer au nettoyage de la salle et des espaces de service (back office)\u00a0: Participez au maintien de la propret\u00e9 des espaces de service.<\/li>\n<\/ul>\n<p class=\"p1\"><b>Profil recherch\u00e9 :<\/b><\/p>\n<ul class=\"ul1\">\n<li class=\"li1\"><span class=\"s1\"><\/span>S\u00e9rieux, organis\u00e9, ponctuel\u00a0: Vous \u00eates rigoureux(se) et respectez les horaires.<\/li>\n<li class=\"li1\"><span class=\"s1\"><\/span>Ayant le sens du service et une bonne pr\u00e9sentation\u00a0: Vous avez \u00e0 c\u0153ur de satisfaire les clients et pr\u00e9sentez bien.<\/li>\n<li class=\"li1\"><span class=\"s1\"><\/span>Capable de travailler en \u00e9quipe et de s\u2019adapter \u00e0 un environnement dynamique\u00a0: Vous aimez le travail en \u00e9quipe et vous vous adaptez rapidement.<\/li>\n<li class=\"li1\"><span class=\"s1\"><\/span>Disponibilit\u00e9 pour des horaires flexibles\u00a0: Vous \u00eates pr\u00eat(e) \u00e0 travailler selon des horaires vari\u00e9s.<\/li>\n<li class=\"li1\"><span class=\"s1\"><\/span>Ayant le permis de conduire\u00a0: Vous pouvez vous rendre facilement \u00e0 notre \u00e9tablissement.<\/li>\n<\/ul>\n<p class=\"p2\"><b><\/b><\/p>\n<p class=\"p3\">Le Groupe Caill\u00e9 est un employeur garantissant l&rsquo;\u00e9galit\u00e9 des chances et valorisant la diversit\u00e9 au sein de ses \u00e9quipes.<\/p>\n<p style=\"font-weight: 400;\"><\/p>[\/et_pb_text][\/et_pb_column][\/et_pb_row][et_pb_row _builder_version=\u00a0\u00bb4.16&Prime; _module_preset=\u00a0\u00bbdefault\u00a0\u00bb global_colors_info=\u00a0\u00bb{}\u00a0\u00bb theme_builder_area=\u00a0\u00bbpost_content\u00a0\u00bb][et_pb_column type=\u00a0\u00bb4_4&Prime; _builder_version=\u00a0\u00bb4.16&Prime; _module_preset=\u00a0\u00bbdefault\u00a0\u00bb global_colors_info=\u00a0\u00bb{}\u00a0\u00bb theme_builder_area=\u00a0\u00bbpost_content\u00a0\u00bb][et_pb_text _builder_version=\u00a0\u00bb4.20.2&Prime; _module_preset=\u00a0\u00bbdefault\u00a0\u00bb text_font_size=\u00a0\u00bb17px\u00a0\u00bb hover_enabled=\u00a0\u00bb0&Prime; global_colors_info=\u00a0\u00bb{}\u00a0\u00bb theme_builder_area=\u00a0\u00bbpost_content\u00a0\u00bb sticky_enabled=\u00a0\u00bb0&Prime;]<div class=\"page\" title=\"Page 1\">\n<div class=\"section\">\n<div class=\"layoutArea\">\n<div class=\"column\">\n<h2 style=\"text-align: center;\">Pour toute candidature, merci d\u2019adresser un CV accompagn\u00e9 d\u2019une lettre de motivation \u00e0 l&rsquo;adresse suivante<\/h2>\n<h2 class=\"p1\" style=\"text-align: center;\"><strong>job-ref-2azwt0ybk5@emploi.beetween.com <\/strong><\/h2>\n<\/div>\n<\/div>\n<\/div>\n<\/div>[\/et_pb_text][\/et_pb_column][\/et_pb_row][et_pb_row _builder_version=\u00a0\u00bb4.16&Prime; _module_preset=\u00a0\u00bbdefault\u00a0\u00bb global_colors_info=\u00a0\u00bb{}\u00a0\u00bb theme_builder_area=\u00a0\u00bbpost_content\u00a0\u00bb][et_pb_column type=\u00a0\u00bb4_4&Prime; _builder_version=\u00a0\u00bb4.16&Prime; _module_preset=\u00a0\u00bbdefault\u00a0\u00bb global_colors_info=\u00a0\u00bb{}\u00a0\u00bb theme_builder_area=\u00a0\u00bbpost_content\u00a0\u00bb][et_pb_button button_url=\u00a0\u00bb@ET-DC@eyJkeW5hbWljIjp0cnVlLCJjb250ZW50IjoicG9zdF9saW5rX3VybF9wYWdlIiwic2V0dGluZ3MiOnsicG9zdF9pZCI6IjExMTkifX0=@\u00a0\u00bb button_text=\u00a0\u00bbRETOUR AUX OFFRES\u00a0\u00bb _builder_version=\u00a0\u00bb4.16&Prime; _dynamic_attributes=\u00a0\u00bbbutton_url\u00a0\u00bb _module_preset=\u00a0\u00bbdefault\u00a0\u00bb custom_button=\u00a0\u00bbon\u00a0\u00bb button_text_color=\u00a0\u00bb#ffffff\u00a0\u00bb button_bg_color=\u00a0\u00bb#a4326b\u00a0\u00bb button_border_width=\u00a0\u00bb0px\u00a0\u00bb button_icon=\u00a0\u00bb&#x34;||divi||400&Prime; button_icon_placement=\u00a0\u00bbleft\u00a0\u00bb global_colors_info=\u00a0\u00bb{}\u00a0\u00bb theme_builder_area=\u00a0\u00bbpost_content\u00a0\u00bb][\/et_pb_button][\/et_pb_column][\/et_pb_row][\/et_pb_section]","protected":false},"excerpt":{"rendered":"<p>APPRENTI EN SALLE H\/F VILLA FLEURIE BELLEPIERRE Vous souhaitez d\u00e9couvrir le monde de la restauration et acqu\u00e9rir une exp\u00e9rience pr\u00e9cieuse en salle ? Nous recherchons un(e) Apprenti(e) en Salle motiv\u00e9(e) et dynamique pour rejoindre notre \u00e9quipe. Sous la supervision du ma\u00eetre d\u2019h\u00f4tel et\/ou de votre tuteur en entreprise, vous participerez \u00e0 diverses t\u00e2ches essentielles au [&hellip;]<\/p>\n","protected":false},"author":21,"featured_media":0,"parent":0,"menu_order":0,"comment_status":"closed","ping_status":"closed","template":"","meta":{"_et_pb_use_builder":"on","_et_pb_old_content":"","_et_gb_content_width":""},"_links":{"self":[{"href":"https:\/\/groupecaille.com\/index.php\/wp-json\/wp\/v2\/pages\/8338"}],"collection":[{"href":"https:\/\/groupecaille.com\/index.php\/wp-json\/wp\/v2\/pages"}],"about":[{"href":"https:\/\/groupecaille.com\/index.php\/wp-json\/wp\/v2\/types\/page"}],"author":[{"embeddable":true,"href":"https:\/\/groupecaille.com\/index.php\/wp-json\/wp\/v2\/users\/21"}],"replies":[{"embeddable":true,"href":"https:\/\/groupecaille.com\/index.php\/wp-json\/wp\/v2\/comments?post=8338"}],"version-history":[{"count":2,"href":"https:\/\/groupecaille.com\/index.php\/wp-json\/wp\/v2\/pages\/8338\/revisions"}],"predecessor-version":[{"id":8340,"href":"https:\/\/groupecaille.com\/index.php\/wp-json\/wp\/v2\/pages\/8338\/revisions\/8340"}],"wp:attachment":[{"href":"https:\/\/groupecaille.com\/index.php\/wp-json\/wp\/v2\/media?parent=8338"}],"curies":[{"name":"wp","href":"https:\/\/api.w.org\/{rel}","templated":true}]}}

[et_pb_section fb_built= »1&Prime; _builder_version= »4.16&Prime; _module_preset= »default » da_disable_devices= »off|off|off » global_colors_info= »{} » theme_builder_area= »post_content » da_is_popup= »off » da_exit_intent= »off » da_has_close= »on » da_alt_close= »off » da_dark_close= »off » da_not_modal= »on » da_is_singular= »off » da_with_loader= »off » da_has_shadow= »on »][et_pb_row _builder_version= »4.16&Prime; _module_preset= »default » background_color= »#a4326b » global_colors_info= »{} » theme_builder_area= »post_content »][et_pb_column type= »4_4&Prime; _builder_version= »4.16&Prime; _module_preset= »default » global_colors_info= »{} » theme_builder_area= »post_content »][et_pb_text _builder_version= »4.20.2&Prime; _module_preset= »default » header_font= »|||on||||| » header_text_align= »center » header_text_color= »#ffffff » header_2_text_align= »center » header_2_text_color= »#FFFFFF » header_2_font_size= »24px » hover_enabled= »0&Prime; global_colors_info= »{} » theme_builder_area= »post_content » sticky_enabled= »0&Prime;]<div class="page" title="Page 1">
<div class="section">
<div class="layoutArea">
<div class="column">
<h2>APPRENTI EN SALLE H/F</h2>
<h2><strong> VILLA FLEURIE BELLEPIERRE</strong></h2>
</div>
</div>
</div>
</div>[/et_pb_text][/et_pb_column][/et_pb_row][et_pb_row _builder_version= »4.16&Prime; _module_preset= »default » global_colors_info= »{} » theme_builder_area= »post_content »][et_pb_column type= »4_4&Prime; _builder_version= »4.16&Prime; _module_preset= »default » global_colors_info= »{} » theme_builder_area= »post_content »][et_pb_text _builder_version= »4.20.2&Prime; _module_preset= »default » hover_enabled= »0&Prime; global_colors_info= »{} » theme_builder_area= »post_content » sticky_enabled= »0&Prime;]<p style="font-weight: 400;"></p>
<p class="p1">Vous souhaitez découvrir le monde de la restauration et acquérir une expérience précieuse en salle ?</p>
<p class="p1">Nous recherchons un(e) Apprenti(e) en Salle motivé(e) et dynamique pour rejoindre notre équipe.</p>
<p class="p1">Sous la supervision du maître d’hôtel et/ou de votre tuteur en entreprise, vous participerez à diverses tâches essentielles au bon fonctionnement de notre service en salle.</p>
<p class="p1"><b>Vos principales missions :</b></p>
<ul class="ul1">
<li class="li1"><span class="s1"></span>Aider au dressage des tables et à la mise en place du service : Assurez-vous que chaque table soit parfaitement préparée pour accueillir nos clients.</li>
<li class="li1"><span class="s1"></span>Participer aux travaux de préparation pour le service : Contribuez à la préparation des éléments nécessaires pour un service fluide et efficace.</li>
<li class="li1"><span class="s1"></span>Débarrasser et ranger la salle de manière efficace : Veillez à ce que la salle soit toujours propre et accueillante.</li>
<li class="li1"><span class="s1"></span>Contribuer au nettoyage de la salle et des espaces de service (back office) : Participez au maintien de la propreté des espaces de service.</li>
</ul>
<p class="p1"><b>Profil recherché :</b></p>
<ul class="ul1">
<li class="li1"><span class="s1"></span>Sérieux, organisé, ponctuel : Vous êtes rigoureux(se) et respectez les horaires.</li>
<li class="li1"><span class="s1"></span>Ayant le sens du service et une bonne présentation : Vous avez à cœur de satisfaire les clients et présentez bien.</li>
<li class="li1"><span class="s1"></span>Capable de travailler en équipe et de s’adapter à un environnement dynamique : Vous aimez le travail en équipe et vous vous adaptez rapidement.</li>
<li class="li1"><span class="s1"></span>Disponibilité pour des horaires flexibles : Vous êtes prêt(e) à travailler selon des horaires variés.</li>
<li class="li1"><span class="s1"></span>Ayant le permis de conduire : Vous pouvez vous rendre facilement à notre établissement.</li>
</ul>
<p class="p2"><b></b></p>
<p class="p3">Le Groupe Caillé est un employeur garantissant l&rsquo;égalité des chances et valorisant la diversité au sein de ses équipes.</p>
<p style="font-weight: 400;"></p>[/et_pb_text][/et_pb_column][/et_pb_row][et_pb_row _builder_version= »4.16&Prime; _module_preset= »default » global_colors_info= »{} » theme_builder_area= »post_content »][et_pb_column type= »4_4&Prime; _builder_version= »4.16&Prime; _module_preset= »default » global_colors_info= »{} » theme_builder_area= »post_content »][et_pb_text _builder_version= »4.20.2&Prime; _module_preset= »default » text_font_size= »17px » hover_enabled= »0&Prime; global_colors_info= »{} » theme_builder_area= »post_content » sticky_enabled= »0&Prime;]<div class="page" title="Page 1">
<div class="section">
<div class="layoutArea">
<div class="column">
<h2 style="text-align: center;">Pour toute candidature, merci d’adresser un CV accompagné d’une lettre de motivation à l&rsquo;adresse suivante</h2>
<h2 class="p1" style="text-align: center;"><strong>job-ref-2azwt0ybk5@emploi.beetween.com </strong></h2>
</div>
</div>
</div>
</div>[/et_pb_text][/et_pb_column][/et_pb_row][et_pb_row _builder_version= »4.16&Prime; _module_preset= »default » global_colors_info= »{} » theme_builder_area= »post_content »][et_pb_column type= »4_4&Prime; _builder_version= »4.16&Prime; _module_preset= »default » global_colors_info= »{} » theme_builder_area= »post_content »][et_pb_button button_url= »@ET-DC@eyJkeW5hbWljIjp0cnVlLCJjb250ZW50IjoicG9zdF9saW5rX3VybF9wYWdlIiwic2V0dGluZ3MiOnsicG9zdF9pZCI6IjExMTkifX0=@ » button_text= »RETOUR AUX OFFRES » _builder_version= »4.16&Prime; _dynamic_attributes= »button_url » _module_preset= »default » custom_button= »on » button_text_color= »#ffffff » button_bg_color= »#a4326b » button_border_width= »0px » button_icon= »&#x34;||divi||400&Prime; button_icon_placement= »left » global_colors_info= »{} » theme_builder_area= »post_content »][/et_pb_button][/et_pb_column][/et_pb_row][/et_pb_section]

<p>APPRENTI EN SALLE H/F VILLA FLEURIE BELLEPIERRE Vous souhaitez découvrir le monde de la restauration et acquérir une expérience précieuse en salle ? Nous recherchons un(e) Apprenti(e) en Salle motivé(e) et dynamique pour rejoindre notre équipe. Sous la supervision du maître d’hôtel et/ou de votre tuteur en entreprise, vous participerez à diverses tâches essentielles au [&hellip;]</p>
