{"id":8330,"date":"2024-10-28T14:59:45","date_gmt":"2024-10-28T10:59:45","guid":{"rendered":"https:\/\/groupecaille.com\/?page_id=8330"},"modified":"2024-10-28T14:59:45","modified_gmt":"2024-10-28T10:59:45","slug":"apprenti-assistant-ressources-humaines-caille-grande-distribution","status":"publish","type":"page","link":"https:\/\/groupecaille.com\/index.php\/apprenti-assistant-ressources-humaines-caille-grande-distribution\/","title":{"rendered":"APPRENTI ASSISTANT RESSOURCES HUMAINES CAILLE GRANDE DISTRIBUTION"},"content":{"rendered":"[et_pb_section fb_built=\u00a0\u00bb1&Prime; _builder_version=\u00a0\u00bb4.16&Prime; _module_preset=\u00a0\u00bbdefault\u00a0\u00bb da_disable_devices=\u00a0\u00bboff|off|off\u00a0\u00bb global_colors_info=\u00a0\u00bb{}\u00a0\u00bb theme_builder_area=\u00a0\u00bbpost_content\u00a0\u00bb da_is_popup=\u00a0\u00bboff\u00a0\u00bb da_exit_intent=\u00a0\u00bboff\u00a0\u00bb da_has_close=\u00a0\u00bbon\u00a0\u00bb da_alt_close=\u00a0\u00bboff\u00a0\u00bb da_dark_close=\u00a0\u00bboff\u00a0\u00bb da_not_modal=\u00a0\u00bbon\u00a0\u00bb da_is_singular=\u00a0\u00bboff\u00a0\u00bb da_with_loader=\u00a0\u00bboff\u00a0\u00bb da_has_shadow=\u00a0\u00bbon\u00a0\u00bb][et_pb_row _builder_version=\u00a0\u00bb4.16&Prime; _module_preset=\u00a0\u00bbdefault\u00a0\u00bb background_color=\u00a0\u00bb#a4326b\u00a0\u00bb global_colors_info=\u00a0\u00bb{}\u00a0\u00bb theme_builder_area=\u00a0\u00bbpost_content\u00a0\u00bb][et_pb_column type=\u00a0\u00bb4_4&Prime; _builder_version=\u00a0\u00bb4.16&Prime; _module_preset=\u00a0\u00bbdefault\u00a0\u00bb global_colors_info=\u00a0\u00bb{}\u00a0\u00bb theme_builder_area=\u00a0\u00bbpost_content\u00a0\u00bb][et_pb_text _builder_version=\u00a0\u00bb4.20.2&Prime; _module_preset=\u00a0\u00bbdefault\u00a0\u00bb header_font=\u00a0\u00bb|||on|||||\u00a0\u00bb header_text_align=\u00a0\u00bbcenter\u00a0\u00bb header_text_color=\u00a0\u00bb#ffffff\u00a0\u00bb header_2_text_align=\u00a0\u00bbcenter\u00a0\u00bb header_2_text_color=\u00a0\u00bb#FFFFFF\u00a0\u00bb header_2_font_size=\u00a0\u00bb24px\u00a0\u00bb hover_enabled=\u00a0\u00bb0&Prime; global_colors_info=\u00a0\u00bb{}\u00a0\u00bb theme_builder_area=\u00a0\u00bbpost_content\u00a0\u00bb sticky_enabled=\u00a0\u00bb0&Prime;]<div class=\"page\" title=\"Page 1\">\n<div class=\"section\">\n<div class=\"layoutArea\">\n<div class=\"column\">\n<h2>APPRENTI ASSISTANT RESSOURCES HUMAINES H\/F<\/h2>\n<h2><strong> CAILLE GRANDE DISTRIBUTION<\/strong><\/h2>\n<\/div>\n<\/div>\n<\/div>\n<\/div>[\/et_pb_text][\/et_pb_column][\/et_pb_row][et_pb_row _builder_version=\u00a0\u00bb4.16&Prime; _module_preset=\u00a0\u00bbdefault\u00a0\u00bb global_colors_info=\u00a0\u00bb{}\u00a0\u00bb theme_builder_area=\u00a0\u00bbpost_content\u00a0\u00bb][et_pb_column type=\u00a0\u00bb4_4&Prime; _builder_version=\u00a0\u00bb4.16&Prime; _module_preset=\u00a0\u00bbdefault\u00a0\u00bb global_colors_info=\u00a0\u00bb{}\u00a0\u00bb theme_builder_area=\u00a0\u00bbpost_content\u00a0\u00bb][et_pb_text _builder_version=\u00a0\u00bb4.20.2&Prime; _module_preset=\u00a0\u00bbdefault\u00a0\u00bb hover_enabled=\u00a0\u00bb0&Prime; global_colors_info=\u00a0\u00bb{}\u00a0\u00bb theme_builder_area=\u00a0\u00bbpost_content\u00a0\u00bb sticky_enabled=\u00a0\u00bb0&Prime;]<p style=\"font-weight: 400;\"><\/p>\n<p class=\"p1\">Vous souhaitez d\u00e9velopper vos comp\u00e9tences en Ressources Humaines tout en contribuant activement au succ\u00e8s de notre entreprise ?<\/p>\n<p class=\"p1\">Nous recherchons un(e) Assistant(e) Ressources Humaines en Apprentissage pour rejoindre notre \u00e9quipe.<\/p>\n<p class=\"p1\"><b>Vos principales missions :<\/b><\/p>\n<p class=\"p1\">Accompagnement des managers op\u00e9rationnels sur les process RH :<\/p>\n<ul class=\"ul1\">\n<li class=\"li1\"><span class=\"s1\"><\/span>Conseiller et assister les managers dans la gestion quotidienne des Ressources Humaines.<\/li>\n<li class=\"li1\"><span class=\"s1\"><\/span>Veiller \u00e0 la bonne application des process RH au sein des \u00e9quipes.<\/li>\n<\/ul>\n<p class=\"p1\">Recrutement :<\/p>\n<ul class=\"ul1\">\n<li class=\"li1\"><span class=\"s1\"><\/span>R\u00e9daction et diffusion des annonces (internes et externes).<\/li>\n<li class=\"li1\"><span class=\"s1\"><\/span>Gestion administrative des candidatures (r\u00e9ception, transmission, suivi).<\/li>\n<li class=\"li1\"><span class=\"s1\"><\/span>Participation aux entretiens de recrutement des apprentis.<\/li>\n<\/ul>\n<p class=\"p1\">Suivi administratif des collaborateurs :<\/p>\n<ul class=\"ul1\">\n<li class=\"li1\"><span class=\"s1\"><\/span>R\u00e9daction et gestion des contrats de travail.<\/li>\n<li class=\"li1\"><span class=\"s1\"><\/span>Suivi administratif des dossiers collaborateurs (entr\u00e9es et sorties).<\/li>\n<\/ul>\n<p class=\"p1\">Gestion des mails et des dossiers administratifs :<\/p>\n<ul class=\"ul1\">\n<li class=\"li1\"><span class=\"s1\"><\/span>Gestion des absences (arr\u00eats maladie, accidents du travail, etc.).<\/li>\n<li class=\"li1\"><span class=\"s1\"><\/span>Suivi des d\u00e9clarations et des documents obligatoires.<\/li>\n<\/ul>\n<p class=\"p1\">Gestion administrative des NAO (N\u00e9gociations Annuelles Obligatoires) :<\/p>\n<ul class=\"ul1\">\n<li class=\"li1\"><span class=\"s1\"><\/span>Participation au d\u00e9p\u00f4t des accords et \u00e0 la diffusion des informations aupr\u00e8s des parties prenantes.<\/li>\n<\/ul>\n<p class=\"p1\"><b>Profil recherch\u00e9 :<\/b><\/p>\n<ul class=\"ul1\">\n<li class=\"li1\"><span class=\"s1\"><\/span>Formation\u00a0: Vous pr\u00e9parez un dipl\u00f4me en Ressources Humaines (Licence ou Master)<\/li>\n<li class=\"li1\"><span class=\"s1\"><\/span>Comp\u00e9tences\u00a0:<\/li>\n<ul class=\"ul1\">\n<li class=\"li1\"><span class=\"s2\"><\/span>Bonnes capacit\u00e9s de communication et d\u2019\u00e9coute.<\/li>\n<li class=\"li1\"><span class=\"s2\"><\/span>Organisation et rigueur.<\/li>\n<li class=\"li1\"><span class=\"s2\"><\/span>Aisance avec les outils informatiques.<\/li>\n<li class=\"li1\"><span class=\"s2\"><\/span>Capacit\u00e9 \u00e0 travailler en \u00e9quipe et \u00e0 g\u00e9rer plusieurs t\u00e2ches simultan\u00e9ment.<\/li>\n<\/ul>\n<\/ul>\n<p class=\"p2\">Le Groupe Caill\u00e9 est un employeur garantissant l&rsquo;\u00e9galit\u00e9 des chances et valorisant la diversit\u00e9 au sein de ses \u00e9quipes.<\/p>\n<p style=\"font-weight: 400;\"><\/p>[\/et_pb_text][\/et_pb_column][\/et_pb_row][et_pb_row _builder_version=\u00a0\u00bb4.16&Prime; _module_preset=\u00a0\u00bbdefault\u00a0\u00bb global_colors_info=\u00a0\u00bb{}\u00a0\u00bb theme_builder_area=\u00a0\u00bbpost_content\u00a0\u00bb][et_pb_column type=\u00a0\u00bb4_4&Prime; _builder_version=\u00a0\u00bb4.16&Prime; _module_preset=\u00a0\u00bbdefault\u00a0\u00bb global_colors_info=\u00a0\u00bb{}\u00a0\u00bb theme_builder_area=\u00a0\u00bbpost_content\u00a0\u00bb][et_pb_text _builder_version=\u00a0\u00bb4.20.2&Prime; _module_preset=\u00a0\u00bbdefault\u00a0\u00bb text_font_size=\u00a0\u00bb17px\u00a0\u00bb hover_enabled=\u00a0\u00bb0&Prime; global_colors_info=\u00a0\u00bb{}\u00a0\u00bb theme_builder_area=\u00a0\u00bbpost_content\u00a0\u00bb sticky_enabled=\u00a0\u00bb0&Prime;]<div class=\"page\" title=\"Page 1\">\n<div class=\"section\">\n<div class=\"layoutArea\">\n<div class=\"column\">\n<h2 style=\"text-align: center;\">Pour toute candidature, merci d\u2019adresser un CV accompagn\u00e9 d\u2019une lettre de motivation \u00e0 l&rsquo;adresse suivante<\/h2>\n<h2 class=\"p1\" style=\"text-align: center;\"><strong>job-ref-7oz7szcmm8@emploi.beetween.com <\/strong><\/h2>\n<\/div>\n<\/div>\n<\/div>\n<\/div>[\/et_pb_text][\/et_pb_column][\/et_pb_row][et_pb_row _builder_version=\u00a0\u00bb4.16&Prime; _module_preset=\u00a0\u00bbdefault\u00a0\u00bb global_colors_info=\u00a0\u00bb{}\u00a0\u00bb theme_builder_area=\u00a0\u00bbpost_content\u00a0\u00bb][et_pb_column type=\u00a0\u00bb4_4&Prime; _builder_version=\u00a0\u00bb4.16&Prime; _module_preset=\u00a0\u00bbdefault\u00a0\u00bb global_colors_info=\u00a0\u00bb{}\u00a0\u00bb theme_builder_area=\u00a0\u00bbpost_content\u00a0\u00bb][et_pb_button button_url=\u00a0\u00bb@ET-DC@eyJkeW5hbWljIjp0cnVlLCJjb250ZW50IjoicG9zdF9saW5rX3VybF9wYWdlIiwic2V0dGluZ3MiOnsicG9zdF9pZCI6IjExMTkifX0=@\u00a0\u00bb button_text=\u00a0\u00bbRETOUR AUX OFFRES\u00a0\u00bb _builder_version=\u00a0\u00bb4.16&Prime; _dynamic_attributes=\u00a0\u00bbbutton_url\u00a0\u00bb _module_preset=\u00a0\u00bbdefault\u00a0\u00bb custom_button=\u00a0\u00bbon\u00a0\u00bb button_text_color=\u00a0\u00bb#ffffff\u00a0\u00bb button_bg_color=\u00a0\u00bb#a4326b\u00a0\u00bb button_border_width=\u00a0\u00bb0px\u00a0\u00bb button_icon=\u00a0\u00bb&#x34;||divi||400&Prime; button_icon_placement=\u00a0\u00bbleft\u00a0\u00bb global_colors_info=\u00a0\u00bb{}\u00a0\u00bb theme_builder_area=\u00a0\u00bbpost_content\u00a0\u00bb][\/et_pb_button][\/et_pb_column][\/et_pb_row][\/et_pb_section]","protected":false},"excerpt":{"rendered":"<p>APPRENTI ASSISTANT RESSOURCES HUMAINES H\/F CAILLE GRANDE DISTRIBUTION Vous souhaitez d\u00e9velopper vos comp\u00e9tences en Ressources Humaines tout en contribuant activement au succ\u00e8s de notre entreprise ? Nous recherchons un(e) Assistant(e) Ressources Humaines en Apprentissage pour rejoindre notre \u00e9quipe. Vos principales missions : Accompagnement des managers op\u00e9rationnels sur les process RH : Conseiller et assister les [&hellip;]<\/p>\n","protected":false},"author":21,"featured_media":0,"parent":0,"menu_order":0,"comment_status":"closed","ping_status":"closed","template":"","meta":{"_et_pb_use_builder":"on","_et_pb_old_content":"","_et_gb_content_width":""},"_links":{"self":[{"href":"https:\/\/groupecaille.com\/index.php\/wp-json\/wp\/v2\/pages\/8330"}],"collection":[{"href":"https:\/\/groupecaille.com\/index.php\/wp-json\/wp\/v2\/pages"}],"about":[{"href":"https:\/\/groupecaille.com\/index.php\/wp-json\/wp\/v2\/types\/page"}],"author":[{"embeddable":true,"href":"https:\/\/groupecaille.com\/index.php\/wp-json\/wp\/v2\/users\/21"}],"replies":[{"embeddable":true,"href":"https:\/\/groupecaille.com\/index.php\/wp-json\/wp\/v2\/comments?post=8330"}],"version-history":[{"count":2,"href":"https:\/\/groupecaille.com\/index.php\/wp-json\/wp\/v2\/pages\/8330\/revisions"}],"predecessor-version":[{"id":8332,"href":"https:\/\/groupecaille.com\/index.php\/wp-json\/wp\/v2\/pages\/8330\/revisions\/8332"}],"wp:attachment":[{"href":"https:\/\/groupecaille.com\/index.php\/wp-json\/wp\/v2\/media?parent=8330"}],"curies":[{"name":"wp","href":"https:\/\/api.w.org\/{rel}","templated":true}]}}

[et_pb_section fb_built= »1&Prime; _builder_version= »4.16&Prime; _module_preset= »default » da_disable_devices= »off|off|off » global_colors_info= »{} » theme_builder_area= »post_content » da_is_popup= »off » da_exit_intent= »off » da_has_close= »on » da_alt_close= »off » da_dark_close= »off » da_not_modal= »on » da_is_singular= »off » da_with_loader= »off » da_has_shadow= »on »][et_pb_row _builder_version= »4.16&Prime; _module_preset= »default » background_color= »#a4326b » global_colors_info= »{} » theme_builder_area= »post_content »][et_pb_column type= »4_4&Prime; _builder_version= »4.16&Prime; _module_preset= »default » global_colors_info= »{} » theme_builder_area= »post_content »][et_pb_text _builder_version= »4.20.2&Prime; _module_preset= »default » header_font= »|||on||||| » header_text_align= »center » header_text_color= »#ffffff » header_2_text_align= »center » header_2_text_color= »#FFFFFF » header_2_font_size= »24px » hover_enabled= »0&Prime; global_colors_info= »{} » theme_builder_area= »post_content » sticky_enabled= »0&Prime;]<div class="page" title="Page 1">
<div class="section">
<div class="layoutArea">
<div class="column">
<h2>APPRENTI ASSISTANT RESSOURCES HUMAINES H/F</h2>
<h2><strong> CAILLE GRANDE DISTRIBUTION</strong></h2>
</div>
</div>
</div>
</div>[/et_pb_text][/et_pb_column][/et_pb_row][et_pb_row _builder_version= »4.16&Prime; _module_preset= »default » global_colors_info= »{} » theme_builder_area= »post_content »][et_pb_column type= »4_4&Prime; _builder_version= »4.16&Prime; _module_preset= »default » global_colors_info= »{} » theme_builder_area= »post_content »][et_pb_text _builder_version= »4.20.2&Prime; _module_preset= »default » hover_enabled= »0&Prime; global_colors_info= »{} » theme_builder_area= »post_content » sticky_enabled= »0&Prime;]<p style="font-weight: 400;"></p>
<p class="p1">Vous souhaitez développer vos compétences en Ressources Humaines tout en contribuant activement au succès de notre entreprise ?</p>
<p class="p1">Nous recherchons un(e) Assistant(e) Ressources Humaines en Apprentissage pour rejoindre notre équipe.</p>
<p class="p1"><b>Vos principales missions :</b></p>
<p class="p1">Accompagnement des managers opérationnels sur les process RH :</p>
<ul class="ul1">
<li class="li1"><span class="s1"></span>Conseiller et assister les managers dans la gestion quotidienne des Ressources Humaines.</li>
<li class="li1"><span class="s1"></span>Veiller à la bonne application des process RH au sein des équipes.</li>
</ul>
<p class="p1">Recrutement :</p>
<ul class="ul1">
<li class="li1"><span class="s1"></span>Rédaction et diffusion des annonces (internes et externes).</li>
<li class="li1"><span class="s1"></span>Gestion administrative des candidatures (réception, transmission, suivi).</li>
<li class="li1"><span class="s1"></span>Participation aux entretiens de recrutement des apprentis.</li>
</ul>
<p class="p1">Suivi administratif des collaborateurs :</p>
<ul class="ul1">
<li class="li1"><span class="s1"></span>Rédaction et gestion des contrats de travail.</li>
<li class="li1"><span class="s1"></span>Suivi administratif des dossiers collaborateurs (entrées et sorties).</li>
</ul>
<p class="p1">Gestion des mails et des dossiers administratifs :</p>
<ul class="ul1">
<li class="li1"><span class="s1"></span>Gestion des absences (arrêts maladie, accidents du travail, etc.).</li>
<li class="li1"><span class="s1"></span>Suivi des déclarations et des documents obligatoires.</li>
</ul>
<p class="p1">Gestion administrative des NAO (Négociations Annuelles Obligatoires) :</p>
<ul class="ul1">
<li class="li1"><span class="s1"></span>Participation au dépôt des accords et à la diffusion des informations auprès des parties prenantes.</li>
</ul>
<p class="p1"><b>Profil recherché :</b></p>
<ul class="ul1">
<li class="li1"><span class="s1"></span>Formation : Vous préparez un diplôme en Ressources Humaines (Licence ou Master)</li>
<li class="li1"><span class="s1"></span>Compétences :</li>
<ul class="ul1">
<li class="li1"><span class="s2"></span>Bonnes capacités de communication et d’écoute.</li>
<li class="li1"><span class="s2"></span>Organisation et rigueur.</li>
<li class="li1"><span class="s2"></span>Aisance avec les outils informatiques.</li>
<li class="li1"><span class="s2"></span>Capacité à travailler en équipe et à gérer plusieurs tâches simultanément.</li>
</ul>
</ul>
<p class="p2">Le Groupe Caillé est un employeur garantissant l&rsquo;égalité des chances et valorisant la diversité au sein de ses équipes.</p>
<p style="font-weight: 400;"></p>[/et_pb_text][/et_pb_column][/et_pb_row][et_pb_row _builder_version= »4.16&Prime; _module_preset= »default » global_colors_info= »{} » theme_builder_area= »post_content »][et_pb_column type= »4_4&Prime; _builder_version= »4.16&Prime; _module_preset= »default » global_colors_info= »{} » theme_builder_area= »post_content »][et_pb_text _builder_version= »4.20.2&Prime; _module_preset= »default » text_font_size= »17px » hover_enabled= »0&Prime; global_colors_info= »{} » theme_builder_area= »post_content » sticky_enabled= »0&Prime;]<div class="page" title="Page 1">
<div class="section">
<div class="layoutArea">
<div class="column">
<h2 style="text-align: center;">Pour toute candidature, merci d’adresser un CV accompagné d’une lettre de motivation à l&rsquo;adresse suivante</h2>
<h2 class="p1" style="text-align: center;"><strong>job-ref-7oz7szcmm8@emploi.beetween.com </strong></h2>
</div>
</div>
</div>
</div>[/et_pb_text][/et_pb_column][/et_pb_row][et_pb_row _builder_version= »4.16&Prime; _module_preset= »default » global_colors_info= »{} » theme_builder_area= »post_content »][et_pb_column type= »4_4&Prime; _builder_version= »4.16&Prime; _module_preset= »default » global_colors_info= »{} » theme_builder_area= »post_content »][et_pb_button button_url= »@ET-DC@eyJkeW5hbWljIjp0cnVlLCJjb250ZW50IjoicG9zdF9saW5rX3VybF9wYWdlIiwic2V0dGluZ3MiOnsicG9zdF9pZCI6IjExMTkifX0=@ » button_text= »RETOUR AUX OFFRES » _builder_version= »4.16&Prime; _dynamic_attributes= »button_url » _module_preset= »default » custom_button= »on » button_text_color= »#ffffff » button_bg_color= »#a4326b » button_border_width= »0px » button_icon= »&#x34;||divi||400&Prime; button_icon_placement= »left » global_colors_info= »{} » theme_builder_area= »post_content »][/et_pb_button][/et_pb_column][/et_pb_row][/et_pb_section]

<p>APPRENTI ASSISTANT RESSOURCES HUMAINES H/F CAILLE GRANDE DISTRIBUTION Vous souhaitez développer vos compétences en Ressources Humaines tout en contribuant activement au succès de notre entreprise ? Nous recherchons un(e) Assistant(e) Ressources Humaines en Apprentissage pour rejoindre notre équipe. Vos principales missions : Accompagnement des managers opérationnels sur les process RH : Conseiller et assister les [&hellip;]</p>
