{"id":8277,"date":"2024-09-24T11:10:45","date_gmt":"2024-09-24T07:10:45","guid":{"rendered":"https:\/\/groupecaille.com\/?page_id=8277"},"modified":"2024-09-24T11:10:51","modified_gmt":"2024-09-24T07:10:51","slug":"caille-grande-distribution-le-port-agent-administratif-hf-cdd","status":"publish","type":"page","link":"https:\/\/groupecaille.com\/index.php\/caille-grande-distribution-le-port-agent-administratif-hf-cdd\/","title":{"rendered":"CAILLE GRANDE DISTRIBUTION Le Port\u00a0Agent Administratif HF  CDD"},"content":{"rendered":"<p>[et_pb_section fb_built=\u00a0\u00bb1&Prime; _builder_version=\u00a0\u00bb4.16&Prime; _module_preset=\u00a0\u00bbdefault\u00a0\u00bb da_disable_devices=\u00a0\u00bboff|off|off\u00a0\u00bb global_colors_info=\u00a0\u00bb{}\u00a0\u00bb theme_builder_area=\u00a0\u00bbpost_content\u00a0\u00bb da_is_popup=\u00a0\u00bboff\u00a0\u00bb da_exit_intent=\u00a0\u00bboff\u00a0\u00bb da_has_close=\u00a0\u00bbon\u00a0\u00bb da_alt_close=\u00a0\u00bboff\u00a0\u00bb da_dark_close=\u00a0\u00bboff\u00a0\u00bb da_not_modal=\u00a0\u00bbon\u00a0\u00bb da_is_singular=\u00a0\u00bboff\u00a0\u00bb da_with_loader=\u00a0\u00bboff\u00a0\u00bb da_has_shadow=\u00a0\u00bbon\u00a0\u00bb][et_pb_row _builder_version=\u00a0\u00bb4.16&Prime; _module_preset=\u00a0\u00bbdefault\u00a0\u00bb background_color=\u00a0\u00bb#a4326b\u00a0\u00bb global_colors_info=\u00a0\u00bb{}\u00a0\u00bb theme_builder_area=\u00a0\u00bbpost_content\u00a0\u00bb][et_pb_column type=\u00a0\u00bb4_4&Prime; _builder_version=\u00a0\u00bb4.16&Prime; _module_preset=\u00a0\u00bbdefault\u00a0\u00bb global_colors_info=\u00a0\u00bb{}\u00a0\u00bb theme_builder_area=\u00a0\u00bbpost_content\u00a0\u00bb][et_pb_text _builder_version=\u00a0\u00bb4.20.2&Prime; _module_preset=\u00a0\u00bbdefault\u00a0\u00bb header_font=\u00a0\u00bb|||on|||||\u00a0\u00bb header_text_align=\u00a0\u00bbcenter\u00a0\u00bb header_text_color=\u00a0\u00bb#ffffff\u00a0\u00bb header_2_text_align=\u00a0\u00bbcenter\u00a0\u00bb header_2_text_color=\u00a0\u00bb#FFFFFF\u00a0\u00bb header_2_font_size=\u00a0\u00bb24px\u00a0\u00bb hover_enabled=\u00a0\u00bb0&Prime; global_colors_info=\u00a0\u00bb{}\u00a0\u00bb theme_builder_area=\u00a0\u00bbpost_content\u00a0\u00bb sticky_enabled=\u00a0\u00bb0&Prime;]<\/p>\n<div class=\"page\" title=\"Page 1\">\n<div class=\"section\">\n<div class=\"layoutArea\">\n<div class=\"column\">\n<h2>CAILLE GRANDE DISTRIBUTION Le Port\u00a0:<\/h2>\n<h2><b><span>Agent Administratif H\/F &#8211; CDD<\/span><\/b><\/h2>\n<\/div>\n<\/div>\n<\/div>\n<\/div>\n<p>[\/et_pb_text][\/et_pb_column][\/et_pb_row][et_pb_row _builder_version=\u00a0\u00bb4.16&Prime; _module_preset=\u00a0\u00bbdefault\u00a0\u00bb global_colors_info=\u00a0\u00bb{}\u00a0\u00bb theme_builder_area=\u00a0\u00bbpost_content\u00a0\u00bb][et_pb_column type=\u00a0\u00bb4_4&Prime; _builder_version=\u00a0\u00bb4.16&Prime; _module_preset=\u00a0\u00bbdefault\u00a0\u00bb global_colors_info=\u00a0\u00bb{}\u00a0\u00bb theme_builder_area=\u00a0\u00bbpost_content\u00a0\u00bb][et_pb_text _builder_version=\u00a0\u00bb4.18.0&Prime; _module_preset=\u00a0\u00bbdefault\u00a0\u00bb global_colors_info=\u00a0\u00bb{}\u00a0\u00bb theme_builder_area=\u00a0\u00bbpost_content\u00a0\u00bb][\/et_pb_text][et_pb_text _builder_version=\u00a0\u00bb4.20.2&Prime; _module_preset=\u00a0\u00bbdefault\u00a0\u00bb hover_enabled=\u00a0\u00bb0&Prime; global_colors_info=\u00a0\u00bb{}\u00a0\u00bb theme_builder_area=\u00a0\u00bbpost_content\u00a0\u00bb sticky_enabled=\u00a0\u00bb0&Prime;]<\/p>\n<p style=\"font-weight: 400;\">Nous recherchons un\u00a0Agent Administratif\u00a0H\/F, en\u00a0CDD\u00a0pour rejoindre notre \u00e9quipe au sein du\u00a0P\u00f4le Fournisseurs.<\/p>\n<p style=\"font-weight: 400;\">Rattach\u00e9(e) \u00e0 la Responsable du Service, vous aurez pour mission le suivi et le traitement des factures achats marchandises.<\/p>\n<p style=\"font-weight: 400;\">\n<p style=\"font-weight: 400;\">Missions principales :<\/p>\n<ul style=\"font-weight: 400;\">\n<li>Assurer le\u00a0contr\u00f4le\u00a0et l&rsquo;enregistrement\u00a0des factures achats marchandises.<\/li>\n<li>\u00c9mettre les\u00a0avoirs\u00a0en cas de besoin.<\/li>\n<li>Proc\u00e9der au\u00a0rapprochement des factures\u00a0avec les bons de r\u00e9ception.<\/li>\n<li>\u00c9tablir et suivre les\u00a0demandes d&rsquo;avoirs\u00a0aupr\u00e8s des fournisseurs (\u00e9carts de tarifs, quantit\u00e9s, retours).<\/li>\n<li>Archiver et classer les documents obligatoires.<\/li>\n<\/ul>\n<p style=\"font-weight: 400;\">\n<p style=\"font-weight: 400;\">Profil recherch\u00e9<\/p>\n<ul style=\"font-weight: 400;\">\n<li>Titulaire d&rsquo;un BTS Comptabilit\u00e9 ou Gestion Administration des Entreprises.<\/li>\n<li>Rigueur, organisation et m\u00e9thode dans la gestion des t\u00e2ches administratives.<\/li>\n<li>Rapidit\u00e9 et attention lors des op\u00e9rations de saisie.<\/li>\n<li>Bonne ma\u00eetrise des outils de\u00a0bureautique\u00a0(Excel, Word, messagerie).<\/li>\n<li>Notions de base en\u00a0comptabilit\u00e9.<\/li>\n<\/ul>\n<p style=\"font-weight: 400;\">\n<p style=\"font-weight: 400;\">Le Groupe Caill\u00e9 est un employeur garantissant l&rsquo;\u00e9galit\u00e9 des chances et valorisant la diversit\u00e9 au sein de ses \u00e9quipes.<\/p>\n<p style=\"font-weight: 400;\">\n<p style=\"font-weight: 400;\">Adresse de recrutement\u00a0: <a href=\"mailto:job-ref-j7grqrzxlr@emploi.beetween.com\">job-ref-j7grqrzxlr@emploi.beetween.com<\/a><\/p>\n<p>[\/et_pb_text][\/et_pb_column][\/et_pb_row][et_pb_row _builder_version=\u00a0\u00bb4.16&Prime; _module_preset=\u00a0\u00bbdefault\u00a0\u00bb global_colors_info=\u00a0\u00bb{}\u00a0\u00bb theme_builder_area=\u00a0\u00bbpost_content\u00a0\u00bb][et_pb_column type=\u00a0\u00bb4_4&Prime; _builder_version=\u00a0\u00bb4.16&Prime; _module_preset=\u00a0\u00bbdefault\u00a0\u00bb global_colors_info=\u00a0\u00bb{}\u00a0\u00bb theme_builder_area=\u00a0\u00bbpost_content\u00a0\u00bb][et_pb_text _builder_version=\u00a0\u00bb4.20.2&Prime; _module_preset=\u00a0\u00bbdefault\u00a0\u00bb text_font_size=\u00a0\u00bb17px\u00a0\u00bb hover_enabled=\u00a0\u00bb0&Prime; global_colors_info=\u00a0\u00bb{}\u00a0\u00bb theme_builder_area=\u00a0\u00bbpost_content\u00a0\u00bb sticky_enabled=\u00a0\u00bb0&Prime;]<\/p>\n<div class=\"page\" title=\"Page 1\">\n<div class=\"section\">\n<div class=\"layoutArea\">\n<div class=\"column\">\n<h3 style=\"text-align: center;\">Pour toute candidature, merci d\u2019adresser un CV accompagn\u00e9 d\u2019une lettre de motivation \u00e0 l&rsquo;adresse suivante<\/h3>\n<h3 style=\"text-align: center;\"><span> <\/span><strong><a href=\"mailto:job-ref-j7grqrzxlr@emploi.beetween.com\">job-ref-j7grqrzxlr@emploi.beetween.com<\/a><\/strong><\/h3>\n<\/div>\n<\/div>\n<\/div>\n<\/div>\n<p>[\/et_pb_text][\/et_pb_column][\/et_pb_row][et_pb_row _builder_version=\u00a0\u00bb4.16&Prime; _module_preset=\u00a0\u00bbdefault\u00a0\u00bb global_colors_info=\u00a0\u00bb{}\u00a0\u00bb theme_builder_area=\u00a0\u00bbpost_content\u00a0\u00bb][et_pb_column type=\u00a0\u00bb4_4&Prime; _builder_version=\u00a0\u00bb4.16&Prime; _module_preset=\u00a0\u00bbdefault\u00a0\u00bb global_colors_info=\u00a0\u00bb{}\u00a0\u00bb theme_builder_area=\u00a0\u00bbpost_content\u00a0\u00bb][et_pb_button button_url=\u00a0\u00bb@ET-DC@eyJkeW5hbWljIjp0cnVlLCJjb250ZW50IjoicG9zdF9saW5rX3VybF9wYWdlIiwic2V0dGluZ3MiOnsicG9zdF9pZCI6IjExMTkifX0=@\u00a0\u00bb button_text=\u00a0\u00bbRETOUR AUX OFFRES\u00a0\u00bb _builder_version=\u00a0\u00bb4.16&Prime; _dynamic_attributes=\u00a0\u00bbbutton_url\u00a0\u00bb _module_preset=\u00a0\u00bbdefault\u00a0\u00bb custom_button=\u00a0\u00bbon\u00a0\u00bb button_text_color=\u00a0\u00bb#ffffff\u00a0\u00bb button_bg_color=\u00a0\u00bb#a4326b\u00a0\u00bb button_border_width=\u00a0\u00bb0px\u00a0\u00bb button_icon=\u00a0\u00bb&#x34;||divi||400&Prime; button_icon_placement=\u00a0\u00bbleft\u00a0\u00bb global_colors_info=\u00a0\u00bb{}\u00a0\u00bb theme_builder_area=\u00a0\u00bbpost_content\u00a0\u00bb][\/et_pb_button][\/et_pb_column][\/et_pb_row][\/et_pb_section]<\/p>\n","protected":false},"excerpt":{"rendered":"<p>CAILLE GRANDE DISTRIBUTION Le Port\u00a0: Agent Administratif H\/F &#8211; CDD Nous recherchons un\u00a0Agent Administratif\u00a0H\/F, en\u00a0CDD\u00a0pour rejoindre notre \u00e9quipe au sein du\u00a0P\u00f4le Fournisseurs. Rattach\u00e9(e) \u00e0 la Responsable du Service, vous aurez pour mission le suivi et le traitement des factures achats marchandises. Missions principales : Assurer le\u00a0contr\u00f4le\u00a0et l&rsquo;enregistrement\u00a0des factures achats marchandises. \u00c9mettre les\u00a0avoirs\u00a0en cas de besoin. [&hellip;]<\/p>\n","protected":false},"author":21,"featured_media":0,"parent":0,"menu_order":0,"comment_status":"closed","ping_status":"closed","template":"","meta":{"_et_pb_use_builder":"on","_et_pb_old_content":"","_et_gb_content_width":""},"_links":{"self":[{"href":"https:\/\/groupecaille.com\/index.php\/wp-json\/wp\/v2\/pages\/8277"}],"collection":[{"href":"https:\/\/groupecaille.com\/index.php\/wp-json\/wp\/v2\/pages"}],"about":[{"href":"https:\/\/groupecaille.com\/index.php\/wp-json\/wp\/v2\/types\/page"}],"author":[{"embeddable":true,"href":"https:\/\/groupecaille.com\/index.php\/wp-json\/wp\/v2\/users\/21"}],"replies":[{"embeddable":true,"href":"https:\/\/groupecaille.com\/index.php\/wp-json\/wp\/v2\/comments?post=8277"}],"version-history":[{"count":2,"href":"https:\/\/groupecaille.com\/index.php\/wp-json\/wp\/v2\/pages\/8277\/revisions"}],"predecessor-version":[{"id":8279,"href":"https:\/\/groupecaille.com\/index.php\/wp-json\/wp\/v2\/pages\/8277\/revisions\/8279"}],"wp:attachment":[{"href":"https:\/\/groupecaille.com\/index.php\/wp-json\/wp\/v2\/media?parent=8277"}],"curies":[{"name":"wp","href":"https:\/\/api.w.org\/{rel}","templated":true}]}}

<p>[et_pb_section fb_built= »1&Prime; _builder_version= »4.16&Prime; _module_preset= »default » da_disable_devices= »off|off|off » global_colors_info= »{} » theme_builder_area= »post_content » da_is_popup= »off » da_exit_intent= »off » da_has_close= »on » da_alt_close= »off » da_dark_close= »off » da_not_modal= »on » da_is_singular= »off » da_with_loader= »off » da_has_shadow= »on »][et_pb_row _builder_version= »4.16&Prime; _module_preset= »default » background_color= »#a4326b » global_colors_info= »{} » theme_builder_area= »post_content »][et_pb_column type= »4_4&Prime; _builder_version= »4.16&Prime; _module_preset= »default » global_colors_info= »{} » theme_builder_area= »post_content »][et_pb_text _builder_version= »4.20.2&Prime; _module_preset= »default » header_font= »|||on||||| » header_text_align= »center » header_text_color= »#ffffff » header_2_text_align= »center » header_2_text_color= »#FFFFFF » header_2_font_size= »24px » hover_enabled= »0&Prime; global_colors_info= »{} » theme_builder_area= »post_content » sticky_enabled= »0&Prime;]</p>
<div class="page" title="Page 1">
<div class="section">
<div class="layoutArea">
<div class="column">
<h2>CAILLE GRANDE DISTRIBUTION Le Port :</h2>
<h2><b><span>Agent Administratif H/F &#8211; CDD</span></b></h2>
</div>
</div>
</div>
</div>
<p>[/et_pb_text][/et_pb_column][/et_pb_row][et_pb_row _builder_version= »4.16&Prime; _module_preset= »default » global_colors_info= »{} » theme_builder_area= »post_content »][et_pb_column type= »4_4&Prime; _builder_version= »4.16&Prime; _module_preset= »default » global_colors_info= »{} » theme_builder_area= »post_content »][et_pb_text _builder_version= »4.18.0&Prime; _module_preset= »default » global_colors_info= »{} » theme_builder_area= »post_content »][/et_pb_text][et_pb_text _builder_version= »4.20.2&Prime; _module_preset= »default » hover_enabled= »0&Prime; global_colors_info= »{} » theme_builder_area= »post_content » sticky_enabled= »0&Prime;]</p>
<p style="font-weight: 400;">Nous recherchons un Agent Administratif H/F, en CDD pour rejoindre notre équipe au sein du Pôle Fournisseurs.</p>
<p style="font-weight: 400;">Rattaché(e) à la Responsable du Service, vous aurez pour mission le suivi et le traitement des factures achats marchandises.</p>
<p style="font-weight: 400;">
<p style="font-weight: 400;">Missions principales :</p>
<ul style="font-weight: 400;">
<li>Assurer le contrôle et l&rsquo;enregistrement des factures achats marchandises.</li>
<li>Émettre les avoirs en cas de besoin.</li>
<li>Procéder au rapprochement des factures avec les bons de réception.</li>
<li>Établir et suivre les demandes d&rsquo;avoirs auprès des fournisseurs (écarts de tarifs, quantités, retours).</li>
<li>Archiver et classer les documents obligatoires.</li>
</ul>
<p style="font-weight: 400;">
<p style="font-weight: 400;">Profil recherché</p>
<ul style="font-weight: 400;">
<li>Titulaire d&rsquo;un BTS Comptabilité ou Gestion Administration des Entreprises.</li>
<li>Rigueur, organisation et méthode dans la gestion des tâches administratives.</li>
<li>Rapidité et attention lors des opérations de saisie.</li>
<li>Bonne maîtrise des outils de bureautique (Excel, Word, messagerie).</li>
<li>Notions de base en comptabilité.</li>
</ul>
<p style="font-weight: 400;">
<p style="font-weight: 400;">Le Groupe Caillé est un employeur garantissant l&rsquo;égalité des chances et valorisant la diversité au sein de ses équipes.</p>
<p style="font-weight: 400;">
<p style="font-weight: 400;">Adresse de recrutement : <a href="mailto:job-ref-j7grqrzxlr@emploi.beetween.com">job-ref-j7grqrzxlr@emploi.beetween.com</a></p>
<p>[/et_pb_text][/et_pb_column][/et_pb_row][et_pb_row _builder_version= »4.16&Prime; _module_preset= »default » global_colors_info= »{} » theme_builder_area= »post_content »][et_pb_column type= »4_4&Prime; _builder_version= »4.16&Prime; _module_preset= »default » global_colors_info= »{} » theme_builder_area= »post_content »][et_pb_text _builder_version= »4.20.2&Prime; _module_preset= »default » text_font_size= »17px » hover_enabled= »0&Prime; global_colors_info= »{} » theme_builder_area= »post_content » sticky_enabled= »0&Prime;]</p>
<div class="page" title="Page 1">
<div class="section">
<div class="layoutArea">
<div class="column">
<h3 style="text-align: center;">Pour toute candidature, merci d’adresser un CV accompagné d’une lettre de motivation à l&rsquo;adresse suivante</h3>
<h3 style="text-align: center;"><span> </span><strong><a href="mailto:job-ref-j7grqrzxlr@emploi.beetween.com">job-ref-j7grqrzxlr@emploi.beetween.com</a></strong></h3>
</div>
</div>
</div>
</div>
<p>[/et_pb_text][/et_pb_column][/et_pb_row][et_pb_row _builder_version= »4.16&Prime; _module_preset= »default » global_colors_info= »{} » theme_builder_area= »post_content »][et_pb_column type= »4_4&Prime; _builder_version= »4.16&Prime; _module_preset= »default » global_colors_info= »{} » theme_builder_area= »post_content »][et_pb_button button_url= »@ET-DC@eyJkeW5hbWljIjp0cnVlLCJjb250ZW50IjoicG9zdF9saW5rX3VybF9wYWdlIiwic2V0dGluZ3MiOnsicG9zdF9pZCI6IjExMTkifX0=@ » button_text= »RETOUR AUX OFFRES » _builder_version= »4.16&Prime; _dynamic_attributes= »button_url » _module_preset= »default » custom_button= »on » button_text_color= »#ffffff » button_bg_color= »#a4326b » button_border_width= »0px » button_icon= »&#x34;||divi||400&Prime; button_icon_placement= »left » global_colors_info= »{} » theme_builder_area= »post_content »][/et_pb_button][/et_pb_column][/et_pb_row][/et_pb_section]</p>

<p>CAILLE GRANDE DISTRIBUTION Le Port : Agent Administratif H/F &#8211; CDD Nous recherchons un Agent Administratif H/F, en CDD pour rejoindre notre équipe au sein du Pôle Fournisseurs. Rattaché(e) à la Responsable du Service, vous aurez pour mission le suivi et le traitement des factures achats marchandises. Missions principales : Assurer le contrôle et l&rsquo;enregistrement des factures achats marchandises. Émettre les avoirs en cas de besoin. [&hellip;]</p>
