{"id":7187,"date":"2022-06-14T16:21:15","date_gmt":"2022-06-14T12:21:15","guid":{"rendered":"https:\/\/groupecaille.com\/?page_id=7187"},"modified":"2022-06-20T11:40:57","modified_gmt":"2022-06-20T07:40:57","slug":"villa-fleurie-ouvre-ses-portes","status":"publish","type":"page","link":"https:\/\/groupecaille.com\/index.php\/villa-fleurie-ouvre-ses-portes\/","title":{"rendered":"Villa Fleuri\u00e9 ouvre ses portes"},"content":{"rendered":"<p>[et_pb_section fb_built=\u00a0\u00bb1&Prime; _builder_version=\u00a0\u00bb4.16&Prime; _module_preset=\u00a0\u00bbdefault\u00a0\u00bb custom_padding=\u00a0\u00bb0px||0px|||\u00a0\u00bb global_colors_info=\u00a0\u00bb{}\u00a0\u00bb theme_builder_area=\u00a0\u00bbpost_content\u00a0\u00bb][et_pb_row _builder_version=\u00a0\u00bb4.16&Prime; _module_preset=\u00a0\u00bbdefault\u00a0\u00bb background_enable_image=\u00a0\u00bboff\u00a0\u00bb background_size=\u00a0\u00bbcontain\u00a0\u00bb background_position=\u00a0\u00bbtop_center\u00a0\u00bb width=\u00a0\u00bb100%\u00a0\u00bb custom_margin=\u00a0\u00bb|auto|13px|auto||\u00a0\u00bb custom_padding=\u00a0\u00bb0px||0px|||\u00a0\u00bb global_colors_info=\u00a0\u00bb{}\u00a0\u00bb theme_builder_area=\u00a0\u00bbpost_content\u00a0\u00bb][et_pb_column type=\u00a0\u00bb4_4&Prime; _builder_version=\u00a0\u00bb4.16&Prime; _module_preset=\u00a0\u00bbdefault\u00a0\u00bb global_colors_info=\u00a0\u00bb{}\u00a0\u00bb theme_builder_area=\u00a0\u00bbpost_content\u00a0\u00bb][et_pb_image src=\u00a0\u00bbhttps:\/\/groupecaille.com\/wp-content\/uploads\/2020\/12\/actuv2.jpg\u00a0\u00bb title_text=\u00a0\u00bbactuv2&Prime; _builder_version=\u00a0\u00bb4.16&Prime; _module_preset=\u00a0\u00bbdefault\u00a0\u00bb global_colors_info=\u00a0\u00bb{}\u00a0\u00bb theme_builder_area=\u00a0\u00bbpost_content\u00a0\u00bb][\/et_pb_image][\/et_pb_column][\/et_pb_row][\/et_pb_section][et_pb_section fb_built=\u00a0\u00bb1&Prime; _builder_version=\u00a0\u00bb4.16&Prime; _module_preset=\u00a0\u00bbdefault\u00a0\u00bb custom_padding=\u00a0\u00bb0px|||||\u00a0\u00bb global_colors_info=\u00a0\u00bb{}\u00a0\u00bb theme_builder_area=\u00a0\u00bbpost_content\u00a0\u00bb][et_pb_row _builder_version=\u00a0\u00bb4.16&Prime; _module_preset=\u00a0\u00bbdefault\u00a0\u00bb global_colors_info=\u00a0\u00bb{}\u00a0\u00bb theme_builder_area=\u00a0\u00bbpost_content\u00a0\u00bb][et_pb_column type=\u00a0\u00bb4_4&Prime; _builder_version=\u00a0\u00bb4.16&Prime; _module_preset=\u00a0\u00bbdefault\u00a0\u00bb global_colors_info=\u00a0\u00bb{}\u00a0\u00bb theme_builder_area=\u00a0\u00bbpost_content\u00a0\u00bb][et_pb_text _builder_version=\u00a0\u00bb4.16&Prime; _module_preset=\u00a0\u00bbdefault\u00a0\u00bb text_font=\u00a0\u00bb|||on|||||\u00a0\u00bb text_font_size=\u00a0\u00bb100px\u00a0\u00bb header_font_size=\u00a0\u00bb35px\u00a0\u00bb text_orientation=\u00a0\u00bbcenter\u00a0\u00bb global_colors_info=\u00a0\u00bb{}\u00a0\u00bb theme_builder_area=\u00a0\u00bbpost_content\u00a0\u00bb]<\/p>\n<div class=\"page\" title=\"Page 6\">\n<div class=\"layoutArea\">\n<div class=\"column\">\n<h1 style=\"text-align: left;\">Un nouveau lieu pour vos s\u00e9minaires,<br \/><strong>Villa Fleuri\u00e9 ouvre ses portes !<\/strong><\/h1>\n<\/div>\n<\/div>\n<\/div>\n<p>[\/et_pb_text][\/et_pb_column][\/et_pb_row][et_pb_row _builder_version=\u00a0\u00bb4.16&Prime; _module_preset=\u00a0\u00bbdefault\u00a0\u00bb global_colors_info=\u00a0\u00bb{}\u00a0\u00bb theme_builder_area=\u00a0\u00bbpost_content\u00a0\u00bb][et_pb_column type=\u00a0\u00bb4_4&Prime; _builder_version=\u00a0\u00bb4.16&Prime; _module_preset=\u00a0\u00bbdefault\u00a0\u00bb global_colors_info=\u00a0\u00bb{}\u00a0\u00bb theme_builder_area=\u00a0\u00bbpost_content\u00a0\u00bb][et_pb_text _builder_version=\u00a0\u00bb4.17.4&Prime; _module_preset=\u00a0\u00bbdefault\u00a0\u00bb hover_enabled=\u00a0\u00bb0&Prime; global_colors_info=\u00a0\u00bb{}\u00a0\u00bb theme_builder_area=\u00a0\u00bbpost_content\u00a0\u00bb sticky_enabled=\u00a0\u00bb0&Prime;]<\/p>\n<p style=\"font-weight: 400;\">Le 10 juin, le Groupe Caill\u00e9 inaugur\u00e9 Villa Fleuri\u00e9. L\u2019aboutissement de ce projet s\u2019inscrit dans une d\u00e9marche soci\u00e9tale et environnementale. Cet \u00e9tablissement, offre \u00e0 l\u2019excellence r\u00e9unionnaise un formidable \u00e9crin de promotion.<\/p>\n<p style=\"font-weight: 400;\">Nich\u00e9e dans un \u00e9crin de verdure sur les hauteurs de Bellepierre, Villa Fleuri\u00e9 est un lieu unique \u00e0 quelques minutes seulement du centre-ville.<\/p>\n<p style=\"font-weight: 400;\">Elle a pour vocation premi\u00e8re d\u2019offrir aux entreprises et aux collectivit\u00e9s locales 4 salles de s\u00e9minaires haut de gamme dot\u00e9es du meilleur de la technologie dans un environnement naturel propice \u00e0 la r\u00e9flexion.<\/p>\n<p style=\"font-weight: 400;\">Un restaurant panoramique compl\u00e8te l\u2019offre avec une cuisine contemporaine aux saveurs locales cr\u00e9\u00e9e par un chef r\u00e9unionnais Ludovic Am\u00e9d\u00e9e.<\/p>\n<p style=\"font-weight: 400;\">Une palette de services exclusifs vient l\u00e9gitimer le positionnement qualitatif: le bar lounge et sa tr\u00e8s belle cave \u00e0 vins, la biblioth\u00e8que proposant des oeuvres litt\u00e9raires r\u00e9unionnaises, les petits-d\u00e9jeuners professionnels, les brunchs hebdomadaires en ext\u00e9rieur, les \u00e9v\u00e9nements privatifs, des expositions.<\/p>\n<p style=\"font-weight: 400;\">Pour tout renseignements suppl\u00e9mentaires vous pouvez vous rendre sur le site\u00a0: <a href=\"villafleurie.re\">villafleurie.re<\/a><\/p>\n<p style=\"font-weight: 400;\">D\u00e9couvrez Villa Fleuri\u00e9 en vid\u00e9o\u00a0!<\/p>\n<p>[\/et_pb_text][\/et_pb_column][\/et_pb_row][et_pb_row _builder_version=\u00a0\u00bb4.16&Prime; _module_preset=\u00a0\u00bbdefault\u00a0\u00bb global_colors_info=\u00a0\u00bb{}\u00a0\u00bb theme_builder_area=\u00a0\u00bbpost_content\u00a0\u00bb][et_pb_column type=\u00a0\u00bb4_4&Prime; _builder_version=\u00a0\u00bb4.16&Prime; _module_preset=\u00a0\u00bbdefault\u00a0\u00bb global_colors_info=\u00a0\u00bb{}\u00a0\u00bb theme_builder_area=\u00a0\u00bbpost_content\u00a0\u00bb][et_pb_video src=\u00a0\u00bbhttps:\/\/groupecaille.com\/wp-content\/uploads\/2022\/06\/SOIREE-INAUGURALE.mp4&Prime; thumbnail_overlay_color=\u00a0\u00bbrgba(0,0,0,0.6)\u00a0\u00bb _builder_version=\u00a0\u00bb4.17.4&Prime; _module_preset=\u00a0\u00bbdefault\u00a0\u00bb hover_enabled=\u00a0\u00bb0&Prime; global_colors_info=\u00a0\u00bb{}\u00a0\u00bb theme_builder_area=\u00a0\u00bbpost_content\u00a0\u00bb title_text=\u00a0\u00bbSOIREE-INAUGURALE\u00a0\u00bb sticky_enabled=\u00a0\u00bb0&Prime;][\/et_pb_video][\/et_pb_column][\/et_pb_row][et_pb_row _builder_version=\u00a0\u00bb4.16&Prime; _module_preset=\u00a0\u00bbdefault\u00a0\u00bb global_colors_info=\u00a0\u00bb{}\u00a0\u00bb theme_builder_area=\u00a0\u00bbpost_content\u00a0\u00bb][et_pb_column type=\u00a0\u00bb4_4&Prime; _builder_version=\u00a0\u00bb4.16&Prime; _module_preset=\u00a0\u00bbdefault\u00a0\u00bb global_colors_info=\u00a0\u00bb{}\u00a0\u00bb theme_builder_area=\u00a0\u00bbpost_content\u00a0\u00bb][et_pb_button button_url=\u00a0\u00bb@ET-DC@eyJkeW5hbWljIjp0cnVlLCJjb250ZW50IjoicG9zdF9saW5rX3VybF9wYWdlIiwic2V0dGluZ3MiOnsicG9zdF9pZCI6IjEyMjcifX0=@\u00a0\u00bb button_text=\u00a0\u00bbRETOUR AUX ACTUALIT\u00c9S\u00a0\u00bb button_alignment=\u00a0\u00bbleft\u00a0\u00bb _builder_version=\u00a0\u00bb4.16&Prime; _dynamic_attributes=\u00a0\u00bbbutton_url\u00a0\u00bb _module_preset=\u00a0\u00bbdefault\u00a0\u00bb custom_button=\u00a0\u00bbon\u00a0\u00bb button_text_size=\u00a0\u00bb15px\u00a0\u00bb button_text_color=\u00a0\u00bb#ffffff\u00a0\u00bb button_bg_color=\u00a0\u00bb#707070&Prime; button_border_color=\u00a0\u00bbrgba(0,0,0,0)\u00a0\u00bb button_border_radius=\u00a0\u00bb0px\u00a0\u00bb button_font=\u00a0\u00bb|700|||||||\u00a0\u00bb button_icon=\u00a0\u00bb&#x23;||divi||400&Prime; button_icon_placement=\u00a0\u00bbleft\u00a0\u00bb global_colors_info=\u00a0\u00bb{}\u00a0\u00bb theme_builder_area=\u00a0\u00bbpost_content\u00a0\u00bb][\/et_pb_button][\/et_pb_column][\/et_pb_row][\/et_pb_section]<\/p>\n","protected":false},"excerpt":{"rendered":"<p>Un nouveau lieu pour vos s\u00e9minaires,Villa Fleuri\u00e9 ouvre ses portes ! Le 10 juin, le Groupe Caill\u00e9 inaugur\u00e9 Villa Fleuri\u00e9. L\u2019aboutissement de ce projet s\u2019inscrit dans une d\u00e9marche soci\u00e9tale et environnementale. Cet \u00e9tablissement, offre \u00e0 l\u2019excellence r\u00e9unionnaise un formidable \u00e9crin de promotion. Nich\u00e9e dans un \u00e9crin de verdure sur les hauteurs de Bellepierre, Villa Fleuri\u00e9 [&hellip;]<\/p>\n","protected":false},"author":15,"featured_media":0,"parent":0,"menu_order":0,"comment_status":"closed","ping_status":"closed","template":"","meta":{"_et_pb_use_builder":"on","_et_pb_old_content":"","_et_gb_content_width":""},"_links":{"self":[{"href":"https:\/\/groupecaille.com\/index.php\/wp-json\/wp\/v2\/pages\/7187"}],"collection":[{"href":"https:\/\/groupecaille.com\/index.php\/wp-json\/wp\/v2\/pages"}],"about":[{"href":"https:\/\/groupecaille.com\/index.php\/wp-json\/wp\/v2\/types\/page"}],"author":[{"embeddable":true,"href":"https:\/\/groupecaille.com\/index.php\/wp-json\/wp\/v2\/users\/15"}],"replies":[{"embeddable":true,"href":"https:\/\/groupecaille.com\/index.php\/wp-json\/wp\/v2\/comments?post=7187"}],"version-history":[{"count":3,"href":"https:\/\/groupecaille.com\/index.php\/wp-json\/wp\/v2\/pages\/7187\/revisions"}],"predecessor-version":[{"id":7193,"href":"https:\/\/groupecaille.com\/index.php\/wp-json\/wp\/v2\/pages\/7187\/revisions\/7193"}],"wp:attachment":[{"href":"https:\/\/groupecaille.com\/index.php\/wp-json\/wp\/v2\/media?parent=7187"}],"curies":[{"name":"wp","href":"https:\/\/api.w.org\/{rel}","templated":true}]}}

Villa Fleurié ouvre ses portes

<p>[et_pb_section fb_built= »1&Prime; _builder_version= »4.16&Prime; _module_preset= »default » custom_padding= »0px||0px||| » global_colors_info= »{} » theme_builder_area= »post_content »][et_pb_row _builder_version= »4.16&Prime; _module_preset= »default » background_enable_image= »off » background_size= »contain » background_position= »top_center » width= »100% » custom_margin= »|auto|13px|auto|| » custom_padding= »0px||0px||| » global_colors_info= »{} » theme_builder_area= »post_content »][et_pb_column type= »4_4&Prime; _builder_version= »4.16&Prime; _module_preset= »default » global_colors_info= »{} » theme_builder_area= »post_content »][et_pb_image src= »https://groupecaille.com/wp-content/uploads/2020/12/actuv2.jpg » title_text= »actuv2&Prime; _builder_version= »4.16&Prime; _module_preset= »default » global_colors_info= »{} » theme_builder_area= »post_content »][/et_pb_image][/et_pb_column][/et_pb_row][/et_pb_section][et_pb_section fb_built= »1&Prime; _builder_version= »4.16&Prime; _module_preset= »default » custom_padding= »0px||||| » global_colors_info= »{} » theme_builder_area= »post_content »][et_pb_row _builder_version= »4.16&Prime; _module_preset= »default » global_colors_info= »{} » theme_builder_area= »post_content »][et_pb_column type= »4_4&Prime; _builder_version= »4.16&Prime; _module_preset= »default » global_colors_info= »{} » theme_builder_area= »post_content »][et_pb_text _builder_version= »4.16&Prime; _module_preset= »default » text_font= »|||on||||| » text_font_size= »100px » header_font_size= »35px » text_orientation= »center » global_colors_info= »{} » theme_builder_area= »post_content »]</p>
<div class="page" title="Page 6">
<div class="layoutArea">
<div class="column">
<h1 style="text-align: left;">Un nouveau lieu pour vos séminaires,<br /><strong>Villa Fleurié ouvre ses portes !</strong></h1>
</div>
</div>
</div>
<p>[/et_pb_text][/et_pb_column][/et_pb_row][et_pb_row _builder_version= »4.16&Prime; _module_preset= »default » global_colors_info= »{} » theme_builder_area= »post_content »][et_pb_column type= »4_4&Prime; _builder_version= »4.16&Prime; _module_preset= »default » global_colors_info= »{} » theme_builder_area= »post_content »][et_pb_text _builder_version= »4.17.4&Prime; _module_preset= »default » hover_enabled= »0&Prime; global_colors_info= »{} » theme_builder_area= »post_content » sticky_enabled= »0&Prime;]</p>
<p style="font-weight: 400;">Le 10 juin, le Groupe Caillé inauguré Villa Fleurié. L’aboutissement de ce projet s’inscrit dans une démarche sociétale et environnementale. Cet établissement, offre à l’excellence réunionnaise un formidable écrin de promotion.</p>
<p style="font-weight: 400;">Nichée dans un écrin de verdure sur les hauteurs de Bellepierre, Villa Fleurié est un lieu unique à quelques minutes seulement du centre-ville.</p>
<p style="font-weight: 400;">Elle a pour vocation première d’offrir aux entreprises et aux collectivités locales 4 salles de séminaires haut de gamme dotées du meilleur de la technologie dans un environnement naturel propice à la réflexion.</p>
<p style="font-weight: 400;">Un restaurant panoramique complète l’offre avec une cuisine contemporaine aux saveurs locales créée par un chef réunionnais Ludovic Amédée.</p>
<p style="font-weight: 400;">Une palette de services exclusifs vient légitimer le positionnement qualitatif: le bar lounge et sa très belle cave à vins, la bibliothèque proposant des oeuvres littéraires réunionnaises, les petits-déjeuners professionnels, les brunchs hebdomadaires en extérieur, les événements privatifs, des expositions.</p>
<p style="font-weight: 400;">Pour tout renseignements supplémentaires vous pouvez vous rendre sur le site : <a href="villafleurie.re">villafleurie.re</a></p>
<p style="font-weight: 400;">Découvrez Villa Fleurié en vidéo !</p>
<p>[/et_pb_text][/et_pb_column][/et_pb_row][et_pb_row _builder_version= »4.16&Prime; _module_preset= »default » global_colors_info= »{} » theme_builder_area= »post_content »][et_pb_column type= »4_4&Prime; _builder_version= »4.16&Prime; _module_preset= »default » global_colors_info= »{} » theme_builder_area= »post_content »][et_pb_video src= »https://groupecaille.com/wp-content/uploads/2022/06/SOIREE-INAUGURALE.mp4&Prime; thumbnail_overlay_color= »rgba(0,0,0,0.6) » _builder_version= »4.17.4&Prime; _module_preset= »default » hover_enabled= »0&Prime; global_colors_info= »{} » theme_builder_area= »post_content » title_text= »SOIREE-INAUGURALE » sticky_enabled= »0&Prime;][/et_pb_video][/et_pb_column][/et_pb_row][et_pb_row _builder_version= »4.16&Prime; _module_preset= »default » global_colors_info= »{} » theme_builder_area= »post_content »][et_pb_column type= »4_4&Prime; _builder_version= »4.16&Prime; _module_preset= »default » global_colors_info= »{} » theme_builder_area= »post_content »][et_pb_button button_url= »@ET-DC@eyJkeW5hbWljIjp0cnVlLCJjb250ZW50IjoicG9zdF9saW5rX3VybF9wYWdlIiwic2V0dGluZ3MiOnsicG9zdF9pZCI6IjEyMjcifX0=@ » button_text= »RETOUR AUX ACTUALITÉS » button_alignment= »left » _builder_version= »4.16&Prime; _dynamic_attributes= »button_url » _module_preset= »default » custom_button= »on » button_text_size= »15px » button_text_color= »#ffffff » button_bg_color= »#707070&Prime; button_border_color= »rgba(0,0,0,0) » button_border_radius= »0px » button_font= »|700||||||| » button_icon= »&#x23;||divi||400&Prime; button_icon_placement= »left » global_colors_info= »{} » theme_builder_area= »post_content »][/et_pb_button][/et_pb_column][/et_pb_row][/et_pb_section]</p>

<p>Un nouveau lieu pour vos séminaires,Villa Fleurié ouvre ses portes ! Le 10 juin, le Groupe Caillé inauguré Villa Fleurié. L’aboutissement de ce projet s’inscrit dans une démarche sociétale et environnementale. Cet établissement, offre à l’excellence réunionnaise un formidable écrin de promotion. Nichée dans un écrin de verdure sur les hauteurs de Bellepierre, Villa Fleurié [&hellip;]</p>
