{"id":6886,"date":"2022-03-16T15:49:03","date_gmt":"2022-03-16T11:49:03","guid":{"rendered":"https:\/\/groupecaille.com\/?page_id=6886"},"modified":"2022-03-16T15:49:03","modified_gmt":"2022-03-16T11:49:03","slug":"promocash-recrute-un-e-preparateur-h-f","status":"publish","type":"page","link":"https:\/\/groupecaille.com\/index.php\/promocash-recrute-un-e-preparateur-h-f\/","title":{"rendered":"PROMOCASH RECRUTE UN.E PREPARATEUR (H\/F)"},"content":{"rendered":"<p>[et_pb_section fb_built=\u00a0\u00bb1&Prime; _builder_version=\u00a0\u00bb4.6.1&Prime; _module_preset=\u00a0\u00bbdefault\u00a0\u00bb][et_pb_row _builder_version=\u00a0\u00bb4.6.1&Prime; _module_preset=\u00a0\u00bbdefault\u00a0\u00bb background_color=\u00a0\u00bb#a4326b\u00a0\u00bb][et_pb_column type=\u00a0\u00bb4_4&Prime; _builder_version=\u00a0\u00bb4.6.1&Prime; _module_preset=\u00a0\u00bbdefault\u00a0\u00bb][et_pb_text _builder_version=\u00a0\u00bb4.6.1&Prime; _module_preset=\u00a0\u00bbdefault\u00a0\u00bb header_text_align=\u00a0\u00bbcenter\u00a0\u00bb header_text_color=\u00a0\u00bb#ffffff\u00a0\u00bb hover_enabled=\u00a0\u00bb0&Prime; sticky_enabled=\u00a0\u00bb0&Prime;]<\/p>\n<div class=\"page\" title=\"Page 1\">\n<div class=\"section\">\n<div class=\"layoutArea\">\n<div class=\"column\">\n<h1 style=\"text-align: center;\"><strong>PROMOCASH RECRUTE UN.E PREPARATEUR (H\/F)<\/strong><\/h1>\n<\/div>\n<\/div>\n<\/div>\n<\/div>\n<p>[\/et_pb_text][\/et_pb_column][\/et_pb_row][et_pb_row _builder_version=\u00a0\u00bb4.6.1&Prime; _module_preset=\u00a0\u00bbdefault\u00a0\u00bb][et_pb_column type=\u00a0\u00bb4_4&Prime; _builder_version=\u00a0\u00bb4.6.1&Prime; _module_preset=\u00a0\u00bbdefault\u00a0\u00bb][et_pb_text _builder_version=\u00a0\u00bb4.6.1&Prime; _module_preset=\u00a0\u00bbdefault\u00a0\u00bb hover_enabled=\u00a0\u00bb0&Prime; sticky_enabled=\u00a0\u00bb0&Prime;]<\/p>\n<div class=\"page\" title=\"Page 1\">\n<div class=\"section\">\n<div class=\"layoutArea\">\n<div class=\"column\">\n<p style=\"text-align: center;\"><strong>La branche distribution du Groupe CAILLE recherche pour son entit\u00e9 Cash@pro un pr\u00e9parateur. Participe \u00e0 la logistique de l\u2019entreprise en assurant la mise \u00e0 disposition des marchandises command\u00e9es par les clients. Est amen\u00e9 \u00e0 r\u00e9aliser des activit\u00e9s de cariste et de r\u00e9ception de marchandises<\/strong><\/p>\n<\/div>\n<\/div>\n<\/div>\n<\/div>\n<p>[\/et_pb_text][\/et_pb_column][\/et_pb_row][et_pb_row column_structure=\u00a0\u00bb1_4,3_4&Prime; _builder_version=\u00a0\u00bb4.6.1&Prime; _module_preset=\u00a0\u00bbdefault\u00a0\u00bb][et_pb_column type=\u00a0\u00bb1_4&Prime; _builder_version=\u00a0\u00bb4.6.1&Prime; _module_preset=\u00a0\u00bbdefault\u00a0\u00bb][et_pb_text _builder_version=\u00a0\u00bb4.6.1&Prime; _module_preset=\u00a0\u00bbdefault\u00a0\u00bb text_font=\u00a0\u00bb|300||on|||||\u00a0\u00bb text_text_color=\u00a0\u00bb#ffffff\u00a0\u00bb header_text_color=\u00a0\u00bb#ffffff\u00a0\u00bb background_color=\u00a0\u00bb#6b6b6b\u00a0\u00bb text_orientation=\u00a0\u00bbcenter\u00a0\u00bb background_layout=\u00a0\u00bbdark\u00a0\u00bb module_alignment=\u00a0\u00bbcenter\u00a0\u00bb custom_padding=\u00a0\u00bb8px||0px||false|false\u00a0\u00bb]<\/p>\n<h3 style=\"text-align: center;\"><strong>FONCTION<\/strong><\/h3>\n<p>[\/et_pb_text][\/et_pb_column][et_pb_column type=\u00a0\u00bb3_4&Prime; _builder_version=\u00a0\u00bb4.6.1&Prime; _module_preset=\u00a0\u00bbdefault\u00a0\u00bb][et_pb_text _builder_version=\u00a0\u00bb4.6.1&Prime; _module_preset=\u00a0\u00bbdefault\u00a0\u00bb]<\/p>\n<div class=\"page\" title=\"Page 1\">\n<div class=\"section\">\n<div class=\"layoutArea\">\n<div class=\"column\">\n<p><strong>1 \u2013 R\u00e9cup\u00e9ration des bons de commande<\/strong><br \/>\u2022 R\u00e9cup\u00e8re les bons de commandes aupr\u00e8s des responsables de pr\u00e9paration, class\u00e9s par ordre de pr\u00e9paration<br \/>\u2022 Analyse de la commande avant pr\u00e9paration de la commande<\/p>\n<p><strong>2 &#8211; Collecte des marchandises n\u00e9cessaires \u00e0 la commande<\/strong><br \/>\u2022 Rep\u00e8re les marchandises n\u00e9cessaires dans l\u2019entrep\u00f4t<br \/>\u2022 Pr\u00e9l\u00e8ve les marchandises dans la zone de picking<br \/>\u2022 V\u00e9rifie la conformit\u00e9 des marchandises par rapport \u00e0 la commande<\/p>\n<p><strong>3 &#8211; Pr\u00e9paration de la commande<\/strong><br \/>\u2022 Place les marchandises sur le support de pr\u00e9paration (Rolls, palette&#8230;)<br \/>\u2022 Finalise la commande dans le respect des normes de s\u00e9curit\u00e9 et des Process de livraison<br \/>(filmage des palettes, \u00e9tiquetage du destinataire)<br \/>\u2022 Achemine les marchandises sur les quais<br \/>\u2022 Remonte au service administratif, le support de facturation<\/p>\n<p><strong>4 &#8211; V\u00e9rification des niveaux des mat\u00e9riels de manutention<\/strong><br \/>\u2022 Mise en charge et surveillance des niveaux.<br \/>\u2022 Alerte sur les besoins de maintenance et de r\u00e9paration<\/p>\n<p><strong>5 &#8211; Activit\u00e9s compl\u00e9mentaires : cariste et r\u00e9ception de marchandises<\/strong><br \/>\u2022 Veille \u00e0 la tenue des all\u00e9es<br \/>\u2022 Suit la d\u00e9marque et informe sa hi\u00e9rarchie<br \/>\u2022 Participe \u00e0 la r\u00e9ception des marchandises et \u00e0 l\u2019activit\u00e9 de cariste<br \/>\u2022 Participe \u00e0 l\u2019 inventaire annuel<br \/>\u2022 Sur la base du volontariat, peut \u00eatre amen\u00e9 \u00e0 intervenir en renfort dans les magasins<br \/>(mises en rayon, inventaires&#8230;)<br \/>\u2022 Conna\u00eetre et respecter les r\u00e8gles de stockage et de manutention des produits<\/p>\n<\/div>\n<\/div>\n<\/div>\n<\/div>\n<p>[\/et_pb_text][\/et_pb_column][\/et_pb_row][et_pb_row column_structure=\u00a0\u00bb1_4,3_4&Prime; _builder_version=\u00a0\u00bb4.6.1&Prime; _module_preset=\u00a0\u00bbdefault\u00a0\u00bb][et_pb_column type=\u00a0\u00bb1_4&Prime; _builder_version=\u00a0\u00bb4.6.1&Prime; _module_preset=\u00a0\u00bbdefault\u00a0\u00bb][et_pb_text _builder_version=\u00a0\u00bb4.6.1&Prime; _module_preset=\u00a0\u00bbdefault\u00a0\u00bb text_font=\u00a0\u00bb|300||on|||||\u00a0\u00bb text_text_color=\u00a0\u00bb#ffffff\u00a0\u00bb header_text_color=\u00a0\u00bb#ffffff\u00a0\u00bb background_color=\u00a0\u00bb#6b6b6b\u00a0\u00bb text_orientation=\u00a0\u00bbcenter\u00a0\u00bb background_layout=\u00a0\u00bbdark\u00a0\u00bb module_alignment=\u00a0\u00bbcenter\u00a0\u00bb custom_padding=\u00a0\u00bb8px||0px||false|false\u00a0\u00bb]<\/p>\n<h3 style=\"text-align: center;\"><strong>PROFIL<\/strong><\/h3>\n<p>[\/et_pb_text][\/et_pb_column][et_pb_column type=\u00a0\u00bb3_4&Prime; _builder_version=\u00a0\u00bb4.6.1&Prime; _module_preset=\u00a0\u00bbdefault\u00a0\u00bb][et_pb_text _builder_version=\u00a0\u00bb4.6.1&Prime; _module_preset=\u00a0\u00bbdefault\u00a0\u00bb]<\/p>\n<div class=\"page\" title=\"Page 1\">\n<div class=\"section\">\n<div class=\"layoutArea\">\n<div class=\"column\">\n<div class=\"page\" title=\"Page 1\">\n<div class=\"section\">\n<div class=\"layoutArea\">\n<div class=\"column\">\n<div class=\"page\" title=\"Page 1\">\n<div class=\"section\">\n<div class=\"layoutArea\">\n<div class=\"column\">\n<p><span><strong>Savoir-faire attendu<\/strong> <\/span><\/p>\n<p><span>\u2022 Respecte les re\u0300gles de fonctionnement de l\u2019entreprise<br \/> <\/span><span>\u2022 Rigueur et adaptabilite\u0301<br \/> <\/span><span>\u2022 Respecte les re\u0300gles relatives a\u0300 la se\u0301curite\u0301 des biens et des personnes \u2022 Capacite\u0301 a\u0300 travailler en e\u0301quipe <\/span><\/p>\n<p><span><strong>Profil :<\/strong> <\/span><\/p>\n<p><span>\u2022 Expe\u0301rience souhaite\u0301e en pre\u0301paration de commande <\/span><span>\u2022 Bac Pro Logistique <\/span><\/p>\n<\/div>\n<\/div>\n<\/div>\n<\/div>\n<\/div>\n<\/div>\n<\/div>\n<\/div>\n<\/div>\n<\/div>\n<\/div>\n<\/div>\n<p>[\/et_pb_text][\/et_pb_column][\/et_pb_row][et_pb_row _builder_version=\u00a0\u00bb4.6.1&Prime; _module_preset=\u00a0\u00bbdefault\u00a0\u00bb][et_pb_column type=\u00a0\u00bb4_4&Prime; _builder_version=\u00a0\u00bb4.6.1&Prime; _module_preset=\u00a0\u00bbdefault\u00a0\u00bb][et_pb_text _builder_version=\u00a0\u00bb4.6.1&Prime; _module_preset=\u00a0\u00bbdefault\u00a0\u00bb hover_enabled=\u00a0\u00bb0&Prime; sticky_enabled=\u00a0\u00bb0&Prime;]<\/p>\n<div class=\"page\" title=\"Page 1\">\n<div class=\"section\">\n<div class=\"layoutArea\">\n<div class=\"column\">\n<h3 style=\"text-align: center;\"><strong>Contrat \u00e0 dur\u00e9e ind\u00e9termin\u00e9e &#8211; Temps complet : 151,67 heures\/mois<\/strong><\/h3>\n<p style=\"text-align: center;\">Pour toute candidature, merci d\u2019adresser un CV accompagn\u00e9 d\u2019une lettre de motivation manuscrite A l\u2019attention de : Direction des Ressources Humaines\/Laurence LEBON<br \/>10 avenue Th\u00e9odore DROUHET &#8211; ZAC 2000 &#8211; 97 420 Le Port<\/p>\n<p style=\"text-align: center;\"><span style=\"font-size: x-large;\"><strong>Email : recrutement.gd@caille.com<\/strong><\/span><\/p>\n<\/div>\n<\/div>\n<\/div>\n<\/div>\n<p>[\/et_pb_text][\/et_pb_column][\/et_pb_row][et_pb_row _builder_version=\u00a0\u00bb4.6.1&Prime; _module_preset=\u00a0\u00bbdefault\u00a0\u00bb][et_pb_column type=\u00a0\u00bb4_4&Prime; _builder_version=\u00a0\u00bb4.6.1&Prime; _module_preset=\u00a0\u00bbdefault\u00a0\u00bb][et_pb_button button_url=\u00a0\u00bb@ET-DC@eyJkeW5hbWljIjp0cnVlLCJjb250ZW50IjoicG9zdF9saW5rX3VybF9wYWdlIiwic2V0dGluZ3MiOnsicG9zdF9pZCI6IjExMTkifX0=@\u00a0\u00bb button_text=\u00a0\u00bbRETOUR AUX OFFRES\u00a0\u00bb _builder_version=\u00a0\u00bb4.6.1&Prime; _dynamic_attributes=\u00a0\u00bbbutton_url\u00a0\u00bb _module_preset=\u00a0\u00bbdefault\u00a0\u00bb custom_button=\u00a0\u00bbon\u00a0\u00bb button_text_color=\u00a0\u00bb#ffffff\u00a0\u00bb button_bg_color=\u00a0\u00bb#a4326b\u00a0\u00bb button_border_width=\u00a0\u00bb0px\u00a0\u00bb button_icon=\u00a0\u00bb%%19%%\u00a0\u00bb button_icon_placement=\u00a0\u00bbleft\u00a0\u00bb][\/et_pb_button][\/et_pb_column][\/et_pb_row][\/et_pb_section]<\/p>\n","protected":false},"excerpt":{"rendered":"<p>PROMOCASH RECRUTE UN.E PREPARATEUR (H\/F) La branche distribution du Groupe CAILLE recherche pour son entit\u00e9 Cash@pro un pr\u00e9parateur. Participe \u00e0 la logistique de l\u2019entreprise en assurant la mise \u00e0 disposition des marchandises command\u00e9es par les clients. Est amen\u00e9 \u00e0 r\u00e9aliser des activit\u00e9s de cariste et de r\u00e9ception de marchandises FONCTION 1 \u2013 R\u00e9cup\u00e9ration des bons [&hellip;]<\/p>\n","protected":false},"author":15,"featured_media":0,"parent":0,"menu_order":0,"comment_status":"closed","ping_status":"closed","template":"","meta":{"_et_pb_use_builder":"on","_et_pb_old_content":"","_et_gb_content_width":""},"_links":{"self":[{"href":"https:\/\/groupecaille.com\/index.php\/wp-json\/wp\/v2\/pages\/6886"}],"collection":[{"href":"https:\/\/groupecaille.com\/index.php\/wp-json\/wp\/v2\/pages"}],"about":[{"href":"https:\/\/groupecaille.com\/index.php\/wp-json\/wp\/v2\/types\/page"}],"author":[{"embeddable":true,"href":"https:\/\/groupecaille.com\/index.php\/wp-json\/wp\/v2\/users\/15"}],"replies":[{"embeddable":true,"href":"https:\/\/groupecaille.com\/index.php\/wp-json\/wp\/v2\/comments?post=6886"}],"version-history":[{"count":2,"href":"https:\/\/groupecaille.com\/index.php\/wp-json\/wp\/v2\/pages\/6886\/revisions"}],"predecessor-version":[{"id":6892,"href":"https:\/\/groupecaille.com\/index.php\/wp-json\/wp\/v2\/pages\/6886\/revisions\/6892"}],"wp:attachment":[{"href":"https:\/\/groupecaille.com\/index.php\/wp-json\/wp\/v2\/media?parent=6886"}],"curies":[{"name":"wp","href":"https:\/\/api.w.org\/{rel}","templated":true}]}}

<p>[et_pb_section fb_built= »1&Prime; _builder_version= »4.6.1&Prime; _module_preset= »default »][et_pb_row _builder_version= »4.6.1&Prime; _module_preset= »default » background_color= »#a4326b »][et_pb_column type= »4_4&Prime; _builder_version= »4.6.1&Prime; _module_preset= »default »][et_pb_text _builder_version= »4.6.1&Prime; _module_preset= »default » header_text_align= »center » header_text_color= »#ffffff » hover_enabled= »0&Prime; sticky_enabled= »0&Prime;]</p>
<div class="page" title="Page 1">
<div class="section">
<div class="layoutArea">
<div class="column">
<h1 style="text-align: center;"><strong>PROMOCASH RECRUTE UN.E PREPARATEUR (H/F)</strong></h1>
</div>
</div>
</div>
</div>
<p>[/et_pb_text][/et_pb_column][/et_pb_row][et_pb_row _builder_version= »4.6.1&Prime; _module_preset= »default »][et_pb_column type= »4_4&Prime; _builder_version= »4.6.1&Prime; _module_preset= »default »][et_pb_text _builder_version= »4.6.1&Prime; _module_preset= »default » hover_enabled= »0&Prime; sticky_enabled= »0&Prime;]</p>
<div class="page" title="Page 1">
<div class="section">
<div class="layoutArea">
<div class="column">
<p style="text-align: center;"><strong>La branche distribution du Groupe CAILLE recherche pour son entité Cash@pro un préparateur. Participe à la logistique de l’entreprise en assurant la mise à disposition des marchandises commandées par les clients. Est amené à réaliser des activités de cariste et de réception de marchandises</strong></p>
</div>
</div>
</div>
</div>
<p>[/et_pb_text][/et_pb_column][/et_pb_row][et_pb_row column_structure= »1_4,3_4&Prime; _builder_version= »4.6.1&Prime; _module_preset= »default »][et_pb_column type= »1_4&Prime; _builder_version= »4.6.1&Prime; _module_preset= »default »][et_pb_text _builder_version= »4.6.1&Prime; _module_preset= »default » text_font= »|300||on||||| » text_text_color= »#ffffff » header_text_color= »#ffffff » background_color= »#6b6b6b » text_orientation= »center » background_layout= »dark » module_alignment= »center » custom_padding= »8px||0px||false|false »]</p>
<h3 style="text-align: center;"><strong>FONCTION</strong></h3>
<p>[/et_pb_text][/et_pb_column][et_pb_column type= »3_4&Prime; _builder_version= »4.6.1&Prime; _module_preset= »default »][et_pb_text _builder_version= »4.6.1&Prime; _module_preset= »default »]</p>
<div class="page" title="Page 1">
<div class="section">
<div class="layoutArea">
<div class="column">
<p><strong>1 – Récupération des bons de commande</strong><br />• Récupère les bons de commandes auprès des responsables de préparation, classés par ordre de préparation<br />• Analyse de la commande avant préparation de la commande</p>
<p><strong>2 &#8211; Collecte des marchandises nécessaires à la commande</strong><br />• Repère les marchandises nécessaires dans l’entrepôt<br />• Prélève les marchandises dans la zone de picking<br />• Vérifie la conformité des marchandises par rapport à la commande</p>
<p><strong>3 &#8211; Préparation de la commande</strong><br />• Place les marchandises sur le support de préparation (Rolls, palette&#8230;)<br />• Finalise la commande dans le respect des normes de sécurité et des Process de livraison<br />(filmage des palettes, étiquetage du destinataire)<br />• Achemine les marchandises sur les quais<br />• Remonte au service administratif, le support de facturation</p>
<p><strong>4 &#8211; Vérification des niveaux des matériels de manutention</strong><br />• Mise en charge et surveillance des niveaux.<br />• Alerte sur les besoins de maintenance et de réparation</p>
<p><strong>5 &#8211; Activités complémentaires : cariste et réception de marchandises</strong><br />• Veille à la tenue des allées<br />• Suit la démarque et informe sa hiérarchie<br />• Participe à la réception des marchandises et à l’activité de cariste<br />• Participe à l’ inventaire annuel<br />• Sur la base du volontariat, peut être amené à intervenir en renfort dans les magasins<br />(mises en rayon, inventaires&#8230;)<br />• Connaître et respecter les règles de stockage et de manutention des produits</p>
</div>
</div>
</div>
</div>
<p>[/et_pb_text][/et_pb_column][/et_pb_row][et_pb_row column_structure= »1_4,3_4&Prime; _builder_version= »4.6.1&Prime; _module_preset= »default »][et_pb_column type= »1_4&Prime; _builder_version= »4.6.1&Prime; _module_preset= »default »][et_pb_text _builder_version= »4.6.1&Prime; _module_preset= »default » text_font= »|300||on||||| » text_text_color= »#ffffff » header_text_color= »#ffffff » background_color= »#6b6b6b » text_orientation= »center » background_layout= »dark » module_alignment= »center » custom_padding= »8px||0px||false|false »]</p>
<h3 style="text-align: center;"><strong>PROFIL</strong></h3>
<p>[/et_pb_text][/et_pb_column][et_pb_column type= »3_4&Prime; _builder_version= »4.6.1&Prime; _module_preset= »default »][et_pb_text _builder_version= »4.6.1&Prime; _module_preset= »default »]</p>
<div class="page" title="Page 1">
<div class="section">
<div class="layoutArea">
<div class="column">
<div class="page" title="Page 1">
<div class="section">
<div class="layoutArea">
<div class="column">
<div class="page" title="Page 1">
<div class="section">
<div class="layoutArea">
<div class="column">
<p><span><strong>Savoir-faire attendu</strong> </span></p>
<p><span>• Respecte les règles de fonctionnement de l’entreprise<br /> </span><span>• Rigueur et adaptabilité<br /> </span><span>• Respecte les règles relatives à la sécurité des biens et des personnes • Capacité à travailler en équipe </span></p>
<p><span><strong>Profil :</strong> </span></p>
<p><span>• Expérience souhaitée en préparation de commande </span><span>• Bac Pro Logistique </span></p>
</div>
</div>
</div>
</div>
</div>
</div>
</div>
</div>
</div>
</div>
</div>
</div>
<p>[/et_pb_text][/et_pb_column][/et_pb_row][et_pb_row _builder_version= »4.6.1&Prime; _module_preset= »default »][et_pb_column type= »4_4&Prime; _builder_version= »4.6.1&Prime; _module_preset= »default »][et_pb_text _builder_version= »4.6.1&Prime; _module_preset= »default » hover_enabled= »0&Prime; sticky_enabled= »0&Prime;]</p>
<div class="page" title="Page 1">
<div class="section">
<div class="layoutArea">
<div class="column">
<h3 style="text-align: center;"><strong>Contrat à durée indéterminée &#8211; Temps complet : 151,67 heures/mois</strong></h3>
<p style="text-align: center;">Pour toute candidature, merci d’adresser un CV accompagné d’une lettre de motivation manuscrite A l’attention de : Direction des Ressources Humaines/Laurence LEBON<br />10 avenue Théodore DROUHET &#8211; ZAC 2000 &#8211; 97 420 Le Port</p>
<p style="text-align: center;"><span style="font-size: x-large;"><strong>Email : recrutement.gd@caille.com</strong></span></p>
</div>
</div>
</div>
</div>
<p>[/et_pb_text][/et_pb_column][/et_pb_row][et_pb_row _builder_version= »4.6.1&Prime; _module_preset= »default »][et_pb_column type= »4_4&Prime; _builder_version= »4.6.1&Prime; _module_preset= »default »][et_pb_button button_url= »@ET-DC@eyJkeW5hbWljIjp0cnVlLCJjb250ZW50IjoicG9zdF9saW5rX3VybF9wYWdlIiwic2V0dGluZ3MiOnsicG9zdF9pZCI6IjExMTkifX0=@ » button_text= »RETOUR AUX OFFRES » _builder_version= »4.6.1&Prime; _dynamic_attributes= »button_url » _module_preset= »default » custom_button= »on » button_text_color= »#ffffff » button_bg_color= »#a4326b » button_border_width= »0px » button_icon= »%%19%% » button_icon_placement= »left »][/et_pb_button][/et_pb_column][/et_pb_row][/et_pb_section]</p>

<p>PROMOCASH RECRUTE UN.E PREPARATEUR (H/F) La branche distribution du Groupe CAILLE recherche pour son entité Cash@pro un préparateur. Participe à la logistique de l’entreprise en assurant la mise à disposition des marchandises commandées par les clients. Est amené à réaliser des activités de cariste et de réception de marchandises FONCTION 1 – Récupération des bons [&hellip;]</p>
