{"id":6445,"date":"2022-02-18T11:29:04","date_gmt":"2022-02-18T07:29:04","guid":{"rendered":"https:\/\/groupecaille.com\/?page_id=6445"},"modified":"2022-02-18T11:32:24","modified_gmt":"2022-02-18T07:32:24","slug":"ambassadeurs-2022","status":"publish","type":"page","link":"https:\/\/groupecaille.com\/index.php\/ambassadeurs-2022\/","title":{"rendered":"AMBASSADEURS 2022"},"content":{"rendered":"<p>[et_pb_section fb_built=\u00a0\u00bb1&Prime; _builder_version=\u00a0\u00bb4.6.1&Prime; _module_preset=\u00a0\u00bbdefault\u00a0\u00bb custom_padding=\u00a0\u00bb0px||0px|||\u00a0\u00bb][et_pb_row _builder_version=\u00a0\u00bb4.6.1&Prime; _module_preset=\u00a0\u00bbdefault\u00a0\u00bb background_enable_image=\u00a0\u00bboff\u00a0\u00bb background_size=\u00a0\u00bbcontain\u00a0\u00bb background_position=\u00a0\u00bbtop_center\u00a0\u00bb width=\u00a0\u00bb100%\u00a0\u00bb custom_margin=\u00a0\u00bb|auto|13px|auto||\u00a0\u00bb custom_padding=\u00a0\u00bb0px||0px|||\u00a0\u00bb][et_pb_column type=\u00a0\u00bb4_4&Prime; _builder_version=\u00a0\u00bb4.6.1&Prime; _module_preset=\u00a0\u00bbdefault\u00a0\u00bb][et_pb_image src=\u00a0\u00bbhttps:\/\/groupecaille.com\/wp-content\/uploads\/2020\/12\/actuv2.jpg\u00a0\u00bb title_text=\u00a0\u00bbactuv2&Prime; _builder_version=\u00a0\u00bb4.6.1&Prime; _module_preset=\u00a0\u00bbdefault\u00a0\u00bb][\/et_pb_image][\/et_pb_column][\/et_pb_row][\/et_pb_section][et_pb_section fb_built=\u00a0\u00bb1&Prime; _builder_version=\u00a0\u00bb4.6.1&Prime; _module_preset=\u00a0\u00bbdefault\u00a0\u00bb custom_padding=\u00a0\u00bb0px|||||\u00a0\u00bb][et_pb_row _builder_version=\u00a0\u00bb4.6.1&Prime; _module_preset=\u00a0\u00bbdefault\u00a0\u00bb][et_pb_column type=\u00a0\u00bb4_4&Prime; _builder_version=\u00a0\u00bb4.6.1&Prime; _module_preset=\u00a0\u00bbdefault\u00a0\u00bb][et_pb_text _builder_version=\u00a0\u00bb4.6.1&Prime; _module_preset=\u00a0\u00bbdefault\u00a0\u00bb text_font_size=\u00a0\u00bb100px\u00a0\u00bb header_font_size=\u00a0\u00bb35px\u00a0\u00bb text_orientation=\u00a0\u00bbcenter\u00a0\u00bb hover_enabled=\u00a0\u00bb0&Prime; text_font=\u00a0\u00bb|||on|||||\u00a0\u00bb sticky_enabled=\u00a0\u00bb0&Prime;]<\/p>\n<div class=\"page\" title=\"Page 6\">\n<div class=\"layoutArea\">\n<div class=\"column\">\n<h1 style=\"text-align: left;\">Jules Caill\u00e9 Auto, vous d\u00e9voile <b>ses nouveaux ambassadeurs 2022\u00a0!<\/b><\/h1>\n<\/div>\n<\/div>\n<\/div>\n<p>[\/et_pb_text][\/et_pb_column][\/et_pb_row][et_pb_row _builder_version=\u00a0\u00bb4.6.1&Prime; _module_preset=\u00a0\u00bbdefault\u00a0\u00bb custom_padding=\u00a0\u00bb||2px|||\u00a0\u00bb][et_pb_column type=\u00a0\u00bb4_4&Prime; _builder_version=\u00a0\u00bb4.6.1&Prime; _module_preset=\u00a0\u00bbdefault\u00a0\u00bb][et_pb_text _builder_version=\u00a0\u00bb4.6.1&Prime; _module_preset=\u00a0\u00bbdefault\u00a0\u00bb hover_enabled=\u00a0\u00bb0&Prime; sticky_enabled=\u00a0\u00bb0&Prime;]<\/p>\n<p class=\"p1\" style=\"text-align: center;\"><strong>Via notre filiale Jules Caill\u00e9 Auto, nous sommes heureux de vous d\u00e9voiler nos trois ambassadeurs pour nos marques Peugeot et Opel.<\/strong><\/p>\n<p>[\/et_pb_text][\/et_pb_column][\/et_pb_row][et_pb_row _builder_version=\u00a0\u00bb4.6.1&Prime; _module_preset=\u00a0\u00bbdefault\u00a0\u00bb][et_pb_column type=\u00a0\u00bb4_4&Prime; _builder_version=\u00a0\u00bb4.6.1&Prime; _module_preset=\u00a0\u00bbdefault\u00a0\u00bb][et_pb_text _builder_version=\u00a0\u00bb4.6.1&Prime; _module_preset=\u00a0\u00bbdefault\u00a0\u00bb hover_enabled=\u00a0\u00bb0&Prime; sticky_enabled=\u00a0\u00bb0&Prime;]<\/p>\n<ul>\n<li>Alice Lemoigne renouvelle son partenariat avec la marque Peugeot. Vice-championne de longboard 2021, elle continuera \u00e0 repr\u00e9senter la marque Peugeot, \u00e0 bord du e-2008.\n<\/li>\n<li>Sissi Cussot, qui s\u2019est faite remarquer pour son exploit lors du grand raid 2021, sillonnera les routes de l\u2019\u00eele gr\u00e2ce \u00e0 la nouvelle 308.<\/li>\n<li>Jonathan Payet, vid\u00e9o photographe r\u00e9unionnais, prim\u00e9 par le National Geographic en tant que 3<sup>\u00e8me<\/sup> meilleur photographe a\u00e9rien de Nature au rang mondial, est le nouvel ambassadeur de la marque Opel. Au volant du Mokka-e, il se rendra dans les meilleurs spots pour capturer les images.<\/li>\n<\/ul>\n<p>&nbsp;<\/p>\n<p>D\u00e9couvrez-les en vid\u00e9os\u00a0:<\/p>\n<p>[\/et_pb_text][\/et_pb_column][\/et_pb_row][et_pb_row _builder_version=\u00a0\u00bb4.6.1&Prime; _module_preset=\u00a0\u00bbdefault\u00a0\u00bb][et_pb_column type=\u00a0\u00bb4_4&Prime; _builder_version=\u00a0\u00bb4.6.1&Prime; _module_preset=\u00a0\u00bbdefault\u00a0\u00bb][et_pb_video src=\u00a0\u00bbhttps:\/\/groupecaille.com\/wp-content\/uploads\/2022\/02\/ALICE-SURF-2008-720.mp4&Prime; _builder_version=\u00a0\u00bb4.6.1&Prime; _module_preset=\u00a0\u00bbdefault\u00a0\u00bb title_text=\u00a0\u00bbalice\u00a0\u00bb hover_enabled=\u00a0\u00bb0&Prime; sticky_enabled=\u00a0\u00bb0&Prime; thumbnail_overlay_color=\u00a0\u00bbrgba(0,0,0,0.6)\u00a0\u00bb image_src=\u00a0\u00bbhttps:\/\/groupecaille.com\/wp-content\/uploads\/2022\/02\/alice.jpg\u00a0\u00bb][\/et_pb_video][et_pb_video src=\u00a0\u00bbhttps:\/\/groupecaille.com\/wp-content\/uploads\/2022\/02\/SISSI-308-HD.mp4&Prime; _builder_version=\u00a0\u00bb4.6.1&Prime; _module_preset=\u00a0\u00bbdefault\u00a0\u00bb title_text=\u00a0\u00bbsissi\u00a0\u00bb hover_enabled=\u00a0\u00bb0&Prime; sticky_enabled=\u00a0\u00bb0&Prime; thumbnail_overlay_color=\u00a0\u00bbrgba(0,0,0,0.6)\u00a0\u00bb image_src=\u00a0\u00bbhttps:\/\/groupecaille.com\/wp-content\/uploads\/2022\/02\/sissi.jpg\u00a0\u00bb][\/et_pb_video][et_pb_video _builder_version=\u00a0\u00bb4.6.1&Prime; _module_preset=\u00a0\u00bbdefault\u00a0\u00bb hover_enabled=\u00a0\u00bb0&Prime; title_text=\u00a0\u00bbdrone\u00a0\u00bb src=\u00a0\u00bbhttps:\/\/groupecaille.com\/wp-content\/uploads\/2022\/02\/JONATHAN-OPEL-HD.mp4&Prime; sticky_enabled=\u00a0\u00bb0&Prime; thumbnail_overlay_color=\u00a0\u00bbrgba(0,0,0,0.6)\u00a0\u00bb image_src=\u00a0\u00bbhttps:\/\/groupecaille.com\/wp-content\/uploads\/2022\/02\/drone.jpg\u00a0\u00bb][\/et_pb_video][\/et_pb_column][\/et_pb_row][et_pb_row _builder_version=\u00a0\u00bb4.6.1&Prime; _module_preset=\u00a0\u00bbdefault\u00a0\u00bb][et_pb_column type=\u00a0\u00bb4_4&Prime; _builder_version=\u00a0\u00bb4.6.1&Prime; _module_preset=\u00a0\u00bbdefault\u00a0\u00bb][et_pb_button button_url=\u00a0\u00bb@ET-DC@eyJkeW5hbWljIjp0cnVlLCJjb250ZW50IjoicG9zdF9saW5rX3VybF9wYWdlIiwic2V0dGluZ3MiOnsicG9zdF9pZCI6IjEyMjcifX0=@\u00a0\u00bb button_text=\u00a0\u00bbRETOUR AUX ACTUALIT\u00c9S\u00a0\u00bb button_alignment=\u00a0\u00bbleft\u00a0\u00bb _builder_version=\u00a0\u00bb4.6.1&Prime; _dynamic_attributes=\u00a0\u00bbbutton_url\u00a0\u00bb _module_preset=\u00a0\u00bbdefault\u00a0\u00bb custom_button=\u00a0\u00bbon\u00a0\u00bb button_text_size=\u00a0\u00bb15px\u00a0\u00bb button_text_color=\u00a0\u00bb#ffffff\u00a0\u00bb button_bg_color=\u00a0\u00bb#707070&Prime; button_border_color=\u00a0\u00bbrgba(0,0,0,0)\u00a0\u00bb button_border_radius=\u00a0\u00bb0px\u00a0\u00bb button_font=\u00a0\u00bb|700|||||||\u00a0\u00bb button_icon=\u00a0\u00bb%%2%%\u00a0\u00bb button_icon_placement=\u00a0\u00bbleft\u00a0\u00bb][\/et_pb_button][\/et_pb_column][\/et_pb_row][\/et_pb_section]<\/p>\n","protected":false},"excerpt":{"rendered":"<p>Jules Caill\u00e9 Auto, vous d\u00e9voile ses nouveaux ambassadeurs 2022\u00a0! Via notre filiale Jules Caill\u00e9 Auto, nous sommes heureux de vous d\u00e9voiler nos trois ambassadeurs pour nos marques Peugeot et Opel. Alice Lemoigne renouvelle son partenariat avec la marque Peugeot. Vice-championne de longboard 2021, elle continuera \u00e0 repr\u00e9senter la marque Peugeot, \u00e0 bord du e-2008. Sissi [&hellip;]<\/p>\n","protected":false},"author":15,"featured_media":0,"parent":0,"menu_order":0,"comment_status":"closed","ping_status":"closed","template":"","meta":{"_et_pb_use_builder":"on","_et_pb_old_content":"","_et_gb_content_width":""},"_links":{"self":[{"href":"https:\/\/groupecaille.com\/index.php\/wp-json\/wp\/v2\/pages\/6445"}],"collection":[{"href":"https:\/\/groupecaille.com\/index.php\/wp-json\/wp\/v2\/pages"}],"about":[{"href":"https:\/\/groupecaille.com\/index.php\/wp-json\/wp\/v2\/types\/page"}],"author":[{"embeddable":true,"href":"https:\/\/groupecaille.com\/index.php\/wp-json\/wp\/v2\/users\/15"}],"replies":[{"embeddable":true,"href":"https:\/\/groupecaille.com\/index.php\/wp-json\/wp\/v2\/comments?post=6445"}],"version-history":[{"count":3,"href":"https:\/\/groupecaille.com\/index.php\/wp-json\/wp\/v2\/pages\/6445\/revisions"}],"predecessor-version":[{"id":6487,"href":"https:\/\/groupecaille.com\/index.php\/wp-json\/wp\/v2\/pages\/6445\/revisions\/6487"}],"wp:attachment":[{"href":"https:\/\/groupecaille.com\/index.php\/wp-json\/wp\/v2\/media?parent=6445"}],"curies":[{"name":"wp","href":"https:\/\/api.w.org\/{rel}","templated":true}]}}

<p>[et_pb_section fb_built= »1&Prime; _builder_version= »4.6.1&Prime; _module_preset= »default » custom_padding= »0px||0px||| »][et_pb_row _builder_version= »4.6.1&Prime; _module_preset= »default » background_enable_image= »off » background_size= »contain » background_position= »top_center » width= »100% » custom_margin= »|auto|13px|auto|| » custom_padding= »0px||0px||| »][et_pb_column type= »4_4&Prime; _builder_version= »4.6.1&Prime; _module_preset= »default »][et_pb_image src= »https://groupecaille.com/wp-content/uploads/2020/12/actuv2.jpg » title_text= »actuv2&Prime; _builder_version= »4.6.1&Prime; _module_preset= »default »][/et_pb_image][/et_pb_column][/et_pb_row][/et_pb_section][et_pb_section fb_built= »1&Prime; _builder_version= »4.6.1&Prime; _module_preset= »default » custom_padding= »0px||||| »][et_pb_row _builder_version= »4.6.1&Prime; _module_preset= »default »][et_pb_column type= »4_4&Prime; _builder_version= »4.6.1&Prime; _module_preset= »default »][et_pb_text _builder_version= »4.6.1&Prime; _module_preset= »default » text_font_size= »100px » header_font_size= »35px » text_orientation= »center » hover_enabled= »0&Prime; text_font= »|||on||||| » sticky_enabled= »0&Prime;]</p>
<div class="page" title="Page 6">
<div class="layoutArea">
<div class="column">
<h1 style="text-align: left;">Jules Caillé Auto, vous dévoile <b>ses nouveaux ambassadeurs 2022 !</b></h1>
</div>
</div>
</div>
<p>[/et_pb_text][/et_pb_column][/et_pb_row][et_pb_row _builder_version= »4.6.1&Prime; _module_preset= »default » custom_padding= »||2px||| »][et_pb_column type= »4_4&Prime; _builder_version= »4.6.1&Prime; _module_preset= »default »][et_pb_text _builder_version= »4.6.1&Prime; _module_preset= »default » hover_enabled= »0&Prime; sticky_enabled= »0&Prime;]</p>
<p class="p1" style="text-align: center;"><strong>Via notre filiale Jules Caillé Auto, nous sommes heureux de vous dévoiler nos trois ambassadeurs pour nos marques Peugeot et Opel.</strong></p>
<p>[/et_pb_text][/et_pb_column][/et_pb_row][et_pb_row _builder_version= »4.6.1&Prime; _module_preset= »default »][et_pb_column type= »4_4&Prime; _builder_version= »4.6.1&Prime; _module_preset= »default »][et_pb_text _builder_version= »4.6.1&Prime; _module_preset= »default » hover_enabled= »0&Prime; sticky_enabled= »0&Prime;]</p>
<ul>
<li>Alice Lemoigne renouvelle son partenariat avec la marque Peugeot. Vice-championne de longboard 2021, elle continuera à représenter la marque Peugeot, à bord du e-2008.
</li>
<li>Sissi Cussot, qui s’est faite remarquer pour son exploit lors du grand raid 2021, sillonnera les routes de l’île grâce à la nouvelle 308.</li>
<li>Jonathan Payet, vidéo photographe réunionnais, primé par le National Geographic en tant que 3<sup>ème</sup> meilleur photographe aérien de Nature au rang mondial, est le nouvel ambassadeur de la marque Opel. Au volant du Mokka-e, il se rendra dans les meilleurs spots pour capturer les images.</li>
</ul>
<p>&nbsp;</p>
<p>Découvrez-les en vidéos :</p>
<p>[/et_pb_text][/et_pb_column][/et_pb_row][et_pb_row _builder_version= »4.6.1&Prime; _module_preset= »default »][et_pb_column type= »4_4&Prime; _builder_version= »4.6.1&Prime; _module_preset= »default »][et_pb_video src= »https://groupecaille.com/wp-content/uploads/2022/02/ALICE-SURF-2008-720.mp4&Prime; _builder_version= »4.6.1&Prime; _module_preset= »default » title_text= »alice » hover_enabled= »0&Prime; sticky_enabled= »0&Prime; thumbnail_overlay_color= »rgba(0,0,0,0.6) » image_src= »https://groupecaille.com/wp-content/uploads/2022/02/alice.jpg »][/et_pb_video][et_pb_video src= »https://groupecaille.com/wp-content/uploads/2022/02/SISSI-308-HD.mp4&Prime; _builder_version= »4.6.1&Prime; _module_preset= »default » title_text= »sissi » hover_enabled= »0&Prime; sticky_enabled= »0&Prime; thumbnail_overlay_color= »rgba(0,0,0,0.6) » image_src= »https://groupecaille.com/wp-content/uploads/2022/02/sissi.jpg »][/et_pb_video][et_pb_video _builder_version= »4.6.1&Prime; _module_preset= »default » hover_enabled= »0&Prime; title_text= »drone » src= »https://groupecaille.com/wp-content/uploads/2022/02/JONATHAN-OPEL-HD.mp4&Prime; sticky_enabled= »0&Prime; thumbnail_overlay_color= »rgba(0,0,0,0.6) » image_src= »https://groupecaille.com/wp-content/uploads/2022/02/drone.jpg »][/et_pb_video][/et_pb_column][/et_pb_row][et_pb_row _builder_version= »4.6.1&Prime; _module_preset= »default »][et_pb_column type= »4_4&Prime; _builder_version= »4.6.1&Prime; _module_preset= »default »][et_pb_button button_url= »@ET-DC@eyJkeW5hbWljIjp0cnVlLCJjb250ZW50IjoicG9zdF9saW5rX3VybF9wYWdlIiwic2V0dGluZ3MiOnsicG9zdF9pZCI6IjEyMjcifX0=@ » button_text= »RETOUR AUX ACTUALITÉS » button_alignment= »left » _builder_version= »4.6.1&Prime; _dynamic_attributes= »button_url » _module_preset= »default » custom_button= »on » button_text_size= »15px » button_text_color= »#ffffff » button_bg_color= »#707070&Prime; button_border_color= »rgba(0,0,0,0) » button_border_radius= »0px » button_font= »|700||||||| » button_icon= »%%2%% » button_icon_placement= »left »][/et_pb_button][/et_pb_column][/et_pb_row][/et_pb_section]</p>

<p>Jules Caillé Auto, vous dévoile ses nouveaux ambassadeurs 2022 ! Via notre filiale Jules Caillé Auto, nous sommes heureux de vous dévoiler nos trois ambassadeurs pour nos marques Peugeot et Opel. Alice Lemoigne renouvelle son partenariat avec la marque Peugeot. Vice-championne de longboard 2021, elle continuera à représenter la marque Peugeot, à bord du e-2008. Sissi [&hellip;]</p>
