{"id":6014,"date":"2021-09-17T15:18:12","date_gmt":"2021-09-17T11:18:12","guid":{"rendered":"https:\/\/groupecaille.com\/?page_id=6014"},"modified":"2021-09-17T15:18:33","modified_gmt":"2021-09-17T11:18:33","slug":"jca-recrute-mecanicien-automobile-h-f","status":"publish","type":"page","link":"https:\/\/groupecaille.com\/index.php\/jca-recrute-mecanicien-automobile-h-f\/","title":{"rendered":"JCA RECRUTE : MECANICIEN AUTOMOBILE (H\/F)"},"content":{"rendered":"<p>[et_pb_section fb_built=\u00a0\u00bb1&Prime; _builder_version=\u00a0\u00bb4.6.1&Prime; _module_preset=\u00a0\u00bbdefault\u00a0\u00bb][et_pb_row _builder_version=\u00a0\u00bb4.6.1&Prime; _module_preset=\u00a0\u00bbdefault\u00a0\u00bb background_color=\u00a0\u00bb#a4326b\u00a0\u00bb][et_pb_column type=\u00a0\u00bb4_4&Prime; _builder_version=\u00a0\u00bb4.6.1&Prime; _module_preset=\u00a0\u00bbdefault\u00a0\u00bb][et_pb_text _builder_version=\u00a0\u00bb4.6.1&Prime; _module_preset=\u00a0\u00bbdefault\u00a0\u00bb header_text_align=\u00a0\u00bbcenter\u00a0\u00bb header_text_color=\u00a0\u00bb#ffffff\u00a0\u00bb hover_enabled=\u00a0\u00bb0&Prime; sticky_enabled=\u00a0\u00bb0&Prime;]<\/p>\n<div class=\"page\" title=\"Page 1\">\n<div class=\"section\">\n<div class=\"layoutArea\">\n<div class=\"column\">\n<h1 style=\"text-align: center;\">JCA RECRUTE : MECANICIEN AUTOMOBILE (H\/F)<\/h1>\n<\/div>\n<\/div>\n<\/div>\n<\/div>\n<p>[\/et_pb_text][\/et_pb_column][\/et_pb_row][et_pb_row _builder_version=\u00a0\u00bb4.6.1&Prime; _module_preset=\u00a0\u00bbdefault\u00a0\u00bb][et_pb_column type=\u00a0\u00bb4_4&Prime; _builder_version=\u00a0\u00bb4.6.1&Prime; _module_preset=\u00a0\u00bbdefault\u00a0\u00bb][et_pb_text _builder_version=\u00a0\u00bb4.6.1&Prime; _module_preset=\u00a0\u00bbdefault\u00a0\u00bb hover_enabled=\u00a0\u00bb0&Prime; sticky_enabled=\u00a0\u00bb0&Prime;]<\/p>\n<p style=\"text-align: center;\">Rattach\u00e9(e) au Chef d\u2019Equipe Apr\u00e8s-Vente, le\/la m\u00e9canicien(ne) automobile est charg\u00e9(e) de r\u00e9aliser l\u2019ensemble des interventions de maintenance pr\u00e9ventive et corrective des v\u00e9hicules, incluant un diagnostic de 1er niveau de complexit\u00e9, notamment :<\/p>\n<p>[\/et_pb_text][\/et_pb_column][\/et_pb_row][et_pb_row column_structure=\u00a0\u00bb1_4,3_4&Prime; _builder_version=\u00a0\u00bb4.6.1&Prime; _module_preset=\u00a0\u00bbdefault\u00a0\u00bb][et_pb_column type=\u00a0\u00bb1_4&Prime; _builder_version=\u00a0\u00bb4.6.1&Prime; _module_preset=\u00a0\u00bbdefault\u00a0\u00bb][et_pb_text _builder_version=\u00a0\u00bb4.6.1&Prime; _module_preset=\u00a0\u00bbdefault\u00a0\u00bb text_font=\u00a0\u00bb|300||on|||||\u00a0\u00bb text_text_color=\u00a0\u00bb#ffffff\u00a0\u00bb header_text_color=\u00a0\u00bb#ffffff\u00a0\u00bb background_color=\u00a0\u00bb#6b6b6b\u00a0\u00bb text_orientation=\u00a0\u00bbcenter\u00a0\u00bb background_layout=\u00a0\u00bbdark\u00a0\u00bb module_alignment=\u00a0\u00bbcenter\u00a0\u00bb custom_padding=\u00a0\u00bb8px||0px||false|false\u00a0\u00bb]<\/p>\n<h3 style=\"text-align: center;\"><strong>FONCTION<\/strong><\/h3>\n<p>[\/et_pb_text][\/et_pb_column][et_pb_column type=\u00a0\u00bb3_4&Prime; _builder_version=\u00a0\u00bb4.6.1&Prime; _module_preset=\u00a0\u00bbdefault\u00a0\u00bb][et_pb_text _builder_version=\u00a0\u00bb4.6.1&Prime; _module_preset=\u00a0\u00bbdefault\u00a0\u00bb hover_enabled=\u00a0\u00bb0&Prime; sticky_enabled=\u00a0\u00bb0&Prime;]<\/p>\n<p class=\"p1\">\u2022 R\u00e9alisation de l\u2019ensemble des interventions de maintenance pr\u00e9ventive et corrective relevant<\/p>\n<p class=\"p1\">de l\u2019entretien courant et\/ou p\u00e9riodique des v\u00e9hicules<\/p>\n<p class=\"p1\">\u2022 Pose d\u2019accessoires sur v\u00e9hicules<\/p>\n<p class=\"p1\">\u2022 Utilisation de la documentation technique<\/p>\n<p class=\"p1\">\u2022 Agencement et entretien du poste de travail \/ de l\u2019outillage<\/p>\n<p class=\"p1\">\u2022 Application des proc\u00e9dures qualit\u00e9 en vigueur dans l\u2019entreprise<\/p>\n<p class=\"p1\">\u2022 \u00c9tablissement de tout document d\u2019atelier utile<\/p>\n<p class=\"p1\">\u2022 Conseils techniques et d\u2019utilisation aupr\u00e8s de la client\u00e8le<\/p>\n<p>[\/et_pb_text][\/et_pb_column][\/et_pb_row][et_pb_row column_structure=\u00a0\u00bb1_4,3_4&Prime; _builder_version=\u00a0\u00bb4.6.1&Prime; _module_preset=\u00a0\u00bbdefault\u00a0\u00bb][et_pb_column type=\u00a0\u00bb1_4&Prime; _builder_version=\u00a0\u00bb4.6.1&Prime; _module_preset=\u00a0\u00bbdefault\u00a0\u00bb][et_pb_text _builder_version=\u00a0\u00bb4.6.1&Prime; _module_preset=\u00a0\u00bbdefault\u00a0\u00bb text_font=\u00a0\u00bb|300||on|||||\u00a0\u00bb text_text_color=\u00a0\u00bb#ffffff\u00a0\u00bb header_text_color=\u00a0\u00bb#ffffff\u00a0\u00bb background_color=\u00a0\u00bb#6b6b6b\u00a0\u00bb text_orientation=\u00a0\u00bbcenter\u00a0\u00bb background_layout=\u00a0\u00bbdark\u00a0\u00bb module_alignment=\u00a0\u00bbcenter\u00a0\u00bb custom_padding=\u00a0\u00bb8px||0px||false|false\u00a0\u00bb]<\/p>\n<h3 style=\"text-align: center;\"><strong>PROFIL<\/strong><\/h3>\n<p>[\/et_pb_text][\/et_pb_column][et_pb_column type=\u00a0\u00bb3_4&Prime; _builder_version=\u00a0\u00bb4.6.1&Prime; _module_preset=\u00a0\u00bbdefault\u00a0\u00bb][et_pb_text _builder_version=\u00a0\u00bb4.6.1&Prime; _module_preset=\u00a0\u00bbdefault\u00a0\u00bb hover_enabled=\u00a0\u00bb0&Prime; sticky_enabled=\u00a0\u00bb0&Prime;]<\/p>\n<p class=\"p1\"><strong>Savoir-faire attendu :<\/strong><\/p>\n<p class=\"p1\">\u2022 Connaissances suffisamment pointues en m\u00e9canique, \u00e9lectricit\u00e9 et \u00e9lectronique automobile,<\/p>\n<p class=\"p1\">pour pouvoir vous adapter aux \u00e9volutions technologiques du secteur.<\/p>\n<p class=\"p1\"><strong>Savoir-\u00eatre attendu :<\/strong><\/p>\n<p class=\"p1\">\u2022 Passionn\u00e9(e) d\u2019automobile, vous \u00eates:<\/p>\n<p class=\"p1\">\u2022 Dou\u00e9(e ) pour l\u2019observation, l\u2019analyse et la r\u00e9flexion<\/p>\n<p class=\"p1\">\u2022 Habile et minutieux dans vos gestes<\/p>\n<p class=\"p1\">\u2022 Rigoureux et m\u00e9thodique dans vos interventions<\/p>\n<p class=\"p1\">\u2022 Vous savez g\u00e9rer votre temps.<\/p>\n<p class=\"p1\"><strong>Profil :<\/strong><\/p>\n<p class=\"p1\">\u2022 Titulaire d\u2019un Baccalaur\u00e9at Professionnel en Maintenance Automobile avec une mention<\/p>\n<p class=\"p1\">compl\u00e9mentaire \u00e9lectricit\u00e9 &#8211; \u00e9lectronique<\/p>\n<p class=\"p1\">\u2022 et\/ou d\u2019un BTS M\u00e9canique Apr\u00e8s-Vente.<\/p>\n<p>[\/et_pb_text][\/et_pb_column][\/et_pb_row][et_pb_row _builder_version=\u00a0\u00bb4.6.1&Prime; _module_preset=\u00a0\u00bbdefault\u00a0\u00bb][et_pb_column type=\u00a0\u00bb4_4&Prime; _builder_version=\u00a0\u00bb4.6.1&Prime; _module_preset=\u00a0\u00bbdefault\u00a0\u00bb][et_pb_text _builder_version=\u00a0\u00bb4.6.1&Prime; _module_preset=\u00a0\u00bbdefault\u00a0\u00bb hover_enabled=\u00a0\u00bb0&Prime; sticky_enabled=\u00a0\u00bb0&Prime;]<\/p>\n<div class=\"page\" title=\"Page 1\">\n<div class=\"section\">\n<div class=\"layoutArea\">\n<div class=\"column\">\n<h3 style=\"text-align: center;\"><strong>Contrat \u00e0 dur\u00e9e ind\u00e9termin\u00e9e &#8211; Temps complet : 151,67 heures \/ mois<\/strong><\/h3>\n<p><strong><\/strong><\/p>\n<p style=\"text-align: center;\">Pour toute candidature, merci d\u2019adresser un CV accompagn\u00e9 d\u2019une lettre de motivation manuscrite \u00e0 l\u2019attention de Direction des Ressources Humaines &#8211; 31,rue Jules Verne &#8211; Z.I n\u00b02 &#8211; 97 420 LE PORT<\/p>\n<p style=\"text-align: center;\"><strong>Email : recrutement.auto@caille.com<\/strong><\/p>\n<\/div>\n<\/div>\n<\/div>\n<\/div>\n<p>[\/et_pb_text][\/et_pb_column][\/et_pb_row][et_pb_row _builder_version=\u00a0\u00bb4.6.1&Prime; _module_preset=\u00a0\u00bbdefault\u00a0\u00bb][et_pb_column type=\u00a0\u00bb4_4&Prime; _builder_version=\u00a0\u00bb4.6.1&Prime; _module_preset=\u00a0\u00bbdefault\u00a0\u00bb][et_pb_button button_url=\u00a0\u00bb@ET-DC@eyJkeW5hbWljIjp0cnVlLCJjb250ZW50IjoicG9zdF9saW5rX3VybF9wYWdlIiwic2V0dGluZ3MiOnsicG9zdF9pZCI6IjExMTkifX0=@\u00a0\u00bb button_text=\u00a0\u00bbRETOUR AUX OFFRES\u00a0\u00bb _builder_version=\u00a0\u00bb4.6.1&Prime; _dynamic_attributes=\u00a0\u00bbbutton_url\u00a0\u00bb _module_preset=\u00a0\u00bbdefault\u00a0\u00bb custom_button=\u00a0\u00bbon\u00a0\u00bb button_text_color=\u00a0\u00bb#ffffff\u00a0\u00bb button_bg_color=\u00a0\u00bb#a4326b\u00a0\u00bb button_border_width=\u00a0\u00bb0px\u00a0\u00bb button_icon=\u00a0\u00bb%%19%%\u00a0\u00bb button_icon_placement=\u00a0\u00bbleft\u00a0\u00bb][\/et_pb_button][\/et_pb_column][\/et_pb_row][\/et_pb_section]<\/p>\n","protected":false},"excerpt":{"rendered":"<p>JCA RECRUTE : MECANICIEN AUTOMOBILE (H\/F) Rattach\u00e9(e) au Chef d\u2019Equipe Apr\u00e8s-Vente, le\/la m\u00e9canicien(ne) automobile est charg\u00e9(e) de r\u00e9aliser l\u2019ensemble des interventions de maintenance pr\u00e9ventive et corrective des v\u00e9hicules, incluant un diagnostic de 1er niveau de complexit\u00e9, notamment : FONCTION\u2022 R\u00e9alisation de l\u2019ensemble des interventions de maintenance pr\u00e9ventive et corrective relevant de l\u2019entretien courant et\/ou p\u00e9riodique [&hellip;]<\/p>\n","protected":false},"author":21,"featured_media":0,"parent":0,"menu_order":0,"comment_status":"closed","ping_status":"closed","template":"","meta":{"_et_pb_use_builder":"on","_et_pb_old_content":"","_et_gb_content_width":""},"_links":{"self":[{"href":"https:\/\/groupecaille.com\/index.php\/wp-json\/wp\/v2\/pages\/6014"}],"collection":[{"href":"https:\/\/groupecaille.com\/index.php\/wp-json\/wp\/v2\/pages"}],"about":[{"href":"https:\/\/groupecaille.com\/index.php\/wp-json\/wp\/v2\/types\/page"}],"author":[{"embeddable":true,"href":"https:\/\/groupecaille.com\/index.php\/wp-json\/wp\/v2\/users\/21"}],"replies":[{"embeddable":true,"href":"https:\/\/groupecaille.com\/index.php\/wp-json\/wp\/v2\/comments?post=6014"}],"version-history":[{"count":2,"href":"https:\/\/groupecaille.com\/index.php\/wp-json\/wp\/v2\/pages\/6014\/revisions"}],"predecessor-version":[{"id":6020,"href":"https:\/\/groupecaille.com\/index.php\/wp-json\/wp\/v2\/pages\/6014\/revisions\/6020"}],"wp:attachment":[{"href":"https:\/\/groupecaille.com\/index.php\/wp-json\/wp\/v2\/media?parent=6014"}],"curies":[{"name":"wp","href":"https:\/\/api.w.org\/{rel}","templated":true}]}}

<p>[et_pb_section fb_built= »1&Prime; _builder_version= »4.6.1&Prime; _module_preset= »default »][et_pb_row _builder_version= »4.6.1&Prime; _module_preset= »default » background_color= »#a4326b »][et_pb_column type= »4_4&Prime; _builder_version= »4.6.1&Prime; _module_preset= »default »][et_pb_text _builder_version= »4.6.1&Prime; _module_preset= »default » header_text_align= »center » header_text_color= »#ffffff » hover_enabled= »0&Prime; sticky_enabled= »0&Prime;]</p>
<div class="page" title="Page 1">
<div class="section">
<div class="layoutArea">
<div class="column">
<h1 style="text-align: center;">JCA RECRUTE : MECANICIEN AUTOMOBILE (H/F)</h1>
</div>
</div>
</div>
</div>
<p>[/et_pb_text][/et_pb_column][/et_pb_row][et_pb_row _builder_version= »4.6.1&Prime; _module_preset= »default »][et_pb_column type= »4_4&Prime; _builder_version= »4.6.1&Prime; _module_preset= »default »][et_pb_text _builder_version= »4.6.1&Prime; _module_preset= »default » hover_enabled= »0&Prime; sticky_enabled= »0&Prime;]</p>
<p style="text-align: center;">Rattaché(e) au Chef d’Equipe Après-Vente, le/la mécanicien(ne) automobile est chargé(e) de réaliser l’ensemble des interventions de maintenance préventive et corrective des véhicules, incluant un diagnostic de 1er niveau de complexité, notamment :</p>
<p>[/et_pb_text][/et_pb_column][/et_pb_row][et_pb_row column_structure= »1_4,3_4&Prime; _builder_version= »4.6.1&Prime; _module_preset= »default »][et_pb_column type= »1_4&Prime; _builder_version= »4.6.1&Prime; _module_preset= »default »][et_pb_text _builder_version= »4.6.1&Prime; _module_preset= »default » text_font= »|300||on||||| » text_text_color= »#ffffff » header_text_color= »#ffffff » background_color= »#6b6b6b » text_orientation= »center » background_layout= »dark » module_alignment= »center » custom_padding= »8px||0px||false|false »]</p>
<h3 style="text-align: center;"><strong>FONCTION</strong></h3>
<p>[/et_pb_text][/et_pb_column][et_pb_column type= »3_4&Prime; _builder_version= »4.6.1&Prime; _module_preset= »default »][et_pb_text _builder_version= »4.6.1&Prime; _module_preset= »default » hover_enabled= »0&Prime; sticky_enabled= »0&Prime;]</p>
<p class="p1">• Réalisation de l’ensemble des interventions de maintenance préventive et corrective relevant</p>
<p class="p1">de l’entretien courant et/ou périodique des véhicules</p>
<p class="p1">• Pose d’accessoires sur véhicules</p>
<p class="p1">• Utilisation de la documentation technique</p>
<p class="p1">• Agencement et entretien du poste de travail / de l’outillage</p>
<p class="p1">• Application des procédures qualité en vigueur dans l’entreprise</p>
<p class="p1">• Établissement de tout document d’atelier utile</p>
<p class="p1">• Conseils techniques et d’utilisation auprès de la clientèle</p>
<p>[/et_pb_text][/et_pb_column][/et_pb_row][et_pb_row column_structure= »1_4,3_4&Prime; _builder_version= »4.6.1&Prime; _module_preset= »default »][et_pb_column type= »1_4&Prime; _builder_version= »4.6.1&Prime; _module_preset= »default »][et_pb_text _builder_version= »4.6.1&Prime; _module_preset= »default » text_font= »|300||on||||| » text_text_color= »#ffffff » header_text_color= »#ffffff » background_color= »#6b6b6b » text_orientation= »center » background_layout= »dark » module_alignment= »center » custom_padding= »8px||0px||false|false »]</p>
<h3 style="text-align: center;"><strong>PROFIL</strong></h3>
<p>[/et_pb_text][/et_pb_column][et_pb_column type= »3_4&Prime; _builder_version= »4.6.1&Prime; _module_preset= »default »][et_pb_text _builder_version= »4.6.1&Prime; _module_preset= »default » hover_enabled= »0&Prime; sticky_enabled= »0&Prime;]</p>
<p class="p1"><strong>Savoir-faire attendu :</strong></p>
<p class="p1">• Connaissances suffisamment pointues en mécanique, électricité et électronique automobile,</p>
<p class="p1">pour pouvoir vous adapter aux évolutions technologiques du secteur.</p>
<p class="p1"><strong>Savoir-être attendu :</strong></p>
<p class="p1">• Passionné(e) d’automobile, vous êtes:</p>
<p class="p1">• Doué(e ) pour l’observation, l’analyse et la réflexion</p>
<p class="p1">• Habile et minutieux dans vos gestes</p>
<p class="p1">• Rigoureux et méthodique dans vos interventions</p>
<p class="p1">• Vous savez gérer votre temps.</p>
<p class="p1"><strong>Profil :</strong></p>
<p class="p1">• Titulaire d’un Baccalauréat Professionnel en Maintenance Automobile avec une mention</p>
<p class="p1">complémentaire électricité &#8211; électronique</p>
<p class="p1">• et/ou d’un BTS Mécanique Après-Vente.</p>
<p>[/et_pb_text][/et_pb_column][/et_pb_row][et_pb_row _builder_version= »4.6.1&Prime; _module_preset= »default »][et_pb_column type= »4_4&Prime; _builder_version= »4.6.1&Prime; _module_preset= »default »][et_pb_text _builder_version= »4.6.1&Prime; _module_preset= »default » hover_enabled= »0&Prime; sticky_enabled= »0&Prime;]</p>
<div class="page" title="Page 1">
<div class="section">
<div class="layoutArea">
<div class="column">
<h3 style="text-align: center;"><strong>Contrat à durée indéterminée &#8211; Temps complet : 151,67 heures / mois</strong></h3>
<p><strong></strong></p>
<p style="text-align: center;">Pour toute candidature, merci d’adresser un CV accompagné d’une lettre de motivation manuscrite à l’attention de Direction des Ressources Humaines &#8211; 31,rue Jules Verne &#8211; Z.I n°2 &#8211; 97 420 LE PORT</p>
<p style="text-align: center;"><strong>Email : recrutement.auto@caille.com</strong></p>
</div>
</div>
</div>
</div>
<p>[/et_pb_text][/et_pb_column][/et_pb_row][et_pb_row _builder_version= »4.6.1&Prime; _module_preset= »default »][et_pb_column type= »4_4&Prime; _builder_version= »4.6.1&Prime; _module_preset= »default »][et_pb_button button_url= »@ET-DC@eyJkeW5hbWljIjp0cnVlLCJjb250ZW50IjoicG9zdF9saW5rX3VybF9wYWdlIiwic2V0dGluZ3MiOnsicG9zdF9pZCI6IjExMTkifX0=@ » button_text= »RETOUR AUX OFFRES » _builder_version= »4.6.1&Prime; _dynamic_attributes= »button_url » _module_preset= »default » custom_button= »on » button_text_color= »#ffffff » button_bg_color= »#a4326b » button_border_width= »0px » button_icon= »%%19%% » button_icon_placement= »left »][/et_pb_button][/et_pb_column][/et_pb_row][/et_pb_section]</p>

<p>JCA RECRUTE : MECANICIEN AUTOMOBILE (H/F) Rattaché(e) au Chef d’Equipe Après-Vente, le/la mécanicien(ne) automobile est chargé(e) de réaliser l’ensemble des interventions de maintenance préventive et corrective des véhicules, incluant un diagnostic de 1er niveau de complexité, notamment : FONCTION• Réalisation de l’ensemble des interventions de maintenance préventive et corrective relevant de l’entretien courant et/ou périodique [&hellip;]</p>
